{"id":1984,"date":"2025-09-12T20:27:08","date_gmt":"2025-09-12T23:27:08","guid":{"rendered":"https:\/\/viradasustentavel.org.br\/sao-paulo\/eventos\/a-saudabilidade-do-ar-que-respiramos\/"},"modified":"2025-09-12T20:27:08","modified_gmt":"2025-09-12T23:27:08","slug":"a-saudabilidade-do-ar-que-respiramos","status":"publish","type":"tribe_events","link":"https:\/\/viradasustentavel.org.br\/sao-paulo\/eventos\/a-saudabilidade-do-ar-que-respiramos\/","title":{"rendered":"A saudabilidade do ar que respiramos"},"content":{"rendered":"<p>Em tempos de emerg\u00eancia clim\u00e1tica, falar de qualidade do ar \u00e9 falar diretamente de sa\u00fade p\u00fablica, justi\u00e7a ambiental e futuro sustent\u00e1vel. E, mesmo sendo invis\u00edvel, o ar que respiramos \u00e9 um dos elementos mais impactados e mais negligenciados. Afinal, estamos respirando part\u00edculas, compostos t\u00f3xicos e microrganismos que comprometem nossa sa\u00fade e o equil\u00edbrio ambiental. A polui\u00e7\u00e3o do ar \u00e9 o quarto maior fator de risco para mortes no mundo, segundo a OMS. Ao mesmo tempo, tecnologias limpas, solu\u00e7\u00f5es baseadas na natureza, arquitetura sustent\u00e1vel e sistemas de purifica\u00e7\u00e3o como a radia\u00e7\u00e3o UV-C representam caminhos reais para transformar nossos ambientes e reduzir emiss\u00f5es. Integrar a qualidade do ar aos debates que trazem a sustentabilidade \u00e9 integrar sa\u00fade, ci\u00eancia, tecnologia e justi\u00e7a social. \u00c9 garantir que os espa\u00e7os onde vivemos, trabalhamos, estudamos e cuidamos da nossa sa\u00fade tamb\u00e9m respirem futuro. Ar puro \u00e9 sa\u00fade para todos. \u00c9 um direito humano.<\/p>\n","protected":false},"excerpt":{"rendered":"<p>Em tempos de emerg\u00eancia clim\u00e1tica, falar de qualidade do ar \u00e9 falar diretamente de sa\u00fade p\u00fablica, justi\u00e7a ambiental e futuro sustent\u00e1vel. E, mesmo sendo invis\u00edvel, o ar que respiramos \u00e9 [&hellip;]<\/p>\n","protected":false},"author":2,"featured_media":0,"template":"","meta":{"_tribe_events_status":"","_tribe_events_status_reason":"","footnotes":""},"tags":[23],"tribe_events_cat":[133],"class_list":["post-1984","tribe_events","type-tribe_events","status-publish","hentry","tag-de-4-a-14-anos","tribe_events_cat-palestra","cat_palestra"],"_links":{"self":[{"href":"https:\/\/viradasustentavel.org.br\/sao-paulo\/wp-json\/wp\/v2\/tribe_events\/1984","targetHints":{"allow":["GET"]}}],"collection":[{"href":"https:\/\/viradasustentavel.org.br\/sao-paulo\/wp-json\/wp\/v2\/tribe_events"}],"about":[{"href":"https:\/\/viradasustentavel.org.br\/sao-paulo\/wp-json\/wp\/v2\/types\/tribe_events"}],"author":[{"embeddable":true,"href":"https:\/\/viradasustentavel.org.br\/sao-paulo\/wp-json\/wp\/v2\/users\/2"}],"version-history":[{"count":0,"href":"https:\/\/viradasustentavel.org.br\/sao-paulo\/wp-json\/wp\/v2\/tribe_events\/1984\/revisions"}],"wp:attachment":[{"href":"https:\/\/viradasustentavel.org.br\/sao-paulo\/wp-json\/wp\/v2\/media?parent=1984"}],"wp:term":[{"taxonomy":"post_tag","embeddable":true,"href":"https:\/\/viradasustentavel.org.br\/sao-paulo\/wp-json\/wp\/v2\/tags?post=1984"},{"taxonomy":"tribe_events_cat","embeddable":true,"href":"https:\/\/viradasustentavel.org.br\/sao-paulo\/wp-json\/wp\/v2\/tribe_events_cat?post=1984"}],"curies":[{"name":"wp","href":"https:\/\/api.w.org\/{rel}","templated":true}]}}

<p>Em tempos de emergência climática, falar de qualidade do ar é falar diretamente de saúde pública, justiça ambiental e futuro sustentável. E, mesmo sendo invisível, o ar que respiramos é um dos elementos mais impactados e mais negligenciados. Afinal, estamos respirando partículas, compostos tóxicos e microrganismos que comprometem nossa saúde e o equilíbrio ambiental. A poluição do ar é o quarto maior fator de risco para mortes no mundo, segundo a OMS. Ao mesmo tempo, tecnologias limpas, soluções baseadas na natureza, arquitetura sustentável e sistemas de purificação como a radiação UV-C representam caminhos reais para transformar nossos ambientes e reduzir emissões. Integrar a qualidade do ar aos debates que trazem a sustentabilidade é integrar saúde, ciência, tecnologia e justiça social. É garantir que os espaços onde vivemos, trabalhamos, estudamos e cuidamos da nossa saúde também respirem futuro. Ar puro é saúde para todos. É um direito humano.</p>

<p>Em tempos de emergência climática, falar de qualidade do ar é falar diretamente de saúde pública, justiça ambiental e futuro sustentável. E, mesmo sendo invisível, o ar que respiramos é [&hellip;]</p>
