{"id":2030,"date":"2025-09-12T20:34:44","date_gmt":"2025-09-12T23:34:44","guid":{"rendered":"https:\/\/viradasustentavel.org.br\/sao-paulo\/eventos\/painel-coletivo-rede\/"},"modified":"2025-09-12T20:34:44","modified_gmt":"2025-09-12T23:34:44","slug":"painel-coletivo-rede","status":"publish","type":"tribe_events","link":"https:\/\/viradasustentavel.org.br\/sao-paulo\/eventos\/painel-coletivo-rede\/","title":{"rendered":"PAINEL COLETIVO\/REDE"},"content":{"rendered":"<p>SINOPSE: Sess\u00e3o colaborativa que integra os aprendizados de todos os pain\u00e9is, usando metodologias participativas para cocriar solu\u00e7\u00f5es sist\u00eamicas e fortalecer a rede de sustentabilidade.<br \/>\nVIS\u00c3O GERAL: Facilitado por Lala Deheinzelin, este painel especial transforma participantes em cocriadores, conectando os 5 temas do f\u00f3rum em propostas integradas e estabelecendo compromissos coletivos para a\u00e7\u00e3o.<\/p>\n","protected":false},"excerpt":{"rendered":"<p>SINOPSE: Sess\u00e3o colaborativa que integra os aprendizados de todos os pain\u00e9is, usando metodologias participativas para cocriar solu\u00e7\u00f5es sist\u00eamicas e fortalecer a rede de sustentabilidade. VIS\u00c3O GERAL: Facilitado por Lala Deheinzelin, [&hellip;]<\/p>\n","protected":false},"author":2,"featured_media":0,"template":"","meta":{"_tribe_events_status":"","_tribe_events_status_reason":"","footnotes":""},"tags":[],"tribe_events_cat":[130],"class_list":["post-2030","tribe_events","type-tribe_events","status-publish","hentry","tribe_events_cat-outros","cat_outros"],"_links":{"self":[{"href":"https:\/\/viradasustentavel.org.br\/sao-paulo\/wp-json\/wp\/v2\/tribe_events\/2030","targetHints":{"allow":["GET"]}}],"collection":[{"href":"https:\/\/viradasustentavel.org.br\/sao-paulo\/wp-json\/wp\/v2\/tribe_events"}],"about":[{"href":"https:\/\/viradasustentavel.org.br\/sao-paulo\/wp-json\/wp\/v2\/types\/tribe_events"}],"author":[{"embeddable":true,"href":"https:\/\/viradasustentavel.org.br\/sao-paulo\/wp-json\/wp\/v2\/users\/2"}],"version-history":[{"count":0,"href":"https:\/\/viradasustentavel.org.br\/sao-paulo\/wp-json\/wp\/v2\/tribe_events\/2030\/revisions"}],"wp:attachment":[{"href":"https:\/\/viradasustentavel.org.br\/sao-paulo\/wp-json\/wp\/v2\/media?parent=2030"}],"wp:term":[{"taxonomy":"post_tag","embeddable":true,"href":"https:\/\/viradasustentavel.org.br\/sao-paulo\/wp-json\/wp\/v2\/tags?post=2030"},{"taxonomy":"tribe_events_cat","embeddable":true,"href":"https:\/\/viradasustentavel.org.br\/sao-paulo\/wp-json\/wp\/v2\/tribe_events_cat?post=2030"}],"curies":[{"name":"wp","href":"https:\/\/api.w.org\/{rel}","templated":true}]}}

<p>SINOPSE: Sessão colaborativa que integra os aprendizados de todos os painéis, usando metodologias participativas para cocriar soluções sistêmicas e fortalecer a rede de sustentabilidade.<br />
VISÃO GERAL: Facilitado por Lala Deheinzelin, este painel especial transforma participantes em cocriadores, conectando os 5 temas do fórum em propostas integradas e estabelecendo compromissos coletivos para ação.</p>

<p>SINOPSE: Sessão colaborativa que integra os aprendizados de todos os painéis, usando metodologias participativas para cocriar soluções sistêmicas e fortalecer a rede de sustentabilidade. VISÃO GERAL: Facilitado por Lala Deheinzelin, [&hellip;]</p>
