{"id":2033,"date":"2025-09-12T20:35:24","date_gmt":"2025-09-12T23:35:24","guid":{"rendered":"https:\/\/viradasustentavel.org.br\/sao-paulo\/eventos\/politicas-publicas-de-centros-de-ea-resultantes-da-cooperacao-entre-as-tres-esferas-de-governo-sociedade-civil-e-ies\/"},"modified":"2025-09-17T04:13:12","modified_gmt":"2025-09-17T07:13:12","slug":"politicas-publicas-de-centros-de-ea-resultantes-da-cooperacao-entre-as-tres-esferas-de-governo-sociedade-civil-e-ies","status":"publish","type":"tribe_events","link":"https:\/\/viradasustentavel.org.br\/sao-paulo\/eventos\/politicas-publicas-de-centros-de-ea-resultantes-da-cooperacao-entre-as-tres-esferas-de-governo-sociedade-civil-e-ies\/","title":{"rendered":"Pol\u00edticas P\u00fablicas de Centros de EA resultantes da coopera\u00e7\u00e3o entre as tr\u00eas esferas de governo, sociedade civil e IES."},"content":{"rendered":"<p><strong>PARTICIPANTES:<\/strong><\/p>\n<ul>\n<li>Patr\u00edcia Fernandes<\/li>\n<li>Maria Henriqueta<\/li>\n<li>Rosana Louro Ferreira Silva<\/li>\n<li>Gabriela Chabbouh<\/li>\n<\/ul>\n<p>&nbsp;<\/p>\n<p><strong>LOCAL:<\/strong> Centro Cultural S\u00e3o Paulo &#8211; Espa\u00e7o Miss\u00e3o &#8211; Rua Vergueiro, 1000<\/p>\n","protected":false},"excerpt":{"rendered":"<p>PARTICIPANTES: Patr\u00edcia Fernandes Maria Henriqueta Rosana Louro Ferreira Silva Gabriela Chabbouh &nbsp; LOCAL: Centro Cultural S\u00e3o Paulo &#8211; Espa\u00e7o Miss\u00e3o &#8211; Rua Vergueiro, 1000<\/p>\n","protected":false},"author":2,"featured_media":0,"template":"","meta":{"_tribe_events_status":"","_tribe_events_status_reason":"","footnotes":""},"tags":[28],"tribe_events_cat":[186,122],"class_list":["post-2033","tribe_events","type-tribe_events","status-publish","hentry","tag-livre","tribe_events_cat-forum","tribe_events_cat-talks","cat_forum","cat_talks"],"_links":{"self":[{"href":"https:\/\/viradasustentavel.org.br\/sao-paulo\/wp-json\/wp\/v2\/tribe_events\/2033","targetHints":{"allow":["GET"]}}],"collection":[{"href":"https:\/\/viradasustentavel.org.br\/sao-paulo\/wp-json\/wp\/v2\/tribe_events"}],"about":[{"href":"https:\/\/viradasustentavel.org.br\/sao-paulo\/wp-json\/wp\/v2\/types\/tribe_events"}],"author":[{"embeddable":true,"href":"https:\/\/viradasustentavel.org.br\/sao-paulo\/wp-json\/wp\/v2\/users\/2"}],"version-history":[{"count":2,"href":"https:\/\/viradasustentavel.org.br\/sao-paulo\/wp-json\/wp\/v2\/tribe_events\/2033\/revisions"}],"predecessor-version":[{"id":7948,"href":"https:\/\/viradasustentavel.org.br\/sao-paulo\/wp-json\/wp\/v2\/tribe_events\/2033\/revisions\/7948"}],"wp:attachment":[{"href":"https:\/\/viradasustentavel.org.br\/sao-paulo\/wp-json\/wp\/v2\/media?parent=2033"}],"wp:term":[{"taxonomy":"post_tag","embeddable":true,"href":"https:\/\/viradasustentavel.org.br\/sao-paulo\/wp-json\/wp\/v2\/tags?post=2033"},{"taxonomy":"tribe_events_cat","embeddable":true,"href":"https:\/\/viradasustentavel.org.br\/sao-paulo\/wp-json\/wp\/v2\/tribe_events_cat?post=2033"}],"curies":[{"name":"wp","href":"https:\/\/api.w.org\/{rel}","templated":true}]}}

Políticas Públicas de Centros de EA resultantes da cooperação entre as três esferas de governo, sociedade civil e IES.

<p><strong>PARTICIPANTES:</strong></p>
<ul>
<li>Patrícia Fernandes</li>
<li>Maria Henriqueta</li>
<li>Rosana Louro Ferreira Silva</li>
<li>Gabriela Chabbouh</li>
</ul>
<p>&nbsp;</p>
<p><strong>LOCAL:</strong> Centro Cultural São Paulo &#8211; Espaço Missão &#8211; Rua Vergueiro, 1000</p>

<p>PARTICIPANTES: Patrícia Fernandes Maria Henriqueta Rosana Louro Ferreira Silva Gabriela Chabbouh &nbsp; LOCAL: Centro Cultural São Paulo &#8211; Espaço Missão &#8211; Rua Vergueiro, 1000</p>
