{"id":2037,"date":"2025-09-12T20:35:28","date_gmt":"2025-09-12T23:35:28","guid":{"rendered":"https:\/\/viradasustentavel.org.br\/sao-paulo\/eventos\/mulheres-e-ervas-da-amazonia\/"},"modified":"2025-09-17T04:23:00","modified_gmt":"2025-09-17T07:23:00","slug":"mulheres-e-ervas-da-amazonia","status":"publish","type":"tribe_events","link":"https:\/\/viradasustentavel.org.br\/sao-paulo\/eventos\/mulheres-e-ervas-da-amazonia\/","title":{"rendered":"Mulheres e Ervas da Amaz\u00f4nia"},"content":{"rendered":"<p>O Instituto 5 Elementos em parceria com a Casa do Rio em 2020 desenvolveu encontros com mulheres das comunidades ribeirinhas e ind\u00edgenas da regi\u00e3o do munic\u00edpio de Careiro Castanho na BR319, visando trazer os conhecimentos sobre as plantas medicinais. Nossa Roda de Conversa vai compartilhar esta rica experi\u00eancia das professoras Marta Magalh\u00e3es \u2013 Fitoterapeuta Ayurveda e M\u00f4nica Pilz Borba \u2013 Educadora Ambiental e coordena\u00e7\u00e3o geral do projeto. Como resultado deste processo, o I5E produziu a publica\u00e7\u00e3o Mulheres e as Ervas da Amaz\u00f4nia dispon\u00edvel no site <a href=\"https:\/\/5elementos.org.br\/materiais-educativos\/\">https:\/\/5elementos.org.br\/materiais-educativos\/<\/a> e 10 v\u00eddeos com as receitas em no canal do Youtube <a href=\"https:\/\/www.youtube.com\/playlist?list=PLK-99BQRFLp6Y3B8PkMbz601YHe_TY_jC\">https:\/\/www.youtube.com\/playlist?list=PLK-99BQRFLp6Y3B8PkMbz601YHe_TY_jC<\/a><\/p>\n<p><strong>PARTICIPANTES:<\/strong><\/p>\n<ul>\n<li>Monica Pilz Borba<\/li>\n<\/ul>\n<p>&nbsp;<\/p>\n<p><strong>LOCAL:<\/strong> Centro Cultural S\u00e3o Paulo &#8211; Espa\u00e7o Miss\u00e3o &#8211; Rua Vergueiro, 1000<\/p>\n","protected":false},"excerpt":{"rendered":"<p>O Instituto 5 Elementos em parceria com a Casa do Rio em 2020 desenvolveu encontros com mulheres das comunidades ribeirinhas e ind\u00edgenas da regi\u00e3o do munic\u00edpio de Careiro Castanho na [&hellip;]<\/p>\n","protected":false},"author":2,"featured_media":7691,"template":"","meta":{"_tribe_events_status":"","_tribe_events_status_reason":"","footnotes":""},"tags":[28],"tribe_events_cat":[186,122],"class_list":["post-2037","tribe_events","type-tribe_events","status-publish","has-post-thumbnail","hentry","tag-livre","tribe_events_cat-forum","tribe_events_cat-talks","cat_forum","cat_talks"],"_links":{"self":[{"href":"https:\/\/viradasustentavel.org.br\/sao-paulo\/wp-json\/wp\/v2\/tribe_events\/2037","targetHints":{"allow":["GET"]}}],"collection":[{"href":"https:\/\/viradasustentavel.org.br\/sao-paulo\/wp-json\/wp\/v2\/tribe_events"}],"about":[{"href":"https:\/\/viradasustentavel.org.br\/sao-paulo\/wp-json\/wp\/v2\/types\/tribe_events"}],"author":[{"embeddable":true,"href":"https:\/\/viradasustentavel.org.br\/sao-paulo\/wp-json\/wp\/v2\/users\/2"}],"version-history":[{"count":2,"href":"https:\/\/viradasustentavel.org.br\/sao-paulo\/wp-json\/wp\/v2\/tribe_events\/2037\/revisions"}],"predecessor-version":[{"id":7975,"href":"https:\/\/viradasustentavel.org.br\/sao-paulo\/wp-json\/wp\/v2\/tribe_events\/2037\/revisions\/7975"}],"wp:featuredmedia":[{"embeddable":true,"href":"https:\/\/viradasustentavel.org.br\/sao-paulo\/wp-json\/wp\/v2\/media\/7691"}],"wp:attachment":[{"href":"https:\/\/viradasustentavel.org.br\/sao-paulo\/wp-json\/wp\/v2\/media?parent=2037"}],"wp:term":[{"taxonomy":"post_tag","embeddable":true,"href":"https:\/\/viradasustentavel.org.br\/sao-paulo\/wp-json\/wp\/v2\/tags?post=2037"},{"taxonomy":"tribe_events_cat","embeddable":true,"href":"https:\/\/viradasustentavel.org.br\/sao-paulo\/wp-json\/wp\/v2\/tribe_events_cat?post=2037"}],"curies":[{"name":"wp","href":"https:\/\/api.w.org\/{rel}","templated":true}]}}

Mulheres e Ervas da Amazônia

<p>O Instituto 5 Elementos em parceria com a Casa do Rio em 2020 desenvolveu encontros com mulheres das comunidades ribeirinhas e indígenas da região do município de Careiro Castanho na BR319, visando trazer os conhecimentos sobre as plantas medicinais. Nossa Roda de Conversa vai compartilhar esta rica experiência das professoras Marta Magalhães – Fitoterapeuta Ayurveda e Mônica Pilz Borba – Educadora Ambiental e coordenação geral do projeto. Como resultado deste processo, o I5E produziu a publicação Mulheres e as Ervas da Amazônia disponível no site <a href="https://5elementos.org.br/materiais-educativos/">https://5elementos.org.br/materiais-educativos/</a> e 10 vídeos com as receitas em no canal do Youtube <a href="https://www.youtube.com/playlist?list=PLK-99BQRFLp6Y3B8PkMbz601YHe_TY_jC">https://www.youtube.com/playlist?list=PLK-99BQRFLp6Y3B8PkMbz601YHe_TY_jC</a></p>
<p><strong>PARTICIPANTES:</strong></p>
<ul>
<li>Monica Pilz Borba</li>
</ul>
<p>&nbsp;</p>
<p><strong>LOCAL:</strong> Centro Cultural São Paulo &#8211; Espaço Missão &#8211; Rua Vergueiro, 1000</p>

<p>O Instituto 5 Elementos em parceria com a Casa do Rio em 2020 desenvolveu encontros com mulheres das comunidades ribeirinhas e indígenas da região do município de Careiro Castanho na [&hellip;]</p>
