{"id":2038,"date":"2025-09-12T20:36:43","date_gmt":"2025-09-12T23:36:43","guid":{"rendered":"https:\/\/viradasustentavel.org.br\/sao-paulo\/eventos\/para-comecar-segunda-sem-carne\/"},"modified":"2025-09-17T04:25:02","modified_gmt":"2025-09-17T07:25:02","slug":"para-comecar-segunda-sem-carne","status":"publish","type":"tribe_events","link":"https:\/\/viradasustentavel.org.br\/sao-paulo\/eventos\/para-comecar-segunda-sem-carne\/","title":{"rendered":"Para come\u00e7ar, Segunda Sem Carne"},"content":{"rendered":"<p>A palestra apresenta o programa global que convida pessoas, empresas e institui\u00e7\u00f5es a tirarem a carne do prato pelo menos uma vez por semana. De forma leve e inspiradora, mostra como pequenas mudan\u00e7as na alimenta\u00e7\u00e3o podem gerar grandes impactos positivos para o planeta, para a sa\u00fade e para os animais, incentivando o p\u00fablico a dar o primeiro passo rumo a um futuro mais sustent\u00e1vel.<\/p>\n<p><strong>PARTICIPANTES:<\/strong><\/p>\n<ul>\n<li><span data-sheets-root=\"1\">Alessandra Luglio<\/span><\/li>\n<\/ul>\n<p>&nbsp;<\/p>\n<p><strong>LOCAL:<\/strong> Centro Cultural S\u00e3o Paulo &#8211; Espa\u00e7o Miss\u00e3o &#8211; Rua Vergueiro, 1000<\/p>\n","protected":false},"excerpt":{"rendered":"<p>A palestra apresenta o programa global que convida pessoas, empresas e institui\u00e7\u00f5es a tirarem a carne do prato pelo menos uma vez por semana. De forma leve e inspiradora, mostra [&hellip;]<\/p>\n","protected":false},"author":2,"featured_media":7691,"template":"","meta":{"_tribe_events_status":"","_tribe_events_status_reason":"","footnotes":""},"tags":[28],"tribe_events_cat":[186,122],"class_list":["post-2038","tribe_events","type-tribe_events","status-publish","has-post-thumbnail","hentry","tag-livre","tribe_events_cat-forum","tribe_events_cat-talks","cat_forum","cat_talks"],"_links":{"self":[{"href":"https:\/\/viradasustentavel.org.br\/sao-paulo\/wp-json\/wp\/v2\/tribe_events\/2038","targetHints":{"allow":["GET"]}}],"collection":[{"href":"https:\/\/viradasustentavel.org.br\/sao-paulo\/wp-json\/wp\/v2\/tribe_events"}],"about":[{"href":"https:\/\/viradasustentavel.org.br\/sao-paulo\/wp-json\/wp\/v2\/types\/tribe_events"}],"author":[{"embeddable":true,"href":"https:\/\/viradasustentavel.org.br\/sao-paulo\/wp-json\/wp\/v2\/users\/2"}],"version-history":[{"count":2,"href":"https:\/\/viradasustentavel.org.br\/sao-paulo\/wp-json\/wp\/v2\/tribe_events\/2038\/revisions"}],"predecessor-version":[{"id":7977,"href":"https:\/\/viradasustentavel.org.br\/sao-paulo\/wp-json\/wp\/v2\/tribe_events\/2038\/revisions\/7977"}],"wp:featuredmedia":[{"embeddable":true,"href":"https:\/\/viradasustentavel.org.br\/sao-paulo\/wp-json\/wp\/v2\/media\/7691"}],"wp:attachment":[{"href":"https:\/\/viradasustentavel.org.br\/sao-paulo\/wp-json\/wp\/v2\/media?parent=2038"}],"wp:term":[{"taxonomy":"post_tag","embeddable":true,"href":"https:\/\/viradasustentavel.org.br\/sao-paulo\/wp-json\/wp\/v2\/tags?post=2038"},{"taxonomy":"tribe_events_cat","embeddable":true,"href":"https:\/\/viradasustentavel.org.br\/sao-paulo\/wp-json\/wp\/v2\/tribe_events_cat?post=2038"}],"curies":[{"name":"wp","href":"https:\/\/api.w.org\/{rel}","templated":true}]}}

Para começar, Segunda Sem Carne

<p>A palestra apresenta o programa global que convida pessoas, empresas e instituições a tirarem a carne do prato pelo menos uma vez por semana. De forma leve e inspiradora, mostra como pequenas mudanças na alimentação podem gerar grandes impactos positivos para o planeta, para a saúde e para os animais, incentivando o público a dar o primeiro passo rumo a um futuro mais sustentável.</p>
<p><strong>PARTICIPANTES:</strong></p>
<ul>
<li><span data-sheets-root="1">Alessandra Luglio</span></li>
</ul>
<p>&nbsp;</p>
<p><strong>LOCAL:</strong> Centro Cultural São Paulo &#8211; Espaço Missão &#8211; Rua Vergueiro, 1000</p>

<p>A palestra apresenta o programa global que convida pessoas, empresas e instituições a tirarem a carne do prato pelo menos uma vez por semana. De forma leve e inspiradora, mostra [&hellip;]</p>
