{"id":2039,"date":"2025-09-12T20:36:45","date_gmt":"2025-09-12T23:36:45","guid":{"rendered":"https:\/\/viradasustentavel.org.br\/sao-paulo\/eventos\/desenvolvimento-rural-sustentavel-na-bacia-do-rio-doce\/"},"modified":"2025-09-17T04:26:46","modified_gmt":"2025-09-17T07:26:46","slug":"desenvolvimento-rural-sustentavel-na-bacia-do-rio-doce","status":"publish","type":"tribe_events","link":"https:\/\/viradasustentavel.org.br\/sao-paulo\/eventos\/desenvolvimento-rural-sustentavel-na-bacia-do-rio-doce\/","title":{"rendered":"Desenvolvimento Rural Sustent\u00e1vel na bacia do Rio Doce"},"content":{"rendered":"<p>A experi\u00eancia de trabalho com Desenvolvimento Rural Sustent\u00e1vel na bacia do Rio Doce, uma das regi\u00f5es mais ambientalmente degradadas do Brasil e como a atua\u00e7\u00e3o do Instituto Terra em larga escala com os pequenos e m\u00e9dios produtores rurais tem gerado um impacto socioambiental na regi\u00e3o.<\/p>\n<p><strong>PARTICIPANTES:<\/strong><\/p>\n<ul>\n<li>Mario Constantino<\/li>\n<\/ul>\n<p>&nbsp;<\/p>\n<p><strong>LOCAL:<\/strong> Centro Cultural S\u00e3o Paulo &#8211; Espa\u00e7o Miss\u00e3o &#8211; Rua Vergueiro, 1000<\/p>\n","protected":false},"excerpt":{"rendered":"<p>A experi\u00eancia de trabalho com Desenvolvimento Rural Sustent\u00e1vel na bacia do Rio Doce, uma das regi\u00f5es mais ambientalmente degradadas do Brasil e como a atua\u00e7\u00e3o do Instituto Terra em larga [&hellip;]<\/p>\n","protected":false},"author":2,"featured_media":7691,"template":"","meta":{"_tribe_events_status":"","_tribe_events_status_reason":"","footnotes":""},"tags":[28],"tribe_events_cat":[186,122],"class_list":["post-2039","tribe_events","type-tribe_events","status-publish","has-post-thumbnail","hentry","tag-livre","tribe_events_cat-forum","tribe_events_cat-talks","cat_forum","cat_talks"],"_links":{"self":[{"href":"https:\/\/viradasustentavel.org.br\/sao-paulo\/wp-json\/wp\/v2\/tribe_events\/2039","targetHints":{"allow":["GET"]}}],"collection":[{"href":"https:\/\/viradasustentavel.org.br\/sao-paulo\/wp-json\/wp\/v2\/tribe_events"}],"about":[{"href":"https:\/\/viradasustentavel.org.br\/sao-paulo\/wp-json\/wp\/v2\/types\/tribe_events"}],"author":[{"embeddable":true,"href":"https:\/\/viradasustentavel.org.br\/sao-paulo\/wp-json\/wp\/v2\/users\/2"}],"version-history":[{"count":2,"href":"https:\/\/viradasustentavel.org.br\/sao-paulo\/wp-json\/wp\/v2\/tribe_events\/2039\/revisions"}],"predecessor-version":[{"id":7979,"href":"https:\/\/viradasustentavel.org.br\/sao-paulo\/wp-json\/wp\/v2\/tribe_events\/2039\/revisions\/7979"}],"wp:featuredmedia":[{"embeddable":true,"href":"https:\/\/viradasustentavel.org.br\/sao-paulo\/wp-json\/wp\/v2\/media\/7691"}],"wp:attachment":[{"href":"https:\/\/viradasustentavel.org.br\/sao-paulo\/wp-json\/wp\/v2\/media?parent=2039"}],"wp:term":[{"taxonomy":"post_tag","embeddable":true,"href":"https:\/\/viradasustentavel.org.br\/sao-paulo\/wp-json\/wp\/v2\/tags?post=2039"},{"taxonomy":"tribe_events_cat","embeddable":true,"href":"https:\/\/viradasustentavel.org.br\/sao-paulo\/wp-json\/wp\/v2\/tribe_events_cat?post=2039"}],"curies":[{"name":"wp","href":"https:\/\/api.w.org\/{rel}","templated":true}]}}

Desenvolvimento Rural Sustentável na bacia do Rio Doce

<p>A experiência de trabalho com Desenvolvimento Rural Sustentável na bacia do Rio Doce, uma das regiões mais ambientalmente degradadas do Brasil e como a atuação do Instituto Terra em larga escala com os pequenos e médios produtores rurais tem gerado um impacto socioambiental na região.</p>
<p><strong>PARTICIPANTES:</strong></p>
<ul>
<li>Mario Constantino</li>
</ul>
<p>&nbsp;</p>
<p><strong>LOCAL:</strong> Centro Cultural São Paulo &#8211; Espaço Missão &#8211; Rua Vergueiro, 1000</p>

<p>A experiência de trabalho com Desenvolvimento Rural Sustentável na bacia do Rio Doce, uma das regiões mais ambientalmente degradadas do Brasil e como a atuação do Instituto Terra em larga [&hellip;]</p>
