{"id":2040,"date":"2025-09-12T20:36:46","date_gmt":"2025-09-12T23:36:46","guid":{"rendered":"https:\/\/viradasustentavel.org.br\/sao-paulo\/eventos\/como-o-design-a-cultura-e-as-politicas-publicas-estao-moldando-as-empresas-brasileiras\/"},"modified":"2025-09-17T04:30:12","modified_gmt":"2025-09-17T07:30:12","slug":"como-o-design-a-cultura-e-as-politicas-publicas-estao-moldando-as-empresas-brasileiras","status":"publish","type":"tribe_events","link":"https:\/\/viradasustentavel.org.br\/sao-paulo\/eventos\/como-o-design-a-cultura-e-as-politicas-publicas-estao-moldando-as-empresas-brasileiras\/","title":{"rendered":"Como o Design, a Cultura e as Pol\u00edticas P\u00fablicas est\u00e3o moldando as empresas brasileiras"},"content":{"rendered":"<p>A atividade apresenta experi\u00eancias reais de como o design e a cultura t\u00eam sido estrat\u00e9gicos na implementa\u00e7\u00e3o de pol\u00edticas p\u00fablicas e no posicionamento ESG de empresas brasileiras. Partindo de projetos aprovados por leis de incentivo, a apresenta\u00e7\u00e3o mostra como a a\u00e7\u00e3o cultural traduz pautas globais em a\u00e7\u00f5es locais com impacto socioambiental fomentada pelo setor p\u00fablico, privado e a sociedade. A proposta estimula o di\u00e1logo entre criadores, gestores e empresas, destacando o papel da cultura como infraestrutura para o enfrentamento da sindemia global.<\/p>\n<p><strong>PARTICIPANTES:<\/strong><\/p>\n<ul>\n<li><span data-sheets-root=\"1\">Lucas Melara<\/span><\/li>\n<\/ul>\n<p>&nbsp;<\/p>\n<p><strong>LOCAL:<\/strong> Centro Cultural S\u00e3o Paulo &#8211; Espa\u00e7o Miss\u00e3o &#8211; Rua Vergueiro, 1000<\/p>\n","protected":false},"excerpt":{"rendered":"<p>A atividade apresenta experi\u00eancias reais de como o design e a cultura t\u00eam sido estrat\u00e9gicos na implementa\u00e7\u00e3o de pol\u00edticas p\u00fablicas e no posicionamento ESG de empresas brasileiras. Partindo de projetos [&hellip;]<\/p>\n","protected":false},"author":2,"featured_media":7691,"template":"","meta":{"_tribe_events_status":"","_tribe_events_status_reason":"","footnotes":""},"tags":[28],"tribe_events_cat":[186,122],"class_list":["post-2040","tribe_events","type-tribe_events","status-publish","has-post-thumbnail","hentry","tag-livre","tribe_events_cat-forum","tribe_events_cat-talks","cat_forum","cat_talks"],"_links":{"self":[{"href":"https:\/\/viradasustentavel.org.br\/sao-paulo\/wp-json\/wp\/v2\/tribe_events\/2040","targetHints":{"allow":["GET"]}}],"collection":[{"href":"https:\/\/viradasustentavel.org.br\/sao-paulo\/wp-json\/wp\/v2\/tribe_events"}],"about":[{"href":"https:\/\/viradasustentavel.org.br\/sao-paulo\/wp-json\/wp\/v2\/types\/tribe_events"}],"author":[{"embeddable":true,"href":"https:\/\/viradasustentavel.org.br\/sao-paulo\/wp-json\/wp\/v2\/users\/2"}],"version-history":[{"count":2,"href":"https:\/\/viradasustentavel.org.br\/sao-paulo\/wp-json\/wp\/v2\/tribe_events\/2040\/revisions"}],"predecessor-version":[{"id":7982,"href":"https:\/\/viradasustentavel.org.br\/sao-paulo\/wp-json\/wp\/v2\/tribe_events\/2040\/revisions\/7982"}],"wp:featuredmedia":[{"embeddable":true,"href":"https:\/\/viradasustentavel.org.br\/sao-paulo\/wp-json\/wp\/v2\/media\/7691"}],"wp:attachment":[{"href":"https:\/\/viradasustentavel.org.br\/sao-paulo\/wp-json\/wp\/v2\/media?parent=2040"}],"wp:term":[{"taxonomy":"post_tag","embeddable":true,"href":"https:\/\/viradasustentavel.org.br\/sao-paulo\/wp-json\/wp\/v2\/tags?post=2040"},{"taxonomy":"tribe_events_cat","embeddable":true,"href":"https:\/\/viradasustentavel.org.br\/sao-paulo\/wp-json\/wp\/v2\/tribe_events_cat?post=2040"}],"curies":[{"name":"wp","href":"https:\/\/api.w.org\/{rel}","templated":true}]}}

Como o Design, a Cultura e as Políticas Públicas estão moldando as empresas brasileiras

<p>A atividade apresenta experiências reais de como o design e a cultura têm sido estratégicos na implementação de políticas públicas e no posicionamento ESG de empresas brasileiras. Partindo de projetos aprovados por leis de incentivo, a apresentação mostra como a ação cultural traduz pautas globais em ações locais com impacto socioambiental fomentada pelo setor público, privado e a sociedade. A proposta estimula o diálogo entre criadores, gestores e empresas, destacando o papel da cultura como infraestrutura para o enfrentamento da sindemia global.</p>
<p><strong>PARTICIPANTES:</strong></p>
<ul>
<li><span data-sheets-root="1">Lucas Melara</span></li>
</ul>
<p>&nbsp;</p>
<p><strong>LOCAL:</strong> Centro Cultural São Paulo &#8211; Espaço Missão &#8211; Rua Vergueiro, 1000</p>

<p>A atividade apresenta experiências reais de como o design e a cultura têm sido estratégicos na implementação de políticas públicas e no posicionamento ESG de empresas brasileiras. Partindo de projetos [&hellip;]</p>
