{"id":2042,"date":"2025-09-12T20:36:48","date_gmt":"2025-09-12T23:36:48","guid":{"rendered":"https:\/\/viradasustentavel.org.br\/sao-paulo\/eventos\/do-colo-da-terra-uma-conversa-sobre-infancias-indigenas-2\/"},"modified":"2025-09-17T04:33:46","modified_gmt":"2025-09-17T07:33:46","slug":"do-colo-da-terra-uma-conversa-sobre-infancias-indigenas-2","status":"publish","type":"tribe_events","link":"https:\/\/viradasustentavel.org.br\/sao-paulo\/eventos\/do-colo-da-terra-uma-conversa-sobre-infancias-indigenas-2\/","title":{"rendered":"Do Colo da Terra &#8211; uma conversa sobre inf\u00e2ncias ind\u00edgenas e educa\u00e7\u00e3o"},"content":{"rendered":"<p>Exibi\u00e7\u00e3o do mini-doc Colo da Terra e conversa sobre inf\u00e2ncias ind\u00edgenas.<\/p>\n<p>No dia 18\/09 \u00e0s 15h15 acontece, no espa\u00e7o Miss\u00e3o a exibi\u00e7\u00e3o do mini-document\u00e1rio Colo da Terra, seguida de uma roda de conversa sobre inf\u00e2ncias ind\u00edgenas com Renata Meirelles (Territ\u00f3rio do Brincar), Paula Mendon\u00e7a (Instituto Alana) e a lideran\u00e7a ind\u00edgena Chirley Pankar\u00e1.E<\/p>\n<p><strong>PARTICIPANTE:<\/strong><\/p>\n<ul>\n<li>Renata Meirelles<\/li>\n<li>Paula Mendon\u00e7a<\/li>\n<li>Chirley Pankar\u00e1<\/li>\n<\/ul>\n<p>&nbsp;<\/p>\n<p><strong>LOCAL:<\/strong> Centro Cultural S\u00e3o Paulo &#8211; Espa\u00e7o Miss\u00e3o &#8211; Rua Vergueiro, 1000<\/p>\n","protected":false},"excerpt":{"rendered":"<p>Exibi\u00e7\u00e3o do mini-doc Colo da Terra e conversa sobre inf\u00e2ncias ind\u00edgenas. No dia 18\/09 \u00e0s 15h15 acontece, no espa\u00e7o Miss\u00e3o a exibi\u00e7\u00e3o do mini-document\u00e1rio Colo da Terra, seguida de uma [&hellip;]<\/p>\n","protected":false},"author":2,"featured_media":7691,"template":"","meta":{"_tribe_events_status":"","_tribe_events_status_reason":"","footnotes":""},"tags":[28],"tribe_events_cat":[17,186,122],"class_list":["post-2042","tribe_events","type-tribe_events","status-publish","has-post-thumbnail","hentry","tag-livre","tribe_events_cat-audiovisual","tribe_events_cat-forum","tribe_events_cat-talks","cat_audiovisual","cat_forum","cat_talks"],"_links":{"self":[{"href":"https:\/\/viradasustentavel.org.br\/sao-paulo\/wp-json\/wp\/v2\/tribe_events\/2042","targetHints":{"allow":["GET"]}}],"collection":[{"href":"https:\/\/viradasustentavel.org.br\/sao-paulo\/wp-json\/wp\/v2\/tribe_events"}],"about":[{"href":"https:\/\/viradasustentavel.org.br\/sao-paulo\/wp-json\/wp\/v2\/types\/tribe_events"}],"author":[{"embeddable":true,"href":"https:\/\/viradasustentavel.org.br\/sao-paulo\/wp-json\/wp\/v2\/users\/2"}],"version-history":[{"count":2,"href":"https:\/\/viradasustentavel.org.br\/sao-paulo\/wp-json\/wp\/v2\/tribe_events\/2042\/revisions"}],"predecessor-version":[{"id":7985,"href":"https:\/\/viradasustentavel.org.br\/sao-paulo\/wp-json\/wp\/v2\/tribe_events\/2042\/revisions\/7985"}],"wp:featuredmedia":[{"embeddable":true,"href":"https:\/\/viradasustentavel.org.br\/sao-paulo\/wp-json\/wp\/v2\/media\/7691"}],"wp:attachment":[{"href":"https:\/\/viradasustentavel.org.br\/sao-paulo\/wp-json\/wp\/v2\/media?parent=2042"}],"wp:term":[{"taxonomy":"post_tag","embeddable":true,"href":"https:\/\/viradasustentavel.org.br\/sao-paulo\/wp-json\/wp\/v2\/tags?post=2042"},{"taxonomy":"tribe_events_cat","embeddable":true,"href":"https:\/\/viradasustentavel.org.br\/sao-paulo\/wp-json\/wp\/v2\/tribe_events_cat?post=2042"}],"curies":[{"name":"wp","href":"https:\/\/api.w.org\/{rel}","templated":true}]}}

Do Colo da Terra &#8211; uma conversa sobre infâncias indígenas e educação

<p>Exibição do mini-doc Colo da Terra e conversa sobre infâncias indígenas.</p>
<p>No dia 18/09 às 15h15 acontece, no espaço Missão a exibição do mini-documentário Colo da Terra, seguida de uma roda de conversa sobre infâncias indígenas com Renata Meirelles (Território do Brincar), Paula Mendonça (Instituto Alana) e a liderança indígena Chirley Pankará.E</p>
<p><strong>PARTICIPANTE:</strong></p>
<ul>
<li>Renata Meirelles</li>
<li>Paula Mendonça</li>
<li>Chirley Pankará</li>
</ul>
<p>&nbsp;</p>
<p><strong>LOCAL:</strong> Centro Cultural São Paulo &#8211; Espaço Missão &#8211; Rua Vergueiro, 1000</p>

<p>Exibição do mini-doc Colo da Terra e conversa sobre infâncias indígenas. No dia 18/09 às 15h15 acontece, no espaço Missão a exibição do mini-documentário Colo da Terra, seguida de uma [&hellip;]</p>
