{"id":2043,"date":"2025-09-12T20:37:24","date_gmt":"2025-09-12T23:37:24","guid":{"rendered":"https:\/\/viradasustentavel.org.br\/sao-paulo\/eventos\/informacao-e-desinformacao-nas-mudancas-climaticas\/"},"modified":"2025-09-17T04:35:44","modified_gmt":"2025-09-17T07:35:44","slug":"informacao-e-desinformacao-nas-mudancas-climaticas","status":"publish","type":"tribe_events","link":"https:\/\/viradasustentavel.org.br\/sao-paulo\/eventos\/informacao-e-desinformacao-nas-mudancas-climaticas\/","title":{"rendered":"Informa\u00e7\u00e3o e Desinforma\u00e7\u00e3o nas Mudan\u00e7as Clim\u00e1ticas"},"content":{"rendered":"<p>Roda de Conversa com o p\u00fablico sobre como e onde obter informa\u00e7\u00f5es confi\u00e1veis sobre mudan\u00e7as clim\u00e1ticas, os riscos da desinforma\u00e7\u00e3o e os interesses por detr\u00e1s de fake news sobre o assunto. Os presentes poder\u00e3o indicar quando e como costumam procurar informa\u00e7\u00f5es e o que fazem quando suspeitam que receberam uma fake news, compartilhando sua experi\u00eancia.<\/p>\n<p><strong>PARTICIPANTES:<\/strong><\/p>\n<ul>\n<li>Rose Marie Inojosa<\/li>\n<\/ul>\n<p>&nbsp;<\/p>\n<p>LOCAL: Centro Cultural S\u00e3o Paulo &#8211; Espa\u00e7o Miss\u00e3o &#8211; Rua Vergueiro, 1000<\/p>\n","protected":false},"excerpt":{"rendered":"<p>Roda de Conversa com o p\u00fablico sobre como e onde obter informa\u00e7\u00f5es confi\u00e1veis sobre mudan\u00e7as clim\u00e1ticas, os riscos da desinforma\u00e7\u00e3o e os interesses por detr\u00e1s de fake news sobre o [&hellip;]<\/p>\n","protected":false},"author":2,"featured_media":7691,"template":"","meta":{"_tribe_events_status":"","_tribe_events_status_reason":"","footnotes":""},"tags":[28],"tribe_events_cat":[17,186,122],"class_list":["post-2043","tribe_events","type-tribe_events","status-publish","has-post-thumbnail","hentry","tag-livre","tribe_events_cat-audiovisual","tribe_events_cat-forum","tribe_events_cat-talks","cat_audiovisual","cat_forum","cat_talks"],"_links":{"self":[{"href":"https:\/\/viradasustentavel.org.br\/sao-paulo\/wp-json\/wp\/v2\/tribe_events\/2043","targetHints":{"allow":["GET"]}}],"collection":[{"href":"https:\/\/viradasustentavel.org.br\/sao-paulo\/wp-json\/wp\/v2\/tribe_events"}],"about":[{"href":"https:\/\/viradasustentavel.org.br\/sao-paulo\/wp-json\/wp\/v2\/types\/tribe_events"}],"author":[{"embeddable":true,"href":"https:\/\/viradasustentavel.org.br\/sao-paulo\/wp-json\/wp\/v2\/users\/2"}],"version-history":[{"count":2,"href":"https:\/\/viradasustentavel.org.br\/sao-paulo\/wp-json\/wp\/v2\/tribe_events\/2043\/revisions"}],"predecessor-version":[{"id":7987,"href":"https:\/\/viradasustentavel.org.br\/sao-paulo\/wp-json\/wp\/v2\/tribe_events\/2043\/revisions\/7987"}],"wp:featuredmedia":[{"embeddable":true,"href":"https:\/\/viradasustentavel.org.br\/sao-paulo\/wp-json\/wp\/v2\/media\/7691"}],"wp:attachment":[{"href":"https:\/\/viradasustentavel.org.br\/sao-paulo\/wp-json\/wp\/v2\/media?parent=2043"}],"wp:term":[{"taxonomy":"post_tag","embeddable":true,"href":"https:\/\/viradasustentavel.org.br\/sao-paulo\/wp-json\/wp\/v2\/tags?post=2043"},{"taxonomy":"tribe_events_cat","embeddable":true,"href":"https:\/\/viradasustentavel.org.br\/sao-paulo\/wp-json\/wp\/v2\/tribe_events_cat?post=2043"}],"curies":[{"name":"wp","href":"https:\/\/api.w.org\/{rel}","templated":true}]}}

Informação e Desinformação nas Mudanças Climáticas

<p>Roda de Conversa com o público sobre como e onde obter informações confiáveis sobre mudanças climáticas, os riscos da desinformação e os interesses por detrás de fake news sobre o assunto. Os presentes poderão indicar quando e como costumam procurar informações e o que fazem quando suspeitam que receberam uma fake news, compartilhando sua experiência.</p>
<p><strong>PARTICIPANTES:</strong></p>
<ul>
<li>Rose Marie Inojosa</li>
</ul>
<p>&nbsp;</p>
<p>LOCAL: Centro Cultural São Paulo &#8211; Espaço Missão &#8211; Rua Vergueiro, 1000</p>

<p>Roda de Conversa com o público sobre como e onde obter informações confiáveis sobre mudanças climáticas, os riscos da desinformação e os interesses por detrás de fake news sobre o [&hellip;]</p>
