{"id":2047,"date":"2025-09-12T20:37:29","date_gmt":"2025-09-12T23:37:29","guid":{"rendered":"https:\/\/viradasustentavel.org.br\/sao-paulo\/eventos\/cocriando-o-futuro-regenerativo-do-ccsp\/"},"modified":"2025-09-17T04:43:11","modified_gmt":"2025-09-17T07:43:11","slug":"cocriando-o-futuro-regenerativo-do-ccsp","status":"publish","type":"tribe_events","link":"https:\/\/viradasustentavel.org.br\/sao-paulo\/eventos\/cocriando-o-futuro-regenerativo-do-ccsp\/","title":{"rendered":"Cocriando o Futuro Regenerativo do CCSP"},"content":{"rendered":"<p>A consultoria Primeiro Giro promove, no Centro Cultural S\u00e3o Paulo (CCSP), a oficina \u201cCocriando o Futuro Regenerativo do CCSP&#8221;. A atividade convida o p\u00fablico a participar de uma jornada colaborativa para imaginar e propor solu\u00e7\u00f5es que tornem o CCSP refer\u00eancia em pr\u00e1ticas circulares e regenerativas. A oficina ser\u00e1 uma jornada de transforma\u00e7\u00e3o que vai abordar a sustentabilidade de maneira sist\u00eamica, focando em cinco eixos: Terra (circularidade de materiais), \u00c1gua (circularidade da \u00e1gua), Ar (emiss\u00f5es de gases de efeito estufa), Fogo (fontes de energia renov\u00e1vel) e Alma (diversidade e inclus\u00e3o). As a\u00e7\u00f5es cocriadas dar\u00e3o origem a uma cartilha, que servir\u00e1 como um plano a ser entregue aos gestores do CCSP e tamb\u00e9m disponibilizada \u00e0 sociedade em geral.<\/p>\n<p><strong>PARTICIPANTES:<\/strong><\/p>\n<ul>\n<li>Diogo Lucato<\/li>\n<\/ul>\n<p>&nbsp;<\/p>\n<p><strong>LOCAL:<\/strong> Centro Cultural S\u00e3o Paulo &#8211; Espa\u00e7o Oficinas &#8211; Rua Vergueiro, 1000<\/p>\n","protected":false},"excerpt":{"rendered":"<p>A consultoria Primeiro Giro promove, no Centro Cultural S\u00e3o Paulo (CCSP), a oficina \u201cCocriando o Futuro Regenerativo do CCSP&#8221;. A atividade convida o p\u00fablico a participar de uma jornada colaborativa [&hellip;]<\/p>\n","protected":false},"author":2,"featured_media":7691,"template":"","meta":{"_tribe_events_status":"","_tribe_events_status_reason":"","footnotes":""},"tags":[28],"tribe_events_cat":[186,107],"class_list":["post-2047","tribe_events","type-tribe_events","status-publish","has-post-thumbnail","hentry","tag-livre","tribe_events_cat-forum","tribe_events_cat-oficina","cat_forum","cat_oficina"],"_links":{"self":[{"href":"https:\/\/viradasustentavel.org.br\/sao-paulo\/wp-json\/wp\/v2\/tribe_events\/2047","targetHints":{"allow":["GET"]}}],"collection":[{"href":"https:\/\/viradasustentavel.org.br\/sao-paulo\/wp-json\/wp\/v2\/tribe_events"}],"about":[{"href":"https:\/\/viradasustentavel.org.br\/sao-paulo\/wp-json\/wp\/v2\/types\/tribe_events"}],"author":[{"embeddable":true,"href":"https:\/\/viradasustentavel.org.br\/sao-paulo\/wp-json\/wp\/v2\/users\/2"}],"version-history":[{"count":3,"href":"https:\/\/viradasustentavel.org.br\/sao-paulo\/wp-json\/wp\/v2\/tribe_events\/2047\/revisions"}],"predecessor-version":[{"id":7995,"href":"https:\/\/viradasustentavel.org.br\/sao-paulo\/wp-json\/wp\/v2\/tribe_events\/2047\/revisions\/7995"}],"wp:featuredmedia":[{"embeddable":true,"href":"https:\/\/viradasustentavel.org.br\/sao-paulo\/wp-json\/wp\/v2\/media\/7691"}],"wp:attachment":[{"href":"https:\/\/viradasustentavel.org.br\/sao-paulo\/wp-json\/wp\/v2\/media?parent=2047"}],"wp:term":[{"taxonomy":"post_tag","embeddable":true,"href":"https:\/\/viradasustentavel.org.br\/sao-paulo\/wp-json\/wp\/v2\/tags?post=2047"},{"taxonomy":"tribe_events_cat","embeddable":true,"href":"https:\/\/viradasustentavel.org.br\/sao-paulo\/wp-json\/wp\/v2\/tribe_events_cat?post=2047"}],"curies":[{"name":"wp","href":"https:\/\/api.w.org\/{rel}","templated":true}]}}

<p>A consultoria Primeiro Giro promove, no Centro Cultural São Paulo (CCSP), a oficina “Cocriando o Futuro Regenerativo do CCSP&#8221;. A atividade convida o público a participar de uma jornada colaborativa para imaginar e propor soluções que tornem o CCSP referência em práticas circulares e regenerativas. A oficina será uma jornada de transformação que vai abordar a sustentabilidade de maneira sistêmica, focando em cinco eixos: Terra (circularidade de materiais), Água (circularidade da água), Ar (emissões de gases de efeito estufa), Fogo (fontes de energia renovável) e Alma (diversidade e inclusão). As ações cocriadas darão origem a uma cartilha, que servirá como um plano a ser entregue aos gestores do CCSP e também disponibilizada à sociedade em geral.</p>
<p><strong>PARTICIPANTES:</strong></p>
<ul>
<li>Diogo Lucato</li>
</ul>
<p>&nbsp;</p>
<p><strong>LOCAL:</strong> Centro Cultural São Paulo &#8211; Espaço Oficinas &#8211; Rua Vergueiro, 1000</p>

<p>A consultoria Primeiro Giro promove, no Centro Cultural São Paulo (CCSP), a oficina “Cocriando o Futuro Regenerativo do CCSP&#8221;. A atividade convida o público a participar de uma jornada colaborativa [&hellip;]</p>
