{"id":2049,"date":"2025-09-12T20:38:47","date_gmt":"2025-09-12T23:38:47","guid":{"rendered":"https:\/\/viradasustentavel.org.br\/sao-paulo\/eventos\/demonstracao-de-culinaria-vegana-com-maria-lorenzetti-culinarista-da-sociedade-vegetariana-brasileira\/"},"modified":"2025-09-17T04:45:33","modified_gmt":"2025-09-17T07:45:33","slug":"demonstracao-de-culinaria-vegana-com-maria-lorenzetti-culinarista-da-sociedade-vegetariana-brasileira","status":"publish","type":"tribe_events","link":"https:\/\/viradasustentavel.org.br\/sao-paulo\/eventos\/demonstracao-de-culinaria-vegana-com-maria-lorenzetti-culinarista-da-sociedade-vegetariana-brasileira\/","title":{"rendered":"Demonstra\u00e7\u00e3o de culin\u00e1ria vegana com Maria Lorenzetti \u2013 Culinarista da Sociedade Vegetariana Brasileira"},"content":{"rendered":"<p>Ser\u00e3o duas receitas a base de vegetais. Mostrando a possibilidade de comidas variadas e saborosas sem nada de origem vegetais, quebrando tabus e preconceitos que a gastronomia vegana tem.<\/p>\n<p><strong>PARTICIPANTES:<\/strong><\/p>\n<ul>\n<li>Maria Lorenzetti<\/li>\n<\/ul>\n<p>&nbsp;<\/p>\n<p><strong>LOCAL:<\/strong> Centro Cultural S\u00e3o Paulo &#8211; Espa\u00e7o Oficinas &#8211; Rua Vergueiro, 1000<\/p>\n","protected":false},"excerpt":{"rendered":"<p>Ser\u00e3o duas receitas a base de vegetais. Mostrando a possibilidade de comidas variadas e saborosas sem nada de origem vegetais, quebrando tabus e preconceitos que a gastronomia vegana tem. PARTICIPANTES: [&hellip;]<\/p>\n","protected":false},"author":2,"featured_media":7691,"template":"","meta":{"_tribe_events_status":"","_tribe_events_status_reason":"","footnotes":""},"tags":[28],"tribe_events_cat":[186,107],"class_list":["post-2049","tribe_events","type-tribe_events","status-publish","has-post-thumbnail","hentry","tag-livre","tribe_events_cat-forum","tribe_events_cat-oficina","cat_forum","cat_oficina"],"_links":{"self":[{"href":"https:\/\/viradasustentavel.org.br\/sao-paulo\/wp-json\/wp\/v2\/tribe_events\/2049","targetHints":{"allow":["GET"]}}],"collection":[{"href":"https:\/\/viradasustentavel.org.br\/sao-paulo\/wp-json\/wp\/v2\/tribe_events"}],"about":[{"href":"https:\/\/viradasustentavel.org.br\/sao-paulo\/wp-json\/wp\/v2\/types\/tribe_events"}],"author":[{"embeddable":true,"href":"https:\/\/viradasustentavel.org.br\/sao-paulo\/wp-json\/wp\/v2\/users\/2"}],"version-history":[{"count":2,"href":"https:\/\/viradasustentavel.org.br\/sao-paulo\/wp-json\/wp\/v2\/tribe_events\/2049\/revisions"}],"predecessor-version":[{"id":7997,"href":"https:\/\/viradasustentavel.org.br\/sao-paulo\/wp-json\/wp\/v2\/tribe_events\/2049\/revisions\/7997"}],"wp:featuredmedia":[{"embeddable":true,"href":"https:\/\/viradasustentavel.org.br\/sao-paulo\/wp-json\/wp\/v2\/media\/7691"}],"wp:attachment":[{"href":"https:\/\/viradasustentavel.org.br\/sao-paulo\/wp-json\/wp\/v2\/media?parent=2049"}],"wp:term":[{"taxonomy":"post_tag","embeddable":true,"href":"https:\/\/viradasustentavel.org.br\/sao-paulo\/wp-json\/wp\/v2\/tags?post=2049"},{"taxonomy":"tribe_events_cat","embeddable":true,"href":"https:\/\/viradasustentavel.org.br\/sao-paulo\/wp-json\/wp\/v2\/tribe_events_cat?post=2049"}],"curies":[{"name":"wp","href":"https:\/\/api.w.org\/{rel}","templated":true}]}}

Demonstração de culinária vegana com Maria Lorenzetti – Culinarista da Sociedade Vegetariana Brasileira

<p>Serão duas receitas a base de vegetais. Mostrando a possibilidade de comidas variadas e saborosas sem nada de origem vegetais, quebrando tabus e preconceitos que a gastronomia vegana tem.</p>
<p><strong>PARTICIPANTES:</strong></p>
<ul>
<li>Maria Lorenzetti</li>
</ul>
<p>&nbsp;</p>
<p><strong>LOCAL:</strong> Centro Cultural São Paulo &#8211; Espaço Oficinas &#8211; Rua Vergueiro, 1000</p>

<p>Serão duas receitas a base de vegetais. Mostrando a possibilidade de comidas variadas e saborosas sem nada de origem vegetais, quebrando tabus e preconceitos que a gastronomia vegana tem. PARTICIPANTES: [&hellip;]</p>
