{"id":2051,"date":"2025-09-12T20:38:49","date_gmt":"2025-09-12T23:38:49","guid":{"rendered":"https:\/\/viradasustentavel.org.br\/sao-paulo\/eventos\/laboratorio-de-arte-e-materiais-abandonados-e-mudancas-de-olhares\/"},"modified":"2025-09-17T04:50:30","modified_gmt":"2025-09-17T07:50:30","slug":"laboratorio-de-arte-e-materiais-abandonados-e-mudancas-de-olhares","status":"publish","type":"tribe_events","link":"https:\/\/viradasustentavel.org.br\/sao-paulo\/eventos\/laboratorio-de-arte-e-materiais-abandonados-e-mudancas-de-olhares\/","title":{"rendered":"Laborat\u00f3rio de Arte e Materiais abandonados e mudan\u00e7as de olhares"},"content":{"rendered":"<p>O objetivo \u00e9 ensinar novos olhares para materiais abandonados facilitando a constru\u00e7\u00e3o de um objeto de arte abstrata e subversiva com experimenta\u00e7\u00e3o de uso de ferramentas e da criatividade. A ideia ao final da oficina \u00e9 realizar uma escrita livre sobre os sentimentos que nos permearam durante a oficina.<\/p>\n<p><strong>PARTICIPANTES:<\/strong><\/p>\n<ul>\n<li>Marina Wolff Perin<\/li>\n<\/ul>\n<p>&nbsp;<\/p>\n<p><strong>LOCAL:<\/strong> Centro Cultural S\u00e3o Paulo &#8211; Espa\u00e7o Oficinas &#8211; Rua Vergueiro, 1000<\/p>\n","protected":false},"excerpt":{"rendered":"<p>O objetivo \u00e9 ensinar novos olhares para materiais abandonados facilitando a constru\u00e7\u00e3o de um objeto de arte abstrata e subversiva com experimenta\u00e7\u00e3o de uso de ferramentas e da criatividade. A [&hellip;]<\/p>\n","protected":false},"author":2,"featured_media":7691,"template":"","meta":{"_tribe_events_status":"","_tribe_events_status_reason":"","footnotes":""},"tags":[],"tribe_events_cat":[186,107],"class_list":["post-2051","tribe_events","type-tribe_events","status-publish","has-post-thumbnail","hentry","classificacao-evento-livre","tribe_events_cat-forum","tribe_events_cat-oficina","cat_forum","cat_oficina"],"_links":{"self":[{"href":"https:\/\/viradasustentavel.org.br\/sao-paulo\/wp-json\/wp\/v2\/tribe_events\/2051","targetHints":{"allow":["GET"]}}],"collection":[{"href":"https:\/\/viradasustentavel.org.br\/sao-paulo\/wp-json\/wp\/v2\/tribe_events"}],"about":[{"href":"https:\/\/viradasustentavel.org.br\/sao-paulo\/wp-json\/wp\/v2\/types\/tribe_events"}],"author":[{"embeddable":true,"href":"https:\/\/viradasustentavel.org.br\/sao-paulo\/wp-json\/wp\/v2\/users\/2"}],"version-history":[{"count":2,"href":"https:\/\/viradasustentavel.org.br\/sao-paulo\/wp-json\/wp\/v2\/tribe_events\/2051\/revisions"}],"predecessor-version":[{"id":8001,"href":"https:\/\/viradasustentavel.org.br\/sao-paulo\/wp-json\/wp\/v2\/tribe_events\/2051\/revisions\/8001"}],"wp:featuredmedia":[{"embeddable":true,"href":"https:\/\/viradasustentavel.org.br\/sao-paulo\/wp-json\/wp\/v2\/media\/7691"}],"wp:attachment":[{"href":"https:\/\/viradasustentavel.org.br\/sao-paulo\/wp-json\/wp\/v2\/media?parent=2051"}],"wp:term":[{"taxonomy":"post_tag","embeddable":true,"href":"https:\/\/viradasustentavel.org.br\/sao-paulo\/wp-json\/wp\/v2\/tags?post=2051"},{"taxonomy":"tribe_events_cat","embeddable":true,"href":"https:\/\/viradasustentavel.org.br\/sao-paulo\/wp-json\/wp\/v2\/tribe_events_cat?post=2051"}],"curies":[{"name":"wp","href":"https:\/\/api.w.org\/{rel}","templated":true}]}}

Laboratório de Arte e Materiais abandonados e mudanças de olhares

<p>O objetivo é ensinar novos olhares para materiais abandonados facilitando a construção de um objeto de arte abstrata e subversiva com experimentação de uso de ferramentas e da criatividade. A ideia ao final da oficina é realizar uma escrita livre sobre os sentimentos que nos permearam durante a oficina.</p>
<p><strong>PARTICIPANTES:</strong></p>
<ul>
<li>Marina Wolff Perin</li>
</ul>
<p>&nbsp;</p>
<p><strong>LOCAL:</strong> Centro Cultural São Paulo &#8211; Espaço Oficinas &#8211; Rua Vergueiro, 1000</p>

<p>O objetivo é ensinar novos olhares para materiais abandonados facilitando a construção de um objeto de arte abstrata e subversiva com experimentação de uso de ferramentas e da criatividade. A [&hellip;]</p>
