{"id":2067,"date":"2025-09-12T20:42:04","date_gmt":"2025-09-12T23:42:04","guid":{"rendered":"https:\/\/viradasustentavel.org.br\/sao-paulo\/eventos\/roda-de-conversa-raizes-da-resistencia\/"},"modified":"2025-09-12T20:42:04","modified_gmt":"2025-09-12T23:42:04","slug":"roda-de-conversa-raizes-da-resistencia","status":"publish","type":"tribe_events","link":"https:\/\/viradasustentavel.org.br\/sao-paulo\/eventos\/roda-de-conversa-raizes-da-resistencia\/","title":{"rendered":"Roda de Conversa &#8220;Ra\u00edzes da Resist\u00eancia&#8221;"},"content":{"rendered":"<p>Uma conversa inspiradora sobre as lutas e resist\u00eancias que nascem em diferentes territ\u00f3rios: da Aldeia Ind\u00edgena do Jaragu\u00e1, da Casa Cultural Hip Hop Ja\u00e7an\u00e3 e da atua\u00e7\u00e3o de Txai Suru\u00ed, integrante do grupo consultivo sobre mudan\u00e7a clim\u00e1tica na ONU.<\/p>\n<p>A proposta \u00e9 dar visibilidade \u00e0 for\u00e7a das mulheres ind\u00edgenas que, desde a invas\u00e3o e a consolida\u00e7\u00e3o do olhar colonizador sobre a terra como lucro, seguem enfrentando a destrui\u00e7\u00e3o da vida e defendendo a continuidade da humanidade, povos, culturas\u00a0e\u00a0territ\u00f3rios.<\/p>\n","protected":false},"excerpt":{"rendered":"<p>Uma conversa inspiradora sobre as lutas e resist\u00eancias que nascem em diferentes territ\u00f3rios: da Aldeia Ind\u00edgena do Jaragu\u00e1, da Casa Cultural Hip Hop Ja\u00e7an\u00e3 e da atua\u00e7\u00e3o de Txai Suru\u00ed, [&hellip;]<\/p>\n","protected":false},"author":2,"featured_media":0,"template":"","meta":{"_tribe_events_status":"","_tribe_events_status_reason":"","footnotes":""},"tags":[],"tribe_events_cat":[122],"class_list":["post-2067","tribe_events","type-tribe_events","status-publish","hentry","tribe_events_cat-talks","cat_talks"],"_links":{"self":[{"href":"https:\/\/viradasustentavel.org.br\/sao-paulo\/wp-json\/wp\/v2\/tribe_events\/2067","targetHints":{"allow":["GET"]}}],"collection":[{"href":"https:\/\/viradasustentavel.org.br\/sao-paulo\/wp-json\/wp\/v2\/tribe_events"}],"about":[{"href":"https:\/\/viradasustentavel.org.br\/sao-paulo\/wp-json\/wp\/v2\/types\/tribe_events"}],"author":[{"embeddable":true,"href":"https:\/\/viradasustentavel.org.br\/sao-paulo\/wp-json\/wp\/v2\/users\/2"}],"version-history":[{"count":0,"href":"https:\/\/viradasustentavel.org.br\/sao-paulo\/wp-json\/wp\/v2\/tribe_events\/2067\/revisions"}],"wp:attachment":[{"href":"https:\/\/viradasustentavel.org.br\/sao-paulo\/wp-json\/wp\/v2\/media?parent=2067"}],"wp:term":[{"taxonomy":"post_tag","embeddable":true,"href":"https:\/\/viradasustentavel.org.br\/sao-paulo\/wp-json\/wp\/v2\/tags?post=2067"},{"taxonomy":"tribe_events_cat","embeddable":true,"href":"https:\/\/viradasustentavel.org.br\/sao-paulo\/wp-json\/wp\/v2\/tribe_events_cat?post=2067"}],"curies":[{"name":"wp","href":"https:\/\/api.w.org\/{rel}","templated":true}]}}

Roda de Conversa &#8220;Raízes da Resistência&#8221;

<p>Uma conversa inspiradora sobre as lutas e resistências que nascem em diferentes territórios: da Aldeia Indígena do Jaraguá, da Casa Cultural Hip Hop Jaçanã e da atuação de Txai Suruí, integrante do grupo consultivo sobre mudança climática na ONU.</p>
<p>A proposta é dar visibilidade à força das mulheres indígenas que, desde a invasão e a consolidação do olhar colonizador sobre a terra como lucro, seguem enfrentando a destruição da vida e defendendo a continuidade da humanidade, povos, culturas e territórios.</p>

<p>Uma conversa inspiradora sobre as lutas e resistências que nascem em diferentes territórios: da Aldeia Indígena do Jaraguá, da Casa Cultural Hip Hop Jaçanã e da atuação de Txai Suruí, [&hellip;]</p>
