{"id":2068,"date":"2025-09-12T20:42:04","date_gmt":"2025-09-12T23:42:04","guid":{"rendered":"https:\/\/viradasustentavel.org.br\/sao-paulo\/eventos\/feira-de-arte-indigena\/"},"modified":"2025-09-12T20:42:04","modified_gmt":"2025-09-12T23:42:04","slug":"feira-de-arte-indigena","status":"publish","type":"tribe_events","link":"https:\/\/viradasustentavel.org.br\/sao-paulo\/eventos\/feira-de-arte-indigena\/","title":{"rendered":"Feira de Arte Ind\u00edgena"},"content":{"rendered":"<p>A Feira de Arte Ind\u00edgena re\u00fane produ\u00e7\u00f5es de diferentes povos que constroem S\u00e3o Paulo, valorizando a sabedoria ancestral e fortalecendo artistas que expressam sua cultura por meio da arte. O p\u00fablico ter\u00e1 a oportunidade de conhecer e adquirir pe\u00e7as aut\u00eanticas, elaboradas com t\u00e9cnicas tradicionais e materiais sustent\u00e1veis, contribuindo para a valoriza\u00e7\u00e3o do artesanato ind\u00edgena e para o fortalecimento de suas comunidades.<\/p>\n","protected":false},"excerpt":{"rendered":"<p>A Feira de Arte Ind\u00edgena re\u00fane produ\u00e7\u00f5es de diferentes povos que constroem S\u00e3o Paulo, valorizando a sabedoria ancestral e fortalecendo artistas que expressam sua cultura por meio da arte. O [&hellip;]<\/p>\n","protected":false},"author":2,"featured_media":0,"template":"","meta":{"_tribe_events_status":"","_tribe_events_status_reason":"","footnotes":""},"tags":[],"tribe_events_cat":[136],"class_list":["post-2068","tribe_events","type-tribe_events","status-publish","hentry","tribe_events_cat-feira","cat_feira"],"_links":{"self":[{"href":"https:\/\/viradasustentavel.org.br\/sao-paulo\/wp-json\/wp\/v2\/tribe_events\/2068","targetHints":{"allow":["GET"]}}],"collection":[{"href":"https:\/\/viradasustentavel.org.br\/sao-paulo\/wp-json\/wp\/v2\/tribe_events"}],"about":[{"href":"https:\/\/viradasustentavel.org.br\/sao-paulo\/wp-json\/wp\/v2\/types\/tribe_events"}],"author":[{"embeddable":true,"href":"https:\/\/viradasustentavel.org.br\/sao-paulo\/wp-json\/wp\/v2\/users\/2"}],"version-history":[{"count":0,"href":"https:\/\/viradasustentavel.org.br\/sao-paulo\/wp-json\/wp\/v2\/tribe_events\/2068\/revisions"}],"wp:attachment":[{"href":"https:\/\/viradasustentavel.org.br\/sao-paulo\/wp-json\/wp\/v2\/media?parent=2068"}],"wp:term":[{"taxonomy":"post_tag","embeddable":true,"href":"https:\/\/viradasustentavel.org.br\/sao-paulo\/wp-json\/wp\/v2\/tags?post=2068"},{"taxonomy":"tribe_events_cat","embeddable":true,"href":"https:\/\/viradasustentavel.org.br\/sao-paulo\/wp-json\/wp\/v2\/tribe_events_cat?post=2068"}],"curies":[{"name":"wp","href":"https:\/\/api.w.org\/{rel}","templated":true}]}}

Feira de Arte Indígena

<p>A Feira de Arte Indígena reúne produções de diferentes povos que constroem São Paulo, valorizando a sabedoria ancestral e fortalecendo artistas que expressam sua cultura por meio da arte. O público terá a oportunidade de conhecer e adquirir peças autênticas, elaboradas com técnicas tradicionais e materiais sustentáveis, contribuindo para a valorização do artesanato indígena e para o fortalecimento de suas comunidades.</p>

<p>A Feira de Arte Indígena reúne produções de diferentes povos que constroem São Paulo, valorizando a sabedoria ancestral e fortalecendo artistas que expressam sua cultura por meio da arte. O [&hellip;]</p>
