{"id":2069,"date":"2025-09-12T20:42:04","date_gmt":"2025-09-12T23:42:04","guid":{"rendered":"https:\/\/viradasustentavel.org.br\/sao-paulo\/eventos\/exposicao-maquete-dinamica-da-agua\/"},"modified":"2025-09-12T20:42:04","modified_gmt":"2025-09-12T23:42:04","slug":"exposicao-maquete-dinamica-da-agua","status":"publish","type":"tribe_events","link":"https:\/\/viradasustentavel.org.br\/sao-paulo\/eventos\/exposicao-maquete-dinamica-da-agua\/","title":{"rendered":"Exposi\u00e7\u00e3o \u2013 Maquete Din\u00e2mica da \u00c1gua"},"content":{"rendered":"<p>No jardim das Rosas, o p\u00fablico poder\u00e1 conhecer de perto a famosa maquete din\u00e2mica do ciclo da \u00e1gua, criada pelo engenheiro agr\u00f4nomo e educador ambiental Jos\u00e9 Carlos Perdig\u00e3o, que se tornou viral nas redes sociais. O instrumento pedag\u00f3gico chama aten\u00e7\u00e3o pela clareza com que demonstra os impactos da retirada da mata ciliar e os mecanismos naturais que ajudam a prevenir enchentes. Com simplicidade e precis\u00e3o, o professor Perdig\u00e3o mostra, por meio de uma maquete que retrata dois morros divididos por um rio, como a eros\u00e3o do solo em pequena escala pode se transformar, no mundo real, em deslizamentos que provocam trag\u00e9dias recorrentes em diversas regi\u00f5es do pa\u00eds.<\/p>\n","protected":false},"excerpt":{"rendered":"<p>No jardim das Rosas, o p\u00fablico poder\u00e1 conhecer de perto a famosa maquete din\u00e2mica do ciclo da \u00e1gua, criada pelo engenheiro agr\u00f4nomo e educador ambiental Jos\u00e9 Carlos Perdig\u00e3o, que se [&hellip;]<\/p>\n","protected":false},"author":2,"featured_media":0,"template":"","meta":{"_tribe_events_status":"","_tribe_events_status_reason":"","footnotes":""},"tags":[],"tribe_events_cat":[135],"class_list":["post-2069","tribe_events","type-tribe_events","status-publish","hentry","tribe_events_cat-exposicao","cat_exposicao"],"_links":{"self":[{"href":"https:\/\/viradasustentavel.org.br\/sao-paulo\/wp-json\/wp\/v2\/tribe_events\/2069","targetHints":{"allow":["GET"]}}],"collection":[{"href":"https:\/\/viradasustentavel.org.br\/sao-paulo\/wp-json\/wp\/v2\/tribe_events"}],"about":[{"href":"https:\/\/viradasustentavel.org.br\/sao-paulo\/wp-json\/wp\/v2\/types\/tribe_events"}],"author":[{"embeddable":true,"href":"https:\/\/viradasustentavel.org.br\/sao-paulo\/wp-json\/wp\/v2\/users\/2"}],"version-history":[{"count":0,"href":"https:\/\/viradasustentavel.org.br\/sao-paulo\/wp-json\/wp\/v2\/tribe_events\/2069\/revisions"}],"wp:attachment":[{"href":"https:\/\/viradasustentavel.org.br\/sao-paulo\/wp-json\/wp\/v2\/media?parent=2069"}],"wp:term":[{"taxonomy":"post_tag","embeddable":true,"href":"https:\/\/viradasustentavel.org.br\/sao-paulo\/wp-json\/wp\/v2\/tags?post=2069"},{"taxonomy":"tribe_events_cat","embeddable":true,"href":"https:\/\/viradasustentavel.org.br\/sao-paulo\/wp-json\/wp\/v2\/tribe_events_cat?post=2069"}],"curies":[{"name":"wp","href":"https:\/\/api.w.org\/{rel}","templated":true}]}}

Exposição – Maquete Dinâmica da Água

<p>No jardim das Rosas, o público poderá conhecer de perto a famosa maquete dinâmica do ciclo da água, criada pelo engenheiro agrônomo e educador ambiental José Carlos Perdigão, que se tornou viral nas redes sociais. O instrumento pedagógico chama atenção pela clareza com que demonstra os impactos da retirada da mata ciliar e os mecanismos naturais que ajudam a prevenir enchentes. Com simplicidade e precisão, o professor Perdigão mostra, por meio de uma maquete que retrata dois morros divididos por um rio, como a erosão do solo em pequena escala pode se transformar, no mundo real, em deslizamentos que provocam tragédias recorrentes em diversas regiões do país.</p>

<p>No jardim das Rosas, o público poderá conhecer de perto a famosa maquete dinâmica do ciclo da água, criada pelo engenheiro agrônomo e educador ambiental José Carlos Perdigão, que se [&hellip;]</p>
