{"id":2070,"date":"2025-09-12T20:42:05","date_gmt":"2025-09-12T23:42:05","guid":{"rendered":"https:\/\/viradasustentavel.org.br\/sao-paulo\/eventos\/roda-ecoansiedade\/"},"modified":"2025-09-12T20:42:05","modified_gmt":"2025-09-12T23:42:05","slug":"roda-ecoansiedade","status":"publish","type":"tribe_events","link":"https:\/\/viradasustentavel.org.br\/sao-paulo\/eventos\/roda-ecoansiedade\/","title":{"rendered":"Roda ecoansiedade"},"content":{"rendered":"<p>Vamos falar de ecoansiedade e transformar ang\u00fastia em a\u00e7\u00e3o?<br \/>\nO Fam\u00edlias pelo Clima \u2013 movimento de pais, m\u00e3es, familiares e redes de apoio que promove a\u00e7\u00f5es de justi\u00e7a intergeracional e educa\u00e7\u00e3o clim\u00e1tica no Brasil \u2013 vai promover uma Roda de Conversa sobre ecoansiedade, ou ansiedade clim\u00e1tica. Mais do que compartilhar a ang\u00fastia, aqui queremos mostrar que voc\u00ea n\u00e3o est\u00e1 sozinho(a) e que, juntos(as), podemos amenizar esse sentimento por meio da a\u00e7\u00e3o propositiva para a mudan\u00e7a que precisamos empreender juntos. Participam dessa roda, m\u00e3es do Fam\u00edlias pelo Clima: Clara Ramos, fundadora do Fam\u00edlias, Daniela Vianna e Samantha Graiki Proen\u00e7a, coautoras da cartilha Educa\u00e7\u00e3o Clim\u00e1tica: Guia Pr\u00e1tico para Fam\u00edlias e Educadoras, uma psic\u00f3loga especializada em ecoansiedade (TBC), al\u00e9m de Ana Catarina Santilli, atriz e autora de livro Olhar para \u201co fim do mundo\u201d.<\/p>\n","protected":false},"excerpt":{"rendered":"<p>Vamos falar de ecoansiedade e transformar ang\u00fastia em a\u00e7\u00e3o? O Fam\u00edlias pelo Clima \u2013 movimento de pais, m\u00e3es, familiares e redes de apoio que promove a\u00e7\u00f5es de justi\u00e7a intergeracional e [&hellip;]<\/p>\n","protected":false},"author":2,"featured_media":0,"template":"","meta":{"_tribe_events_status":"","_tribe_events_status_reason":"","footnotes":""},"tags":[],"tribe_events_cat":[122],"class_list":["post-2070","tribe_events","type-tribe_events","status-publish","hentry","tribe_events_cat-talks","cat_talks"],"_links":{"self":[{"href":"https:\/\/viradasustentavel.org.br\/sao-paulo\/wp-json\/wp\/v2\/tribe_events\/2070","targetHints":{"allow":["GET"]}}],"collection":[{"href":"https:\/\/viradasustentavel.org.br\/sao-paulo\/wp-json\/wp\/v2\/tribe_events"}],"about":[{"href":"https:\/\/viradasustentavel.org.br\/sao-paulo\/wp-json\/wp\/v2\/types\/tribe_events"}],"author":[{"embeddable":true,"href":"https:\/\/viradasustentavel.org.br\/sao-paulo\/wp-json\/wp\/v2\/users\/2"}],"version-history":[{"count":0,"href":"https:\/\/viradasustentavel.org.br\/sao-paulo\/wp-json\/wp\/v2\/tribe_events\/2070\/revisions"}],"wp:attachment":[{"href":"https:\/\/viradasustentavel.org.br\/sao-paulo\/wp-json\/wp\/v2\/media?parent=2070"}],"wp:term":[{"taxonomy":"post_tag","embeddable":true,"href":"https:\/\/viradasustentavel.org.br\/sao-paulo\/wp-json\/wp\/v2\/tags?post=2070"},{"taxonomy":"tribe_events_cat","embeddable":true,"href":"https:\/\/viradasustentavel.org.br\/sao-paulo\/wp-json\/wp\/v2\/tribe_events_cat?post=2070"}],"curies":[{"name":"wp","href":"https:\/\/api.w.org\/{rel}","templated":true}]}}

<p>Vamos falar de ecoansiedade e transformar angústia em ação?<br />
O Famílias pelo Clima – movimento de pais, mães, familiares e redes de apoio que promove ações de justiça intergeracional e educação climática no Brasil – vai promover uma Roda de Conversa sobre ecoansiedade, ou ansiedade climática. Mais do que compartilhar a angústia, aqui queremos mostrar que você não está sozinho(a) e que, juntos(as), podemos amenizar esse sentimento por meio da ação propositiva para a mudança que precisamos empreender juntos. Participam dessa roda, mães do Famílias pelo Clima: Clara Ramos, fundadora do Famílias, Daniela Vianna e Samantha Graiki Proença, coautoras da cartilha Educação Climática: Guia Prático para Famílias e Educadoras, uma psicóloga especializada em ecoansiedade (TBC), além de Ana Catarina Santilli, atriz e autora de livro Olhar para “o fim do mundo”.</p>

<p>Vamos falar de ecoansiedade e transformar angústia em ação? O Famílias pelo Clima – movimento de pais, mães, familiares e redes de apoio que promove ações de justiça intergeracional e [&hellip;]</p>
