{"id":2073,"date":"2025-09-12T20:42:20","date_gmt":"2025-09-12T23:42:20","guid":{"rendered":"https:\/\/viradasustentavel.org.br\/sao-paulo\/eventos\/mesa-redonda-central-da-cop\/"},"modified":"2025-09-12T20:42:20","modified_gmt":"2025-09-12T23:42:20","slug":"mesa-redonda-central-da-cop","status":"publish","type":"tribe_events","link":"https:\/\/viradasustentavel.org.br\/sao-paulo\/eventos\/mesa-redonda-central-da-cop\/","title":{"rendered":"Mesa Redonda \u2013 &#8220;Central da COP&#8221;"},"content":{"rendered":"<p>Um programa de mesa redonda que fala sobre as mudan\u00e7as do clima como se falasse de futebol. Eis a\u00ed a proposta da Central da COP, uma iniciativa do Observat\u00f3rio do Clima criada para tornar um assunto t\u00e3o \u00e1rido \u2013 e t\u00e3o presente em nossas vidas \u2013 em algo mais palat\u00e1vel. Nesta edi\u00e7\u00e3o, na Casa das Rosas, a Central da COP traz uma dupla de ataque afinad\u00edssima no palco: Cinthia Leone, coordenadora da \u00e1rea internacional do Climainfo, e Isis Diniz, coordenadora de comunica\u00e7\u00e3o do Instituto de Energia e Meio Ambiente (Iema). A apresenta\u00e7\u00e3o fica por conta do mobilizador social Gab Caeu Borges, que contar\u00e1 com o &#8220;apoio&#8221; nada bem-vindo do boneco Petroleco, lobista dos combust\u00edveis f\u00f3sseis.<\/p>\n","protected":false},"excerpt":{"rendered":"<p>Um programa de mesa redonda que fala sobre as mudan\u00e7as do clima como se falasse de futebol. Eis a\u00ed a proposta da Central da COP, uma iniciativa do Observat\u00f3rio do [&hellip;]<\/p>\n","protected":false},"author":2,"featured_media":0,"template":"","meta":{"_tribe_events_status":"","_tribe_events_status_reason":"","footnotes":""},"tags":[],"tribe_events_cat":[122],"class_list":["post-2073","tribe_events","type-tribe_events","status-publish","hentry","tribe_events_cat-talks","cat_talks"],"_links":{"self":[{"href":"https:\/\/viradasustentavel.org.br\/sao-paulo\/wp-json\/wp\/v2\/tribe_events\/2073","targetHints":{"allow":["GET"]}}],"collection":[{"href":"https:\/\/viradasustentavel.org.br\/sao-paulo\/wp-json\/wp\/v2\/tribe_events"}],"about":[{"href":"https:\/\/viradasustentavel.org.br\/sao-paulo\/wp-json\/wp\/v2\/types\/tribe_events"}],"author":[{"embeddable":true,"href":"https:\/\/viradasustentavel.org.br\/sao-paulo\/wp-json\/wp\/v2\/users\/2"}],"version-history":[{"count":0,"href":"https:\/\/viradasustentavel.org.br\/sao-paulo\/wp-json\/wp\/v2\/tribe_events\/2073\/revisions"}],"wp:attachment":[{"href":"https:\/\/viradasustentavel.org.br\/sao-paulo\/wp-json\/wp\/v2\/media?parent=2073"}],"wp:term":[{"taxonomy":"post_tag","embeddable":true,"href":"https:\/\/viradasustentavel.org.br\/sao-paulo\/wp-json\/wp\/v2\/tags?post=2073"},{"taxonomy":"tribe_events_cat","embeddable":true,"href":"https:\/\/viradasustentavel.org.br\/sao-paulo\/wp-json\/wp\/v2\/tribe_events_cat?post=2073"}],"curies":[{"name":"wp","href":"https:\/\/api.w.org\/{rel}","templated":true}]}}

<p>Um programa de mesa redonda que fala sobre as mudanças do clima como se falasse de futebol. Eis aí a proposta da Central da COP, uma iniciativa do Observatório do Clima criada para tornar um assunto tão árido – e tão presente em nossas vidas – em algo mais palatável. Nesta edição, na Casa das Rosas, a Central da COP traz uma dupla de ataque afinadíssima no palco: Cinthia Leone, coordenadora da área internacional do Climainfo, e Isis Diniz, coordenadora de comunicação do Instituto de Energia e Meio Ambiente (Iema). A apresentação fica por conta do mobilizador social Gab Caeu Borges, que contará com o &#8220;apoio&#8221; nada bem-vindo do boneco Petroleco, lobista dos combustíveis fósseis.</p>

<p>Um programa de mesa redonda que fala sobre as mudanças do clima como se falasse de futebol. Eis aí a proposta da Central da COP, uma iniciativa do Observatório do [&hellip;]</p>
