{"id":2076,"date":"2025-09-12T20:42:20","date_gmt":"2025-09-12T23:42:20","guid":{"rendered":"https:\/\/viradasustentavel.org.br\/sao-paulo\/eventos\/rodas-das-emocoes-e-clima-perceber-para-recriar\/"},"modified":"2025-09-12T20:42:20","modified_gmt":"2025-09-12T23:42:20","slug":"rodas-das-emocoes-e-clima-perceber-para-recriar","status":"publish","type":"tribe_events","link":"https:\/\/viradasustentavel.org.br\/sao-paulo\/eventos\/rodas-das-emocoes-e-clima-perceber-para-recriar\/","title":{"rendered":"Rodas das Emo\u00e7\u00f5es e Clima: perceber para recriar"},"content":{"rendered":"<p>Rodas das Emo\u00e7\u00f5es e Clima: Perceber para Recriar<\/p>\n","protected":false},"excerpt":{"rendered":"<p>Rodas das Emo\u00e7\u00f5es e Clima: Perceber para Recriar<\/p>\n","protected":false},"author":2,"featured_media":0,"template":"","meta":{"_tribe_events_status":"","_tribe_events_status_reason":"","footnotes":""},"tags":[],"tribe_events_cat":[130],"class_list":["post-2076","tribe_events","type-tribe_events","status-publish","hentry","tribe_events_cat-outros","cat_outros"],"_links":{"self":[{"href":"https:\/\/viradasustentavel.org.br\/sao-paulo\/wp-json\/wp\/v2\/tribe_events\/2076","targetHints":{"allow":["GET"]}}],"collection":[{"href":"https:\/\/viradasustentavel.org.br\/sao-paulo\/wp-json\/wp\/v2\/tribe_events"}],"about":[{"href":"https:\/\/viradasustentavel.org.br\/sao-paulo\/wp-json\/wp\/v2\/types\/tribe_events"}],"author":[{"embeddable":true,"href":"https:\/\/viradasustentavel.org.br\/sao-paulo\/wp-json\/wp\/v2\/users\/2"}],"version-history":[{"count":0,"href":"https:\/\/viradasustentavel.org.br\/sao-paulo\/wp-json\/wp\/v2\/tribe_events\/2076\/revisions"}],"wp:attachment":[{"href":"https:\/\/viradasustentavel.org.br\/sao-paulo\/wp-json\/wp\/v2\/media?parent=2076"}],"wp:term":[{"taxonomy":"post_tag","embeddable":true,"href":"https:\/\/viradasustentavel.org.br\/sao-paulo\/wp-json\/wp\/v2\/tags?post=2076"},{"taxonomy":"tribe_events_cat","embeddable":true,"href":"https:\/\/viradasustentavel.org.br\/sao-paulo\/wp-json\/wp\/v2\/tribe_events_cat?post=2076"}],"curies":[{"name":"wp","href":"https:\/\/api.w.org\/{rel}","templated":true}]}}

Rodas das Emoções e Clima: perceber para recriar

<p>Rodas das Emoções e Clima: Perceber para Recriar</p>
