{"id":2082,"date":"2025-09-12T20:42:49","date_gmt":"2025-09-12T23:42:49","guid":{"rendered":"https:\/\/viradasustentavel.org.br\/sao-paulo\/eventos\/jogo-da-colaboracao-orbita-da-terra\/"},"modified":"2025-09-12T20:42:49","modified_gmt":"2025-09-12T23:42:49","slug":"jogo-da-colaboracao-orbita-da-terra","status":"publish","type":"tribe_events","link":"https:\/\/viradasustentavel.org.br\/sao-paulo\/eventos\/jogo-da-colaboracao-orbita-da-terra\/","title":{"rendered":"Jogo da colabora\u00e7\u00e3o \u2013 \u00d3rbita da Terra"},"content":{"rendered":"<p>Jogo da colabora\u00e7\u00e3o \u2013 \u00d3rbita da Terra, com Simone Catalan, Daisy Klein e Juliana Moreno<\/p>\n","protected":false},"excerpt":{"rendered":"<p>Jogo da colabora\u00e7\u00e3o \u2013 \u00d3rbita da Terra, com Simone Catalan, Daisy Klein e Juliana Moreno<\/p>\n","protected":false},"author":2,"featured_media":0,"template":"","meta":{"_tribe_events_status":"","_tribe_events_status_reason":"","footnotes":""},"tags":[],"tribe_events_cat":[],"class_list":["post-2082","tribe_events","type-tribe_events","status-publish","hentry"],"_links":{"self":[{"href":"https:\/\/viradasustentavel.org.br\/sao-paulo\/wp-json\/wp\/v2\/tribe_events\/2082","targetHints":{"allow":["GET"]}}],"collection":[{"href":"https:\/\/viradasustentavel.org.br\/sao-paulo\/wp-json\/wp\/v2\/tribe_events"}],"about":[{"href":"https:\/\/viradasustentavel.org.br\/sao-paulo\/wp-json\/wp\/v2\/types\/tribe_events"}],"author":[{"embeddable":true,"href":"https:\/\/viradasustentavel.org.br\/sao-paulo\/wp-json\/wp\/v2\/users\/2"}],"version-history":[{"count":0,"href":"https:\/\/viradasustentavel.org.br\/sao-paulo\/wp-json\/wp\/v2\/tribe_events\/2082\/revisions"}],"wp:attachment":[{"href":"https:\/\/viradasustentavel.org.br\/sao-paulo\/wp-json\/wp\/v2\/media?parent=2082"}],"wp:term":[{"taxonomy":"post_tag","embeddable":true,"href":"https:\/\/viradasustentavel.org.br\/sao-paulo\/wp-json\/wp\/v2\/tags?post=2082"},{"taxonomy":"tribe_events_cat","embeddable":true,"href":"https:\/\/viradasustentavel.org.br\/sao-paulo\/wp-json\/wp\/v2\/tribe_events_cat?post=2082"}],"curies":[{"name":"wp","href":"https:\/\/api.w.org\/{rel}","templated":true}]}}

Jogo da colaboração – Órbita da Terra

<p>Jogo da colaboração – Órbita da Terra, com Simone Catalan, Daisy Klein e Juliana Moreno</p>
