{"id":2090,"date":"2025-09-12T20:43:04","date_gmt":"2025-09-12T23:43:04","guid":{"rendered":"https:\/\/viradasustentavel.org.br\/sao-paulo\/eventos\/sessao-de-planetario-hoje-no-ceu\/"},"modified":"2025-09-12T20:43:04","modified_gmt":"2025-09-12T23:43:04","slug":"sessao-de-planetario-hoje-no-ceu","status":"publish","type":"tribe_events","link":"https:\/\/viradasustentavel.org.br\/sao-paulo\/eventos\/sessao-de-planetario-hoje-no-ceu\/","title":{"rendered":"Sess\u00e3o de Planet\u00e1rio: Hoje no C\u00e9u"},"content":{"rendered":"<p>Os recursos do Planet\u00e1rio permitem a contempla\u00e7\u00e3o de um c\u00e9u que muitos j\u00e1 esqueceram: repleto de estrelas, como se n\u00e3o existisse polui\u00e7\u00e3o luminosa e nuvens. Com o planet\u00e1rio podemos viajar no tempo e no espa\u00e7o e observar o c\u00e9u de nossos antepassados, bem como o que nossos descendentes observar\u00e3o no futuro. Nesta sess\u00e3o mostraremos, ao vivo, o que de interessante podemos observar no c\u00e9u do dia da apresenta\u00e7\u00e3o em S\u00e3o Paulo, e de alguma outra data e outro local a ser revelado durante a sess\u00e3o. <\/p>\n","protected":false},"excerpt":{"rendered":"<p>Os recursos do Planet\u00e1rio permitem a contempla\u00e7\u00e3o de um c\u00e9u que muitos j\u00e1 esqueceram: repleto de estrelas, como se n\u00e3o existisse polui\u00e7\u00e3o luminosa e nuvens. Com o planet\u00e1rio podemos viajar [&hellip;]<\/p>\n","protected":false},"author":2,"featured_media":0,"template":"","meta":{"_tribe_events_status":"","_tribe_events_status_reason":"","footnotes":""},"tags":[],"tribe_events_cat":[130],"class_list":["post-2090","tribe_events","type-tribe_events","status-publish","hentry","tribe_events_cat-outros","cat_outros"],"_links":{"self":[{"href":"https:\/\/viradasustentavel.org.br\/sao-paulo\/wp-json\/wp\/v2\/tribe_events\/2090","targetHints":{"allow":["GET"]}}],"collection":[{"href":"https:\/\/viradasustentavel.org.br\/sao-paulo\/wp-json\/wp\/v2\/tribe_events"}],"about":[{"href":"https:\/\/viradasustentavel.org.br\/sao-paulo\/wp-json\/wp\/v2\/types\/tribe_events"}],"author":[{"embeddable":true,"href":"https:\/\/viradasustentavel.org.br\/sao-paulo\/wp-json\/wp\/v2\/users\/2"}],"version-history":[{"count":0,"href":"https:\/\/viradasustentavel.org.br\/sao-paulo\/wp-json\/wp\/v2\/tribe_events\/2090\/revisions"}],"wp:attachment":[{"href":"https:\/\/viradasustentavel.org.br\/sao-paulo\/wp-json\/wp\/v2\/media?parent=2090"}],"wp:term":[{"taxonomy":"post_tag","embeddable":true,"href":"https:\/\/viradasustentavel.org.br\/sao-paulo\/wp-json\/wp\/v2\/tags?post=2090"},{"taxonomy":"tribe_events_cat","embeddable":true,"href":"https:\/\/viradasustentavel.org.br\/sao-paulo\/wp-json\/wp\/v2\/tribe_events_cat?post=2090"}],"curies":[{"name":"wp","href":"https:\/\/api.w.org\/{rel}","templated":true}]}}

Sessão de Planetário: Hoje no Céu

<p>Os recursos do Planetário permitem a contemplação de um céu que muitos já esqueceram: repleto de estrelas, como se não existisse poluição luminosa e nuvens. Com o planetário podemos viajar no tempo e no espaço e observar o céu de nossos antepassados, bem como o que nossos descendentes observarão no futuro. Nesta sessão mostraremos, ao vivo, o que de interessante podemos observar no céu do dia da apresentação em São Paulo, e de alguma outra data e outro local a ser revelado durante a sessão. </p>

<p>Os recursos do Planetário permitem a contemplação de um céu que muitos já esqueceram: repleto de estrelas, como se não existisse poluição luminosa e nuvens. Com o planetário podemos viajar [&hellip;]</p>
