{"id":2102,"date":"2025-09-12T20:43:49","date_gmt":"2025-09-12T23:43:49","guid":{"rendered":"https:\/\/viradasustentavel.org.br\/sao-paulo\/eventos\/caminhada-e-orientacoes-ambientais\/"},"modified":"2025-09-12T20:43:49","modified_gmt":"2025-09-12T23:43:49","slug":"caminhada-e-orientacoes-ambientais","status":"publish","type":"tribe_events","link":"https:\/\/viradasustentavel.org.br\/sao-paulo\/eventos\/caminhada-e-orientacoes-ambientais\/","title":{"rendered":"Caminhada e Orienta\u00e7\u00f5es Ambientais"},"content":{"rendered":"<p>Caminhada pelo Parque Linear Consci\u00eancia Negra, em grupo conduzido pela fisioterapeuta. Durante a caminhada, o Agente de Promo\u00e7\u00e3o Ambiental realizar\u00e1 orienta\u00e7\u00f5es sobre a import\u00e2ncia do verde e das \u00e1rvores para a qualidade de vida e o meio ambiente. <\/p>\n","protected":false},"excerpt":{"rendered":"<p>Caminhada pelo Parque Linear Consci\u00eancia Negra, em grupo conduzido pela fisioterapeuta. Durante a caminhada, o Agente de Promo\u00e7\u00e3o Ambiental realizar\u00e1 orienta\u00e7\u00f5es sobre a import\u00e2ncia do verde e das \u00e1rvores para [&hellip;]<\/p>\n","protected":false},"author":2,"featured_media":0,"template":"","meta":{"_tribe_events_status":"","_tribe_events_status_reason":"","footnotes":""},"tags":[],"tribe_events_cat":[130],"class_list":["post-2102","tribe_events","type-tribe_events","status-publish","hentry","tribe_events_cat-outros","cat_outros"],"_links":{"self":[{"href":"https:\/\/viradasustentavel.org.br\/sao-paulo\/wp-json\/wp\/v2\/tribe_events\/2102","targetHints":{"allow":["GET"]}}],"collection":[{"href":"https:\/\/viradasustentavel.org.br\/sao-paulo\/wp-json\/wp\/v2\/tribe_events"}],"about":[{"href":"https:\/\/viradasustentavel.org.br\/sao-paulo\/wp-json\/wp\/v2\/types\/tribe_events"}],"author":[{"embeddable":true,"href":"https:\/\/viradasustentavel.org.br\/sao-paulo\/wp-json\/wp\/v2\/users\/2"}],"version-history":[{"count":0,"href":"https:\/\/viradasustentavel.org.br\/sao-paulo\/wp-json\/wp\/v2\/tribe_events\/2102\/revisions"}],"wp:attachment":[{"href":"https:\/\/viradasustentavel.org.br\/sao-paulo\/wp-json\/wp\/v2\/media?parent=2102"}],"wp:term":[{"taxonomy":"post_tag","embeddable":true,"href":"https:\/\/viradasustentavel.org.br\/sao-paulo\/wp-json\/wp\/v2\/tags?post=2102"},{"taxonomy":"tribe_events_cat","embeddable":true,"href":"https:\/\/viradasustentavel.org.br\/sao-paulo\/wp-json\/wp\/v2\/tribe_events_cat?post=2102"}],"curies":[{"name":"wp","href":"https:\/\/api.w.org\/{rel}","templated":true}]}}

Caminhada e Orientações Ambientais

<p>Caminhada pelo Parque Linear Consciência Negra, em grupo conduzido pela fisioterapeuta. Durante a caminhada, o Agente de Promoção Ambiental realizará orientações sobre a importância do verde e das árvores para a qualidade de vida e o meio ambiente. </p>

<p>Caminhada pelo Parque Linear Consciência Negra, em grupo conduzido pela fisioterapeuta. Durante a caminhada, o Agente de Promoção Ambiental realizará orientações sobre a importância do verde e das árvores para [&hellip;]</p>
