{"id":2103,"date":"2025-09-12T20:43:49","date_gmt":"2025-09-12T23:43:49","guid":{"rendered":"https:\/\/viradasustentavel.org.br\/sao-paulo\/eventos\/oficina-de-estimulacao-sensorial-com-elementos-naturais\/"},"modified":"2025-09-12T20:43:49","modified_gmt":"2025-09-12T23:43:49","slug":"oficina-de-estimulacao-sensorial-com-elementos-naturais","status":"publish","type":"tribe_events","link":"https:\/\/viradasustentavel.org.br\/sao-paulo\/eventos\/oficina-de-estimulacao-sensorial-com-elementos-naturais\/","title":{"rendered":"Oficina de Estimula\u00e7\u00e3o sensorial com elementos naturais"},"content":{"rendered":"<p>Oficina de pintura art\u00edstica com elementos naturais como folhas, carv\u00e3o, curcuma e urucum, estimulando o contato com elementos naturais e texturais, trabalhando coordena\u00e7\u00e3o motora fina e amplia\u00e7\u00e3o da percep\u00e7\u00e3o da natureza no dia a dia.<\/p>\n","protected":false},"excerpt":{"rendered":"<p>Oficina de pintura art\u00edstica com elementos naturais como folhas, carv\u00e3o, curcuma e urucum, estimulando o contato com elementos naturais e texturais, trabalhando coordena\u00e7\u00e3o motora fina e amplia\u00e7\u00e3o da percep\u00e7\u00e3o da [&hellip;]<\/p>\n","protected":false},"author":2,"featured_media":0,"template":"","meta":{"_tribe_events_status":"","_tribe_events_status_reason":"","footnotes":""},"tags":[],"tribe_events_cat":[107],"class_list":["post-2103","tribe_events","type-tribe_events","status-publish","hentry","tribe_events_cat-oficina","cat_oficina"],"_links":{"self":[{"href":"https:\/\/viradasustentavel.org.br\/sao-paulo\/wp-json\/wp\/v2\/tribe_events\/2103","targetHints":{"allow":["GET"]}}],"collection":[{"href":"https:\/\/viradasustentavel.org.br\/sao-paulo\/wp-json\/wp\/v2\/tribe_events"}],"about":[{"href":"https:\/\/viradasustentavel.org.br\/sao-paulo\/wp-json\/wp\/v2\/types\/tribe_events"}],"author":[{"embeddable":true,"href":"https:\/\/viradasustentavel.org.br\/sao-paulo\/wp-json\/wp\/v2\/users\/2"}],"version-history":[{"count":0,"href":"https:\/\/viradasustentavel.org.br\/sao-paulo\/wp-json\/wp\/v2\/tribe_events\/2103\/revisions"}],"wp:attachment":[{"href":"https:\/\/viradasustentavel.org.br\/sao-paulo\/wp-json\/wp\/v2\/media?parent=2103"}],"wp:term":[{"taxonomy":"post_tag","embeddable":true,"href":"https:\/\/viradasustentavel.org.br\/sao-paulo\/wp-json\/wp\/v2\/tags?post=2103"},{"taxonomy":"tribe_events_cat","embeddable":true,"href":"https:\/\/viradasustentavel.org.br\/sao-paulo\/wp-json\/wp\/v2\/tribe_events_cat?post=2103"}],"curies":[{"name":"wp","href":"https:\/\/api.w.org\/{rel}","templated":true}]}}

Oficina de Estimulação sensorial com elementos naturais

<p>Oficina de pintura artística com elementos naturais como folhas, carvão, curcuma e urucum, estimulando o contato com elementos naturais e texturais, trabalhando coordenação motora fina e ampliação da percepção da natureza no dia a dia.</p>

<p>Oficina de pintura artística com elementos naturais como folhas, carvão, curcuma e urucum, estimulando o contato com elementos naturais e texturais, trabalhando coordenação motora fina e ampliação da percepção da [&hellip;]</p>
