{"id":2106,"date":"2025-09-12T20:43:50","date_gmt":"2025-09-12T23:43:50","guid":{"rendered":"https:\/\/viradasustentavel.org.br\/sao-paulo\/eventos\/palestra-o-mundo-em-que-vivemos\/"},"modified":"2025-09-12T20:43:50","modified_gmt":"2025-09-12T23:43:50","slug":"palestra-o-mundo-em-que-vivemos","status":"publish","type":"tribe_events","link":"https:\/\/viradasustentavel.org.br\/sao-paulo\/eventos\/palestra-o-mundo-em-que-vivemos\/","title":{"rendered":"Palestra: O mundo em que vivemos"},"content":{"rendered":"<p>Os participantes ter\u00e3o a oportunidade de compreender a interconex\u00e3o entre a sa\u00fade humana e o meio ambiente, explorando como as mudan\u00e7as clim\u00e1ticas, a polui\u00e7\u00e3o e outros fatores ambientais afetam diretamente a qualidade de vida.<\/p>\n","protected":false},"excerpt":{"rendered":"<p>Os participantes ter\u00e3o a oportunidade de compreender a interconex\u00e3o entre a sa\u00fade humana e o meio ambiente, explorando como as mudan\u00e7as clim\u00e1ticas, a polui\u00e7\u00e3o e outros fatores ambientais afetam diretamente [&hellip;]<\/p>\n","protected":false},"author":2,"featured_media":0,"template":"","meta":{"_tribe_events_status":"","_tribe_events_status_reason":"","footnotes":""},"tags":[],"tribe_events_cat":[133],"class_list":["post-2106","tribe_events","type-tribe_events","status-publish","hentry","tribe_events_cat-palestra","cat_palestra"],"_links":{"self":[{"href":"https:\/\/viradasustentavel.org.br\/sao-paulo\/wp-json\/wp\/v2\/tribe_events\/2106","targetHints":{"allow":["GET"]}}],"collection":[{"href":"https:\/\/viradasustentavel.org.br\/sao-paulo\/wp-json\/wp\/v2\/tribe_events"}],"about":[{"href":"https:\/\/viradasustentavel.org.br\/sao-paulo\/wp-json\/wp\/v2\/types\/tribe_events"}],"author":[{"embeddable":true,"href":"https:\/\/viradasustentavel.org.br\/sao-paulo\/wp-json\/wp\/v2\/users\/2"}],"version-history":[{"count":0,"href":"https:\/\/viradasustentavel.org.br\/sao-paulo\/wp-json\/wp\/v2\/tribe_events\/2106\/revisions"}],"wp:attachment":[{"href":"https:\/\/viradasustentavel.org.br\/sao-paulo\/wp-json\/wp\/v2\/media?parent=2106"}],"wp:term":[{"taxonomy":"post_tag","embeddable":true,"href":"https:\/\/viradasustentavel.org.br\/sao-paulo\/wp-json\/wp\/v2\/tags?post=2106"},{"taxonomy":"tribe_events_cat","embeddable":true,"href":"https:\/\/viradasustentavel.org.br\/sao-paulo\/wp-json\/wp\/v2\/tribe_events_cat?post=2106"}],"curies":[{"name":"wp","href":"https:\/\/api.w.org\/{rel}","templated":true}]}}

<p>Os participantes terão a oportunidade de compreender a interconexão entre a saúde humana e o meio ambiente, explorando como as mudanças climáticas, a poluição e outros fatores ambientais afetam diretamente a qualidade de vida.</p>

<p>Os participantes terão a oportunidade de compreender a interconexão entre a saúde humana e o meio ambiente, explorando como as mudanças climáticas, a poluição e outros fatores ambientais afetam diretamente [&hellip;]</p>
