{"id":2108,"date":"2025-09-12T20:44:04","date_gmt":"2025-09-12T23:44:04","guid":{"rendered":"https:\/\/viradasustentavel.org.br\/sao-paulo\/eventos\/acao-com-a-corpus-descarte-incorreto\/"},"modified":"2025-09-12T20:44:04","modified_gmt":"2025-09-12T23:44:04","slug":"acao-com-a-corpus-descarte-incorreto","status":"publish","type":"tribe_events","link":"https:\/\/viradasustentavel.org.br\/sao-paulo\/eventos\/acao-com-a-corpus-descarte-incorreto\/","title":{"rendered":"A\u00e7\u00e3o com a CORPUS: Descarte incorreto"},"content":{"rendered":"<p>Os mun\u00edcipes receber\u00e3o orienta\u00e7\u00f5es sobre o descarte de res\u00edduos.<\/p>\n","protected":false},"excerpt":{"rendered":"<p>Os mun\u00edcipes receber\u00e3o orienta\u00e7\u00f5es sobre o descarte de res\u00edduos.<\/p>\n","protected":false},"author":2,"featured_media":0,"template":"","meta":{"_tribe_events_status":"","_tribe_events_status_reason":"","footnotes":""},"tags":[],"tribe_events_cat":[130],"class_list":["post-2108","tribe_events","type-tribe_events","status-publish","hentry","tribe_events_cat-outros","cat_outros"],"_links":{"self":[{"href":"https:\/\/viradasustentavel.org.br\/sao-paulo\/wp-json\/wp\/v2\/tribe_events\/2108","targetHints":{"allow":["GET"]}}],"collection":[{"href":"https:\/\/viradasustentavel.org.br\/sao-paulo\/wp-json\/wp\/v2\/tribe_events"}],"about":[{"href":"https:\/\/viradasustentavel.org.br\/sao-paulo\/wp-json\/wp\/v2\/types\/tribe_events"}],"author":[{"embeddable":true,"href":"https:\/\/viradasustentavel.org.br\/sao-paulo\/wp-json\/wp\/v2\/users\/2"}],"version-history":[{"count":0,"href":"https:\/\/viradasustentavel.org.br\/sao-paulo\/wp-json\/wp\/v2\/tribe_events\/2108\/revisions"}],"wp:attachment":[{"href":"https:\/\/viradasustentavel.org.br\/sao-paulo\/wp-json\/wp\/v2\/media?parent=2108"}],"wp:term":[{"taxonomy":"post_tag","embeddable":true,"href":"https:\/\/viradasustentavel.org.br\/sao-paulo\/wp-json\/wp\/v2\/tags?post=2108"},{"taxonomy":"tribe_events_cat","embeddable":true,"href":"https:\/\/viradasustentavel.org.br\/sao-paulo\/wp-json\/wp\/v2\/tribe_events_cat?post=2108"}],"curies":[{"name":"wp","href":"https:\/\/api.w.org\/{rel}","templated":true}]}}

Ação com a CORPUS: Descarte incorreto

<p>Os munícipes receberão orientações sobre o descarte de resíduos.</p>
