{"id":2111,"date":"2025-09-12T20:44:05","date_gmt":"2025-09-12T23:44:05","guid":{"rendered":"https:\/\/viradasustentavel.org.br\/sao-paulo\/eventos\/oficina-de-fitoterapicos\/"},"modified":"2025-09-12T20:44:05","modified_gmt":"2025-09-12T23:44:05","slug":"oficina-de-fitoterapicos","status":"publish","type":"tribe_events","link":"https:\/\/viradasustentavel.org.br\/sao-paulo\/eventos\/oficina-de-fitoterapicos\/","title":{"rendered":"Oficina de Fitoter\u00e1picos"},"content":{"rendered":"<p>Ensino te\u00f3rico e pr\u00e1tico sobre o uso de plantas medicinais, com foco na prepara\u00e7\u00e3o, dosagem e aplica\u00e7\u00e3o segura dessas subst\u00e2ncias. Os participantes aprendem a identificar, preparar (como ch\u00e1s, pomadas, tinturas) e entender a legisla\u00e7\u00e3o \u00e9tica e poss\u00edveis intera\u00e7\u00f5es com medicamentos convencionais.<\/p>\n","protected":false},"excerpt":{"rendered":"<p>Ensino te\u00f3rico e pr\u00e1tico sobre o uso de plantas medicinais, com foco na prepara\u00e7\u00e3o, dosagem e aplica\u00e7\u00e3o segura dessas subst\u00e2ncias. Os participantes aprendem a identificar, preparar (como ch\u00e1s, pomadas, tinturas) [&hellip;]<\/p>\n","protected":false},"author":2,"featured_media":0,"template":"","meta":{"_tribe_events_status":"","_tribe_events_status_reason":"","footnotes":""},"tags":[],"tribe_events_cat":[107],"class_list":["post-2111","tribe_events","type-tribe_events","status-publish","hentry","tribe_events_cat-oficina","cat_oficina"],"_links":{"self":[{"href":"https:\/\/viradasustentavel.org.br\/sao-paulo\/wp-json\/wp\/v2\/tribe_events\/2111","targetHints":{"allow":["GET"]}}],"collection":[{"href":"https:\/\/viradasustentavel.org.br\/sao-paulo\/wp-json\/wp\/v2\/tribe_events"}],"about":[{"href":"https:\/\/viradasustentavel.org.br\/sao-paulo\/wp-json\/wp\/v2\/types\/tribe_events"}],"author":[{"embeddable":true,"href":"https:\/\/viradasustentavel.org.br\/sao-paulo\/wp-json\/wp\/v2\/users\/2"}],"version-history":[{"count":0,"href":"https:\/\/viradasustentavel.org.br\/sao-paulo\/wp-json\/wp\/v2\/tribe_events\/2111\/revisions"}],"wp:attachment":[{"href":"https:\/\/viradasustentavel.org.br\/sao-paulo\/wp-json\/wp\/v2\/media?parent=2111"}],"wp:term":[{"taxonomy":"post_tag","embeddable":true,"href":"https:\/\/viradasustentavel.org.br\/sao-paulo\/wp-json\/wp\/v2\/tags?post=2111"},{"taxonomy":"tribe_events_cat","embeddable":true,"href":"https:\/\/viradasustentavel.org.br\/sao-paulo\/wp-json\/wp\/v2\/tribe_events_cat?post=2111"}],"curies":[{"name":"wp","href":"https:\/\/api.w.org\/{rel}","templated":true}]}}

Oficina de Fitoterápicos

<p>Ensino teórico e prático sobre o uso de plantas medicinais, com foco na preparação, dosagem e aplicação segura dessas substâncias. Os participantes aprendem a identificar, preparar (como chás, pomadas, tinturas) e entender a legislação ética e possíveis interações com medicamentos convencionais.</p>

<p>Ensino teórico e prático sobre o uso de plantas medicinais, com foco na preparação, dosagem e aplicação segura dessas substâncias. Os participantes aprendem a identificar, preparar (como chás, pomadas, tinturas) [&hellip;]</p>
