{"id":2116,"date":"2025-09-12T20:44:21","date_gmt":"2025-09-12T23:44:21","guid":{"rendered":"https:\/\/viradasustentavel.org.br\/sao-paulo\/eventos\/palestra-e-orientacoes-reuniao-de-conselho-gestor\/"},"modified":"2025-09-12T20:44:21","modified_gmt":"2025-09-12T23:44:21","slug":"palestra-e-orientacoes-reuniao-de-conselho-gestor","status":"publish","type":"tribe_events","link":"https:\/\/viradasustentavel.org.br\/sao-paulo\/eventos\/palestra-e-orientacoes-reuniao-de-conselho-gestor\/","title":{"rendered":"Palestra e Orienta\u00e7\u00f5es \u2013 Reuni\u00e3o de Conselho Gestor"},"content":{"rendered":"<p>ORIENTA\u00c7\u00d5ES SOBRE AS ODS E POL\u00cdTICA SOCIOAMBIENTAL<\/p>\n","protected":false},"excerpt":{"rendered":"<p>ORIENTA\u00c7\u00d5ES SOBRE AS ODS E POL\u00cdTICA SOCIOAMBIENTAL<\/p>\n","protected":false},"author":2,"featured_media":0,"template":"","meta":{"_tribe_events_status":"","_tribe_events_status_reason":"","footnotes":""},"tags":[],"tribe_events_cat":[133],"class_list":["post-2116","tribe_events","type-tribe_events","status-publish","hentry","tribe_events_cat-palestra","cat_palestra"],"_links":{"self":[{"href":"https:\/\/viradasustentavel.org.br\/sao-paulo\/wp-json\/wp\/v2\/tribe_events\/2116","targetHints":{"allow":["GET"]}}],"collection":[{"href":"https:\/\/viradasustentavel.org.br\/sao-paulo\/wp-json\/wp\/v2\/tribe_events"}],"about":[{"href":"https:\/\/viradasustentavel.org.br\/sao-paulo\/wp-json\/wp\/v2\/types\/tribe_events"}],"author":[{"embeddable":true,"href":"https:\/\/viradasustentavel.org.br\/sao-paulo\/wp-json\/wp\/v2\/users\/2"}],"version-history":[{"count":0,"href":"https:\/\/viradasustentavel.org.br\/sao-paulo\/wp-json\/wp\/v2\/tribe_events\/2116\/revisions"}],"wp:attachment":[{"href":"https:\/\/viradasustentavel.org.br\/sao-paulo\/wp-json\/wp\/v2\/media?parent=2116"}],"wp:term":[{"taxonomy":"post_tag","embeddable":true,"href":"https:\/\/viradasustentavel.org.br\/sao-paulo\/wp-json\/wp\/v2\/tags?post=2116"},{"taxonomy":"tribe_events_cat","embeddable":true,"href":"https:\/\/viradasustentavel.org.br\/sao-paulo\/wp-json\/wp\/v2\/tribe_events_cat?post=2116"}],"curies":[{"name":"wp","href":"https:\/\/api.w.org\/{rel}","templated":true}]}}

Palestra e Orientações – Reunião de Conselho Gestor

<p>ORIENTAÇÕES SOBRE AS ODS E POLÍTICA SOCIOAMBIENTAL</p>
