{"id":2117,"date":"2025-09-12T20:44:34","date_gmt":"2025-09-12T23:44:34","guid":{"rendered":"https:\/\/viradasustentavel.org.br\/sao-paulo\/eventos\/danca-circular\/"},"modified":"2025-09-12T20:44:34","modified_gmt":"2025-09-12T23:44:34","slug":"danca-circular","status":"publish","type":"tribe_events","link":"https:\/\/viradasustentavel.org.br\/sao-paulo\/eventos\/danca-circular\/","title":{"rendered":"Dan\u00e7a Circular"},"content":{"rendered":"<p>Dan\u00e7a circular com a psic\u00f3loga Fernanda, utilizando o momento para cantigas relacionadas \u00e0s quest\u00f5es ambientais e como estas podem afetar, positiva e negativamente, a sa\u00fade humana. <\/p>\n","protected":false},"excerpt":{"rendered":"<p>Dan\u00e7a circular com a psic\u00f3loga Fernanda, utilizando o momento para cantigas relacionadas \u00e0s quest\u00f5es ambientais e como estas podem afetar, positiva e negativamente, a sa\u00fade humana.<\/p>\n","protected":false},"author":2,"featured_media":0,"template":"","meta":{"_tribe_events_status":"","_tribe_events_status_reason":"","footnotes":""},"tags":[],"tribe_events_cat":[137],"class_list":["post-2117","tribe_events","type-tribe_events","status-publish","hentry","tribe_events_cat-danca","cat_danca"],"_links":{"self":[{"href":"https:\/\/viradasustentavel.org.br\/sao-paulo\/wp-json\/wp\/v2\/tribe_events\/2117","targetHints":{"allow":["GET"]}}],"collection":[{"href":"https:\/\/viradasustentavel.org.br\/sao-paulo\/wp-json\/wp\/v2\/tribe_events"}],"about":[{"href":"https:\/\/viradasustentavel.org.br\/sao-paulo\/wp-json\/wp\/v2\/types\/tribe_events"}],"author":[{"embeddable":true,"href":"https:\/\/viradasustentavel.org.br\/sao-paulo\/wp-json\/wp\/v2\/users\/2"}],"version-history":[{"count":0,"href":"https:\/\/viradasustentavel.org.br\/sao-paulo\/wp-json\/wp\/v2\/tribe_events\/2117\/revisions"}],"wp:attachment":[{"href":"https:\/\/viradasustentavel.org.br\/sao-paulo\/wp-json\/wp\/v2\/media?parent=2117"}],"wp:term":[{"taxonomy":"post_tag","embeddable":true,"href":"https:\/\/viradasustentavel.org.br\/sao-paulo\/wp-json\/wp\/v2\/tags?post=2117"},{"taxonomy":"tribe_events_cat","embeddable":true,"href":"https:\/\/viradasustentavel.org.br\/sao-paulo\/wp-json\/wp\/v2\/tribe_events_cat?post=2117"}],"curies":[{"name":"wp","href":"https:\/\/api.w.org\/{rel}","templated":true}]}}

Dança Circular

<p>Dança circular com a psicóloga Fernanda, utilizando o momento para cantigas relacionadas às questões ambientais e como estas podem afetar, positiva e negativamente, a saúde humana. </p>

<p>Dança circular com a psicóloga Fernanda, utilizando o momento para cantigas relacionadas às questões ambientais e como estas podem afetar, positiva e negativamente, a saúde humana.</p>
