{"id":2126,"date":"2025-09-12T20:44:50","date_gmt":"2025-09-12T23:44:50","guid":{"rendered":"https:\/\/viradasustentavel.org.br\/sao-paulo\/eventos\/oficina-de-compostagem\/"},"modified":"2025-09-12T20:44:50","modified_gmt":"2025-09-12T23:44:50","slug":"oficina-de-compostagem","status":"publish","type":"tribe_events","link":"https:\/\/viradasustentavel.org.br\/sao-paulo\/eventos\/oficina-de-compostagem\/","title":{"rendered":"Oficina de compostagem"},"content":{"rendered":"<p>APA junto com a nutricionista orientar\u00e1 usu\u00e1rios como fazer uma composteira caseira de maneira simples, e com isso, aproveitar os res\u00edduos dos alimentos e tamb\u00e9m diminuir a quantidade de res\u00edduos descartados.<\/p>\n","protected":false},"excerpt":{"rendered":"<p>APA junto com a nutricionista orientar\u00e1 usu\u00e1rios como fazer uma composteira caseira de maneira simples, e com isso, aproveitar os res\u00edduos dos alimentos e tamb\u00e9m diminuir a quantidade de res\u00edduos [&hellip;]<\/p>\n","protected":false},"author":2,"featured_media":0,"template":"","meta":{"_tribe_events_status":"","_tribe_events_status_reason":"","footnotes":""},"tags":[143,144],"tribe_events_cat":[107],"class_list":["post-2126","tribe_events","type-tribe_events","status-publish","hentry","tag-apa","tag-nutricionista-e-acs","tribe_events_cat-oficina","cat_oficina"],"_links":{"self":[{"href":"https:\/\/viradasustentavel.org.br\/sao-paulo\/wp-json\/wp\/v2\/tribe_events\/2126","targetHints":{"allow":["GET"]}}],"collection":[{"href":"https:\/\/viradasustentavel.org.br\/sao-paulo\/wp-json\/wp\/v2\/tribe_events"}],"about":[{"href":"https:\/\/viradasustentavel.org.br\/sao-paulo\/wp-json\/wp\/v2\/types\/tribe_events"}],"author":[{"embeddable":true,"href":"https:\/\/viradasustentavel.org.br\/sao-paulo\/wp-json\/wp\/v2\/users\/2"}],"version-history":[{"count":0,"href":"https:\/\/viradasustentavel.org.br\/sao-paulo\/wp-json\/wp\/v2\/tribe_events\/2126\/revisions"}],"wp:attachment":[{"href":"https:\/\/viradasustentavel.org.br\/sao-paulo\/wp-json\/wp\/v2\/media?parent=2126"}],"wp:term":[{"taxonomy":"post_tag","embeddable":true,"href":"https:\/\/viradasustentavel.org.br\/sao-paulo\/wp-json\/wp\/v2\/tags?post=2126"},{"taxonomy":"tribe_events_cat","embeddable":true,"href":"https:\/\/viradasustentavel.org.br\/sao-paulo\/wp-json\/wp\/v2\/tribe_events_cat?post=2126"}],"curies":[{"name":"wp","href":"https:\/\/api.w.org\/{rel}","templated":true}]}}

<p>APA junto com a nutricionista orientará usuários como fazer uma composteira caseira de maneira simples, e com isso, aproveitar os resíduos dos alimentos e também diminuir a quantidade de resíduos descartados.</p>

<p>APA junto com a nutricionista orientará usuários como fazer uma composteira caseira de maneira simples, e com isso, aproveitar os resíduos dos alimentos e também diminuir a quantidade de resíduos [&hellip;]</p>
