{"id":2129,"date":"2025-09-12T20:45:05","date_gmt":"2025-09-12T23:45:05","guid":{"rendered":"https:\/\/viradasustentavel.org.br\/sao-paulo\/eventos\/acao-sobre-mudancas-climaticas\/"},"modified":"2025-09-12T20:45:05","modified_gmt":"2025-09-12T23:45:05","slug":"acao-sobre-mudancas-climaticas","status":"publish","type":"tribe_events","link":"https:\/\/viradasustentavel.org.br\/sao-paulo\/eventos\/acao-sobre-mudancas-climaticas\/","title":{"rendered":"A\u00e7\u00e3o sobre mudan\u00e7as clim\u00e1ticas"},"content":{"rendered":"<p>Iremos realizar uma Roda de Conversa interativa com o tema de mudan\u00e7as clim\u00e1ticas com a inten\u00e7\u00e3o de despertar a curiosidade de como podemos mudar a situa\u00e7\u00e3o a partir de agora.<\/p>\n","protected":false},"excerpt":{"rendered":"<p>Iremos realizar uma Roda de Conversa interativa com o tema de mudan\u00e7as clim\u00e1ticas com a inten\u00e7\u00e3o de despertar a curiosidade de como podemos mudar a situa\u00e7\u00e3o a partir de agora.<\/p>\n","protected":false},"author":2,"featured_media":0,"template":"","meta":{"_tribe_events_status":"","_tribe_events_status_reason":"","footnotes":""},"tags":[],"tribe_events_cat":[130],"class_list":["post-2129","tribe_events","type-tribe_events","status-publish","hentry","tribe_events_cat-outros","cat_outros"],"_links":{"self":[{"href":"https:\/\/viradasustentavel.org.br\/sao-paulo\/wp-json\/wp\/v2\/tribe_events\/2129","targetHints":{"allow":["GET"]}}],"collection":[{"href":"https:\/\/viradasustentavel.org.br\/sao-paulo\/wp-json\/wp\/v2\/tribe_events"}],"about":[{"href":"https:\/\/viradasustentavel.org.br\/sao-paulo\/wp-json\/wp\/v2\/types\/tribe_events"}],"author":[{"embeddable":true,"href":"https:\/\/viradasustentavel.org.br\/sao-paulo\/wp-json\/wp\/v2\/users\/2"}],"version-history":[{"count":0,"href":"https:\/\/viradasustentavel.org.br\/sao-paulo\/wp-json\/wp\/v2\/tribe_events\/2129\/revisions"}],"wp:attachment":[{"href":"https:\/\/viradasustentavel.org.br\/sao-paulo\/wp-json\/wp\/v2\/media?parent=2129"}],"wp:term":[{"taxonomy":"post_tag","embeddable":true,"href":"https:\/\/viradasustentavel.org.br\/sao-paulo\/wp-json\/wp\/v2\/tags?post=2129"},{"taxonomy":"tribe_events_cat","embeddable":true,"href":"https:\/\/viradasustentavel.org.br\/sao-paulo\/wp-json\/wp\/v2\/tribe_events_cat?post=2129"}],"curies":[{"name":"wp","href":"https:\/\/api.w.org\/{rel}","templated":true}]}}

Ação sobre mudanças climáticas

<p>Iremos realizar uma Roda de Conversa interativa com o tema de mudanças climáticas com a intenção de despertar a curiosidade de como podemos mudar a situação a partir de agora.</p>
