{"id":2133,"date":"2025-09-12T20:45:19","date_gmt":"2025-09-12T23:45:19","guid":{"rendered":"https:\/\/viradasustentavel.org.br\/sao-paulo\/eventos\/reciclarte\/"},"modified":"2025-09-12T20:45:19","modified_gmt":"2025-09-12T23:45:19","slug":"reciclarte","status":"publish","type":"tribe_events","link":"https:\/\/viradasustentavel.org.br\/sao-paulo\/eventos\/reciclarte\/","title":{"rendered":"ReciclArte"},"content":{"rendered":"<p>A\u00e7\u00e3o coletiva voltada para a sa\u00fade da pessoa idosa e sustentabilidade. A\u00e7\u00e3o focada na rela\u00e7\u00e3o Sa\u00fade e Meio Ambiente.<\/p>\n","protected":false},"excerpt":{"rendered":"<p>A\u00e7\u00e3o coletiva voltada para a sa\u00fade da pessoa idosa e sustentabilidade. A\u00e7\u00e3o focada na rela\u00e7\u00e3o Sa\u00fade e Meio Ambiente.<\/p>\n","protected":false},"author":2,"featured_media":0,"template":"","meta":{"_tribe_events_status":"","_tribe_events_status_reason":"","footnotes":""},"tags":[146],"tribe_events_cat":[],"class_list":["post-2133","tribe_events","type-tribe_events","status-publish","hentry","tag-n-a"],"_links":{"self":[{"href":"https:\/\/viradasustentavel.org.br\/sao-paulo\/wp-json\/wp\/v2\/tribe_events\/2133","targetHints":{"allow":["GET"]}}],"collection":[{"href":"https:\/\/viradasustentavel.org.br\/sao-paulo\/wp-json\/wp\/v2\/tribe_events"}],"about":[{"href":"https:\/\/viradasustentavel.org.br\/sao-paulo\/wp-json\/wp\/v2\/types\/tribe_events"}],"author":[{"embeddable":true,"href":"https:\/\/viradasustentavel.org.br\/sao-paulo\/wp-json\/wp\/v2\/users\/2"}],"version-history":[{"count":0,"href":"https:\/\/viradasustentavel.org.br\/sao-paulo\/wp-json\/wp\/v2\/tribe_events\/2133\/revisions"}],"wp:attachment":[{"href":"https:\/\/viradasustentavel.org.br\/sao-paulo\/wp-json\/wp\/v2\/media?parent=2133"}],"wp:term":[{"taxonomy":"post_tag","embeddable":true,"href":"https:\/\/viradasustentavel.org.br\/sao-paulo\/wp-json\/wp\/v2\/tags?post=2133"},{"taxonomy":"tribe_events_cat","embeddable":true,"href":"https:\/\/viradasustentavel.org.br\/sao-paulo\/wp-json\/wp\/v2\/tribe_events_cat?post=2133"}],"curies":[{"name":"wp","href":"https:\/\/api.w.org\/{rel}","templated":true}]}}

<p>Ação coletiva voltada para a saúde da pessoa idosa e sustentabilidade. Ação focada na relação Saúde e Meio Ambiente.</p>
