{"id":2136,"date":"2025-09-12T20:45:20","date_gmt":"2025-09-12T23:45:20","guid":{"rendered":"https:\/\/viradasustentavel.org.br\/sao-paulo\/eventos\/oficina-de-vasos-com-materiais-reutilizaveis\/"},"modified":"2025-09-12T20:45:20","modified_gmt":"2025-09-12T23:45:20","slug":"oficina-de-vasos-com-materiais-reutilizaveis","status":"publish","type":"tribe_events","link":"https:\/\/viradasustentavel.org.br\/sao-paulo\/eventos\/oficina-de-vasos-com-materiais-reutilizaveis\/","title":{"rendered":"Oficina de vasos com materiais reutiliz\u00e1veis"},"content":{"rendered":"<p>Confec\u00e7\u00e3o de vasos utilizando materiais recicl\u00e1veis ou objetos domiciliares sem uso, com o objetivo de conscientizar os mun\u00edcipes sobre a import\u00e2ncia de dois dos 5Rs da sustentabilidade.<\/p>\n","protected":false},"excerpt":{"rendered":"<p>Confec\u00e7\u00e3o de vasos utilizando materiais recicl\u00e1veis ou objetos domiciliares sem uso, com o objetivo de conscientizar os mun\u00edcipes sobre a import\u00e2ncia de dois dos 5Rs da sustentabilidade.<\/p>\n","protected":false},"author":2,"featured_media":0,"template":"","meta":{"_tribe_events_status":"","_tribe_events_status_reason":"","footnotes":""},"tags":[],"tribe_events_cat":[107],"class_list":["post-2136","tribe_events","type-tribe_events","status-publish","hentry","tribe_events_cat-oficina","cat_oficina"],"_links":{"self":[{"href":"https:\/\/viradasustentavel.org.br\/sao-paulo\/wp-json\/wp\/v2\/tribe_events\/2136","targetHints":{"allow":["GET"]}}],"collection":[{"href":"https:\/\/viradasustentavel.org.br\/sao-paulo\/wp-json\/wp\/v2\/tribe_events"}],"about":[{"href":"https:\/\/viradasustentavel.org.br\/sao-paulo\/wp-json\/wp\/v2\/types\/tribe_events"}],"author":[{"embeddable":true,"href":"https:\/\/viradasustentavel.org.br\/sao-paulo\/wp-json\/wp\/v2\/users\/2"}],"version-history":[{"count":0,"href":"https:\/\/viradasustentavel.org.br\/sao-paulo\/wp-json\/wp\/v2\/tribe_events\/2136\/revisions"}],"wp:attachment":[{"href":"https:\/\/viradasustentavel.org.br\/sao-paulo\/wp-json\/wp\/v2\/media?parent=2136"}],"wp:term":[{"taxonomy":"post_tag","embeddable":true,"href":"https:\/\/viradasustentavel.org.br\/sao-paulo\/wp-json\/wp\/v2\/tags?post=2136"},{"taxonomy":"tribe_events_cat","embeddable":true,"href":"https:\/\/viradasustentavel.org.br\/sao-paulo\/wp-json\/wp\/v2\/tribe_events_cat?post=2136"}],"curies":[{"name":"wp","href":"https:\/\/api.w.org\/{rel}","templated":true}]}}

Oficina de vasos com materiais reutilizáveis

<p>Confecção de vasos utilizando materiais recicláveis ou objetos domiciliares sem uso, com o objetivo de conscientizar os munícipes sobre a importância de dois dos 5Rs da sustentabilidade.</p>
