{"id":2137,"date":"2025-09-12T20:45:34","date_gmt":"2025-09-12T23:45:34","guid":{"rendered":"https:\/\/viradasustentavel.org.br\/sao-paulo\/eventos\/festa-da-primavera\/"},"modified":"2025-09-12T20:45:34","modified_gmt":"2025-09-12T23:45:34","slug":"festa-da-primavera","status":"publish","type":"tribe_events","link":"https:\/\/viradasustentavel.org.br\/sao-paulo\/eventos\/festa-da-primavera\/","title":{"rendered":"Festa da Primavera"},"content":{"rendered":"<p>Por meio da proposta do tema Primavera, a equipe vai desenvolver um evento de sa\u00fade mental, meio ambiente e sustentabilidade atrav\u00e9s de mesas expositivas, viv\u00eancias l\u00fadicas, apresenta\u00e7\u00f5es art\u00edsticas e PICS em um espa\u00e7o p\u00fablico do territ\u00f3rio. <\/p>\n","protected":false},"excerpt":{"rendered":"<p>Por meio da proposta do tema Primavera, a equipe vai desenvolver um evento de sa\u00fade mental, meio ambiente e sustentabilidade atrav\u00e9s de mesas expositivas, viv\u00eancias l\u00fadicas, apresenta\u00e7\u00f5es art\u00edsticas e PICS [&hellip;]<\/p>\n","protected":false},"author":2,"featured_media":0,"template":"","meta":{"_tribe_events_status":"","_tribe_events_status_reason":"","footnotes":""},"tags":[146],"tribe_events_cat":[130],"class_list":["post-2137","tribe_events","type-tribe_events","status-publish","hentry","tag-n-a","tribe_events_cat-outros","cat_outros"],"_links":{"self":[{"href":"https:\/\/viradasustentavel.org.br\/sao-paulo\/wp-json\/wp\/v2\/tribe_events\/2137","targetHints":{"allow":["GET"]}}],"collection":[{"href":"https:\/\/viradasustentavel.org.br\/sao-paulo\/wp-json\/wp\/v2\/tribe_events"}],"about":[{"href":"https:\/\/viradasustentavel.org.br\/sao-paulo\/wp-json\/wp\/v2\/types\/tribe_events"}],"author":[{"embeddable":true,"href":"https:\/\/viradasustentavel.org.br\/sao-paulo\/wp-json\/wp\/v2\/users\/2"}],"version-history":[{"count":0,"href":"https:\/\/viradasustentavel.org.br\/sao-paulo\/wp-json\/wp\/v2\/tribe_events\/2137\/revisions"}],"wp:attachment":[{"href":"https:\/\/viradasustentavel.org.br\/sao-paulo\/wp-json\/wp\/v2\/media?parent=2137"}],"wp:term":[{"taxonomy":"post_tag","embeddable":true,"href":"https:\/\/viradasustentavel.org.br\/sao-paulo\/wp-json\/wp\/v2\/tags?post=2137"},{"taxonomy":"tribe_events_cat","embeddable":true,"href":"https:\/\/viradasustentavel.org.br\/sao-paulo\/wp-json\/wp\/v2\/tribe_events_cat?post=2137"}],"curies":[{"name":"wp","href":"https:\/\/api.w.org\/{rel}","templated":true}]}}

<p>Por meio da proposta do tema Primavera, a equipe vai desenvolver um evento de saúde mental, meio ambiente e sustentabilidade através de mesas expositivas, vivências lúdicas, apresentações artísticas e PICS em um espaço público do território. </p>

<p>Por meio da proposta do tema Primavera, a equipe vai desenvolver um evento de saúde mental, meio ambiente e sustentabilidade através de mesas expositivas, vivências lúdicas, apresentações artísticas e PICS [&hellip;]</p>
