{"id":2146,"date":"2025-09-12T20:45:50","date_gmt":"2025-09-12T23:45:50","guid":{"rendered":"https:\/\/viradasustentavel.org.br\/sao-paulo\/eventos\/oficina-de-plantio-de-sementes\/"},"modified":"2025-09-12T20:45:50","modified_gmt":"2025-09-12T23:45:50","slug":"oficina-de-plantio-de-sementes","status":"publish","type":"tribe_events","link":"https:\/\/viradasustentavel.org.br\/sao-paulo\/eventos\/oficina-de-plantio-de-sementes\/","title":{"rendered":"Oficina de Plantio de sementes"},"content":{"rendered":"<p>Os participantes ir\u00e3o conforme orienta\u00e7\u00e3o dos profissionais fazer o plantio de sementes que ser\u00e3o posteriormente colocadas na sementeira, conforme as sementes forem se desenvolvendo as mesmas ser\u00e3o replantadas na horta para desenvolvimento de diversos eixos de educa\u00e7\u00e3o dentro da UBS, como educa\u00e7\u00e3o alimentar, mental e ambiental. A horta tamb\u00e9m dar\u00e1 retorno \u00e0 popula\u00e7\u00e3o, podendo ser feito a colheita do que for produzido dentro dos canteiros.<\/p>\n","protected":false},"excerpt":{"rendered":"<p>Os participantes ir\u00e3o conforme orienta\u00e7\u00e3o dos profissionais fazer o plantio de sementes que ser\u00e3o posteriormente colocadas na sementeira, conforme as sementes forem se desenvolvendo as mesmas ser\u00e3o replantadas na horta [&hellip;]<\/p>\n","protected":false},"author":2,"featured_media":0,"template":"","meta":{"_tribe_events_status":"","_tribe_events_status_reason":"","footnotes":""},"tags":[151,150],"tribe_events_cat":[107],"class_list":["post-2146","tribe_events","type-tribe_events","status-publish","hentry","tag-banheiro-para-cadeirante-ubs-de-facil-acesso","tag-calcada-rebaixada","tribe_events_cat-oficina","cat_oficina"],"_links":{"self":[{"href":"https:\/\/viradasustentavel.org.br\/sao-paulo\/wp-json\/wp\/v2\/tribe_events\/2146","targetHints":{"allow":["GET"]}}],"collection":[{"href":"https:\/\/viradasustentavel.org.br\/sao-paulo\/wp-json\/wp\/v2\/tribe_events"}],"about":[{"href":"https:\/\/viradasustentavel.org.br\/sao-paulo\/wp-json\/wp\/v2\/types\/tribe_events"}],"author":[{"embeddable":true,"href":"https:\/\/viradasustentavel.org.br\/sao-paulo\/wp-json\/wp\/v2\/users\/2"}],"version-history":[{"count":0,"href":"https:\/\/viradasustentavel.org.br\/sao-paulo\/wp-json\/wp\/v2\/tribe_events\/2146\/revisions"}],"wp:attachment":[{"href":"https:\/\/viradasustentavel.org.br\/sao-paulo\/wp-json\/wp\/v2\/media?parent=2146"}],"wp:term":[{"taxonomy":"post_tag","embeddable":true,"href":"https:\/\/viradasustentavel.org.br\/sao-paulo\/wp-json\/wp\/v2\/tags?post=2146"},{"taxonomy":"tribe_events_cat","embeddable":true,"href":"https:\/\/viradasustentavel.org.br\/sao-paulo\/wp-json\/wp\/v2\/tribe_events_cat?post=2146"}],"curies":[{"name":"wp","href":"https:\/\/api.w.org\/{rel}","templated":true}]}}

<p>Os participantes irão conforme orientação dos profissionais fazer o plantio de sementes que serão posteriormente colocadas na sementeira, conforme as sementes forem se desenvolvendo as mesmas serão replantadas na horta para desenvolvimento de diversos eixos de educação dentro da UBS, como educação alimentar, mental e ambiental. A horta também dará retorno à população, podendo ser feito a colheita do que for produzido dentro dos canteiros.</p>

<p>Os participantes irão conforme orientação dos profissionais fazer o plantio de sementes que serão posteriormente colocadas na sementeira, conforme as sementes forem se desenvolvendo as mesmas serão replantadas na horta [&hellip;]</p>
