{"id":2157,"date":"2025-09-12T20:46:34","date_gmt":"2025-09-12T23:46:34","guid":{"rendered":"https:\/\/viradasustentavel.org.br\/sao-paulo\/eventos\/workshop-de-cultivo-de-microverdes\/"},"modified":"2025-09-12T20:46:34","modified_gmt":"2025-09-12T23:46:34","slug":"workshop-de-cultivo-de-microverdes","status":"publish","type":"tribe_events","link":"https:\/\/viradasustentavel.org.br\/sao-paulo\/eventos\/workshop-de-cultivo-de-microverdes\/","title":{"rendered":"Workshop de cultivo de microverdes"},"content":{"rendered":"<p>Workshop sobre cultivo de microverdes voltado para um grupo de alfabetiza\u00e7\u00e3o de idosos. A atividade ensinar\u00e1 como cultivar em casa, promovendo o enriquecimento nutricional de forma pr\u00e1tica e acess\u00edvel.<\/p>\n","protected":false},"excerpt":{"rendered":"<p>Workshop sobre cultivo de microverdes voltado para um grupo de alfabetiza\u00e7\u00e3o de idosos. A atividade ensinar\u00e1 como cultivar em casa, promovendo o enriquecimento nutricional de forma pr\u00e1tica e acess\u00edvel.<\/p>\n","protected":false},"author":2,"featured_media":0,"template":"","meta":{"_tribe_events_status":"","_tribe_events_status_reason":"","footnotes":""},"tags":[146],"tribe_events_cat":[],"class_list":["post-2157","tribe_events","type-tribe_events","status-publish","hentry","tag-n-a"],"_links":{"self":[{"href":"https:\/\/viradasustentavel.org.br\/sao-paulo\/wp-json\/wp\/v2\/tribe_events\/2157","targetHints":{"allow":["GET"]}}],"collection":[{"href":"https:\/\/viradasustentavel.org.br\/sao-paulo\/wp-json\/wp\/v2\/tribe_events"}],"about":[{"href":"https:\/\/viradasustentavel.org.br\/sao-paulo\/wp-json\/wp\/v2\/types\/tribe_events"}],"author":[{"embeddable":true,"href":"https:\/\/viradasustentavel.org.br\/sao-paulo\/wp-json\/wp\/v2\/users\/2"}],"version-history":[{"count":0,"href":"https:\/\/viradasustentavel.org.br\/sao-paulo\/wp-json\/wp\/v2\/tribe_events\/2157\/revisions"}],"wp:attachment":[{"href":"https:\/\/viradasustentavel.org.br\/sao-paulo\/wp-json\/wp\/v2\/media?parent=2157"}],"wp:term":[{"taxonomy":"post_tag","embeddable":true,"href":"https:\/\/viradasustentavel.org.br\/sao-paulo\/wp-json\/wp\/v2\/tags?post=2157"},{"taxonomy":"tribe_events_cat","embeddable":true,"href":"https:\/\/viradasustentavel.org.br\/sao-paulo\/wp-json\/wp\/v2\/tribe_events_cat?post=2157"}],"curies":[{"name":"wp","href":"https:\/\/api.w.org\/{rel}","templated":true}]}}

<p>Workshop sobre cultivo de microverdes voltado para um grupo de alfabetização de idosos. A atividade ensinará como cultivar em casa, promovendo o enriquecimento nutricional de forma prática e acessível.</p>
