{"id":2158,"date":"2025-09-12T20:46:34","date_gmt":"2025-09-12T23:46:34","guid":{"rendered":"https:\/\/viradasustentavel.org.br\/sao-paulo\/eventos\/oficina-detetives-da-natureza\/"},"modified":"2025-09-12T20:46:34","modified_gmt":"2025-09-12T23:46:34","slug":"oficina-detetives-da-natureza","status":"publish","type":"tribe_events","link":"https:\/\/viradasustentavel.org.br\/sao-paulo\/eventos\/oficina-detetives-da-natureza\/","title":{"rendered":"Oficina \u2013 Detetives da Natureza"},"content":{"rendered":"<p>Os participantes usar\u00e3o lupas e fichas de observa\u00e7\u00e3o para explorar o espa\u00e7o da horta da unidade. Durante a atividade as crian\u00e7as ir\u00e3o identificar plantas e insetos desenvolvendo a aten\u00e7\u00e3o e o respeito pelo meio ambiente.<\/p>\n","protected":false},"excerpt":{"rendered":"<p>Os participantes usar\u00e3o lupas e fichas de observa\u00e7\u00e3o para explorar o espa\u00e7o da horta da unidade. Durante a atividade as crian\u00e7as ir\u00e3o identificar plantas e insetos desenvolvendo a aten\u00e7\u00e3o e [&hellip;]<\/p>\n","protected":false},"author":2,"featured_media":0,"template":"","meta":{"_tribe_events_status":"","_tribe_events_status_reason":"","footnotes":""},"tags":[],"tribe_events_cat":[107],"class_list":["post-2158","tribe_events","type-tribe_events","status-publish","hentry","tribe_events_cat-oficina","cat_oficina"],"_links":{"self":[{"href":"https:\/\/viradasustentavel.org.br\/sao-paulo\/wp-json\/wp\/v2\/tribe_events\/2158","targetHints":{"allow":["GET"]}}],"collection":[{"href":"https:\/\/viradasustentavel.org.br\/sao-paulo\/wp-json\/wp\/v2\/tribe_events"}],"about":[{"href":"https:\/\/viradasustentavel.org.br\/sao-paulo\/wp-json\/wp\/v2\/types\/tribe_events"}],"author":[{"embeddable":true,"href":"https:\/\/viradasustentavel.org.br\/sao-paulo\/wp-json\/wp\/v2\/users\/2"}],"version-history":[{"count":0,"href":"https:\/\/viradasustentavel.org.br\/sao-paulo\/wp-json\/wp\/v2\/tribe_events\/2158\/revisions"}],"wp:attachment":[{"href":"https:\/\/viradasustentavel.org.br\/sao-paulo\/wp-json\/wp\/v2\/media?parent=2158"}],"wp:term":[{"taxonomy":"post_tag","embeddable":true,"href":"https:\/\/viradasustentavel.org.br\/sao-paulo\/wp-json\/wp\/v2\/tags?post=2158"},{"taxonomy":"tribe_events_cat","embeddable":true,"href":"https:\/\/viradasustentavel.org.br\/sao-paulo\/wp-json\/wp\/v2\/tribe_events_cat?post=2158"}],"curies":[{"name":"wp","href":"https:\/\/api.w.org\/{rel}","templated":true}]}}

<p>Os participantes usarão lupas e fichas de observação para explorar o espaço da horta da unidade. Durante a atividade as crianças irão identificar plantas e insetos desenvolvendo a atenção e o respeito pelo meio ambiente.</p>

<p>Os participantes usarão lupas e fichas de observação para explorar o espaço da horta da unidade. Durante a atividade as crianças irão identificar plantas e insetos desenvolvendo a atenção e [&hellip;]</p>
