{"id":2159,"date":"2025-09-12T20:46:34","date_gmt":"2025-09-12T23:46:34","guid":{"rendered":"https:\/\/viradasustentavel.org.br\/sao-paulo\/eventos\/oficina-de-sementeira\/"},"modified":"2025-09-12T20:46:34","modified_gmt":"2025-09-12T23:46:34","slug":"oficina-de-sementeira","status":"publish","type":"tribe_events","link":"https:\/\/viradasustentavel.org.br\/sao-paulo\/eventos\/oficina-de-sementeira\/","title":{"rendered":"Oficina de sementeira"},"content":{"rendered":"<p>Oficina para demonstrar \u00e0s crian\u00e7as a import\u00e2ncia de um alimenta\u00e7\u00e3o saud\u00e1vel e incentivar a melhora na rela\u00e7\u00e3o humana e meio ambiente de forma interativa.<\/p>\n","protected":false},"excerpt":{"rendered":"<p>Oficina para demonstrar \u00e0s crian\u00e7as a import\u00e2ncia de um alimenta\u00e7\u00e3o saud\u00e1vel e incentivar a melhora na rela\u00e7\u00e3o humana e meio ambiente de forma interativa.<\/p>\n","protected":false},"author":2,"featured_media":0,"template":"","meta":{"_tribe_events_status":"","_tribe_events_status_reason":"","footnotes":""},"tags":[],"tribe_events_cat":[107],"class_list":["post-2159","tribe_events","type-tribe_events","status-publish","hentry","tribe_events_cat-oficina","cat_oficina"],"_links":{"self":[{"href":"https:\/\/viradasustentavel.org.br\/sao-paulo\/wp-json\/wp\/v2\/tribe_events\/2159","targetHints":{"allow":["GET"]}}],"collection":[{"href":"https:\/\/viradasustentavel.org.br\/sao-paulo\/wp-json\/wp\/v2\/tribe_events"}],"about":[{"href":"https:\/\/viradasustentavel.org.br\/sao-paulo\/wp-json\/wp\/v2\/types\/tribe_events"}],"author":[{"embeddable":true,"href":"https:\/\/viradasustentavel.org.br\/sao-paulo\/wp-json\/wp\/v2\/users\/2"}],"version-history":[{"count":0,"href":"https:\/\/viradasustentavel.org.br\/sao-paulo\/wp-json\/wp\/v2\/tribe_events\/2159\/revisions"}],"wp:attachment":[{"href":"https:\/\/viradasustentavel.org.br\/sao-paulo\/wp-json\/wp\/v2\/media?parent=2159"}],"wp:term":[{"taxonomy":"post_tag","embeddable":true,"href":"https:\/\/viradasustentavel.org.br\/sao-paulo\/wp-json\/wp\/v2\/tags?post=2159"},{"taxonomy":"tribe_events_cat","embeddable":true,"href":"https:\/\/viradasustentavel.org.br\/sao-paulo\/wp-json\/wp\/v2\/tribe_events_cat?post=2159"}],"curies":[{"name":"wp","href":"https:\/\/api.w.org\/{rel}","templated":true}]}}

<p>Oficina para demonstrar às crianças a importância de um alimentação saudável e incentivar a melhora na relação humana e meio ambiente de forma interativa.</p>
