{"id":2160,"date":"2025-09-12T20:46:35","date_gmt":"2025-09-12T23:46:35","guid":{"rendered":"https:\/\/viradasustentavel.org.br\/sao-paulo\/eventos\/oficina-de-sal-de-ervas\/"},"modified":"2025-09-12T20:46:35","modified_gmt":"2025-09-12T23:46:35","slug":"oficina-de-sal-de-ervas","status":"publish","type":"tribe_events","link":"https:\/\/viradasustentavel.org.br\/sao-paulo\/eventos\/oficina-de-sal-de-ervas\/","title":{"rendered":"Oficina de Sal de Ervas"},"content":{"rendered":"<p>Nesta oficina pr\u00e1tica e interativa, os participantes aprender\u00e3o a preparar sais aromatizados com ervas desidratadas, ideais para real\u00e7ar o sabor dos alimentos de forma saud\u00e1vel e criativa. Utilizando ervas desidratadas como alecrim, or\u00e9gano, manjeric\u00e3o, salsa entre outras, vamos explorar a combina\u00e7\u00e3o de sabores e propriedades terap\u00eauticas de cada planta. Al\u00e9m de uma alternativa natural ao sal refinado, o sal de ervas \u00e9 um aliado na redu\u00e7\u00e3o do consumo de s\u00f3dio, promovendo uma alimenta\u00e7\u00e3o mais equilibrada e consciente.<\/p>\n","protected":false},"excerpt":{"rendered":"<p>Nesta oficina pr\u00e1tica e interativa, os participantes aprender\u00e3o a preparar sais aromatizados com ervas desidratadas, ideais para real\u00e7ar o sabor dos alimentos de forma saud\u00e1vel e criativa. Utilizando ervas desidratadas [&hellip;]<\/p>\n","protected":false},"author":2,"featured_media":0,"template":"","meta":{"_tribe_events_status":"","_tribe_events_status_reason":"","footnotes":""},"tags":[],"tribe_events_cat":[107],"class_list":["post-2160","tribe_events","type-tribe_events","status-publish","hentry","tribe_events_cat-oficina","cat_oficina"],"_links":{"self":[{"href":"https:\/\/viradasustentavel.org.br\/sao-paulo\/wp-json\/wp\/v2\/tribe_events\/2160","targetHints":{"allow":["GET"]}}],"collection":[{"href":"https:\/\/viradasustentavel.org.br\/sao-paulo\/wp-json\/wp\/v2\/tribe_events"}],"about":[{"href":"https:\/\/viradasustentavel.org.br\/sao-paulo\/wp-json\/wp\/v2\/types\/tribe_events"}],"author":[{"embeddable":true,"href":"https:\/\/viradasustentavel.org.br\/sao-paulo\/wp-json\/wp\/v2\/users\/2"}],"version-history":[{"count":0,"href":"https:\/\/viradasustentavel.org.br\/sao-paulo\/wp-json\/wp\/v2\/tribe_events\/2160\/revisions"}],"wp:attachment":[{"href":"https:\/\/viradasustentavel.org.br\/sao-paulo\/wp-json\/wp\/v2\/media?parent=2160"}],"wp:term":[{"taxonomy":"post_tag","embeddable":true,"href":"https:\/\/viradasustentavel.org.br\/sao-paulo\/wp-json\/wp\/v2\/tags?post=2160"},{"taxonomy":"tribe_events_cat","embeddable":true,"href":"https:\/\/viradasustentavel.org.br\/sao-paulo\/wp-json\/wp\/v2\/tribe_events_cat?post=2160"}],"curies":[{"name":"wp","href":"https:\/\/api.w.org\/{rel}","templated":true}]}}

<p>Nesta oficina prática e interativa, os participantes aprenderão a preparar sais aromatizados com ervas desidratadas, ideais para realçar o sabor dos alimentos de forma saudável e criativa. Utilizando ervas desidratadas como alecrim, orégano, manjericão, salsa entre outras, vamos explorar a combinação de sabores e propriedades terapêuticas de cada planta. Além de uma alternativa natural ao sal refinado, o sal de ervas é um aliado na redução do consumo de sódio, promovendo uma alimentação mais equilibrada e consciente.</p>

<p>Nesta oficina prática e interativa, os participantes aprenderão a preparar sais aromatizados com ervas desidratadas, ideais para realçar o sabor dos alimentos de forma saudável e criativa. Utilizando ervas desidratadas [&hellip;]</p>
