{"id":2165,"date":"2025-09-12T20:46:50","date_gmt":"2025-09-12T23:46:50","guid":{"rendered":"https:\/\/viradasustentavel.org.br\/sao-paulo\/eventos\/feira-de-exposicao-sustentavel\/"},"modified":"2025-09-12T20:46:50","modified_gmt":"2025-09-12T23:46:50","slug":"feira-de-exposicao-sustentavel","status":"publish","type":"tribe_events","link":"https:\/\/viradasustentavel.org.br\/sao-paulo\/eventos\/feira-de-exposicao-sustentavel\/","title":{"rendered":"Feira de exposi\u00e7\u00e3o sustent\u00e1vel"},"content":{"rendered":"<p>Exposi\u00e7\u00e3o dos brinquedos produzidos no grupo de artesanato (M\u00e3os que Criam) para crian\u00e7as at\u00edpicas.<\/p>\n","protected":false},"excerpt":{"rendered":"<p>Exposi\u00e7\u00e3o dos brinquedos produzidos no grupo de artesanato (M\u00e3os que Criam) para crian\u00e7as at\u00edpicas.<\/p>\n","protected":false},"author":2,"featured_media":0,"template":"","meta":{"_tribe_events_status":"","_tribe_events_status_reason":"","footnotes":""},"tags":[146],"tribe_events_cat":[136],"class_list":["post-2165","tribe_events","type-tribe_events","status-publish","hentry","tag-n-a","tribe_events_cat-feira","cat_feira"],"_links":{"self":[{"href":"https:\/\/viradasustentavel.org.br\/sao-paulo\/wp-json\/wp\/v2\/tribe_events\/2165","targetHints":{"allow":["GET"]}}],"collection":[{"href":"https:\/\/viradasustentavel.org.br\/sao-paulo\/wp-json\/wp\/v2\/tribe_events"}],"about":[{"href":"https:\/\/viradasustentavel.org.br\/sao-paulo\/wp-json\/wp\/v2\/types\/tribe_events"}],"author":[{"embeddable":true,"href":"https:\/\/viradasustentavel.org.br\/sao-paulo\/wp-json\/wp\/v2\/users\/2"}],"version-history":[{"count":0,"href":"https:\/\/viradasustentavel.org.br\/sao-paulo\/wp-json\/wp\/v2\/tribe_events\/2165\/revisions"}],"wp:attachment":[{"href":"https:\/\/viradasustentavel.org.br\/sao-paulo\/wp-json\/wp\/v2\/media?parent=2165"}],"wp:term":[{"taxonomy":"post_tag","embeddable":true,"href":"https:\/\/viradasustentavel.org.br\/sao-paulo\/wp-json\/wp\/v2\/tags?post=2165"},{"taxonomy":"tribe_events_cat","embeddable":true,"href":"https:\/\/viradasustentavel.org.br\/sao-paulo\/wp-json\/wp\/v2\/tribe_events_cat?post=2165"}],"curies":[{"name":"wp","href":"https:\/\/api.w.org\/{rel}","templated":true}]}}

Feira de exposição sustentável

<p>Exposição dos brinquedos produzidos no grupo de artesanato (Mãos que Criam) para crianças atípicas.</p>
