{"id":2166,"date":"2025-09-12T20:46:50","date_gmt":"2025-09-12T23:46:50","guid":{"rendered":"https:\/\/viradasustentavel.org.br\/sao-paulo\/eventos\/bazar-sustentavel-2\/"},"modified":"2025-09-12T20:46:50","modified_gmt":"2025-09-12T23:46:50","slug":"bazar-sustentavel-2","status":"publish","type":"tribe_events","link":"https:\/\/viradasustentavel.org.br\/sao-paulo\/eventos\/bazar-sustentavel-2\/","title":{"rendered":"Bazar sustent\u00e1vel"},"content":{"rendered":"<p>Os funcion\u00e1rios da unidade trar\u00e3o itens\/roupas que n\u00e3o usam mais de suas resid\u00eancias, e deixar\u00e3o a disposi\u00e7\u00e3o para doa\u00e7\u00e3o interna e externa.<\/p>\n","protected":false},"excerpt":{"rendered":"<p>Os funcion\u00e1rios da unidade trar\u00e3o itens\/roupas que n\u00e3o usam mais de suas resid\u00eancias, e deixar\u00e3o a disposi\u00e7\u00e3o para doa\u00e7\u00e3o interna e externa.<\/p>\n","protected":false},"author":2,"featured_media":0,"template":"","meta":{"_tribe_events_status":"","_tribe_events_status_reason":"","footnotes":""},"tags":[],"tribe_events_cat":[136],"class_list":["post-2166","tribe_events","type-tribe_events","status-publish","hentry","tribe_events_cat-feira","cat_feira"],"_links":{"self":[{"href":"https:\/\/viradasustentavel.org.br\/sao-paulo\/wp-json\/wp\/v2\/tribe_events\/2166","targetHints":{"allow":["GET"]}}],"collection":[{"href":"https:\/\/viradasustentavel.org.br\/sao-paulo\/wp-json\/wp\/v2\/tribe_events"}],"about":[{"href":"https:\/\/viradasustentavel.org.br\/sao-paulo\/wp-json\/wp\/v2\/types\/tribe_events"}],"author":[{"embeddable":true,"href":"https:\/\/viradasustentavel.org.br\/sao-paulo\/wp-json\/wp\/v2\/users\/2"}],"version-history":[{"count":0,"href":"https:\/\/viradasustentavel.org.br\/sao-paulo\/wp-json\/wp\/v2\/tribe_events\/2166\/revisions"}],"wp:attachment":[{"href":"https:\/\/viradasustentavel.org.br\/sao-paulo\/wp-json\/wp\/v2\/media?parent=2166"}],"wp:term":[{"taxonomy":"post_tag","embeddable":true,"href":"https:\/\/viradasustentavel.org.br\/sao-paulo\/wp-json\/wp\/v2\/tags?post=2166"},{"taxonomy":"tribe_events_cat","embeddable":true,"href":"https:\/\/viradasustentavel.org.br\/sao-paulo\/wp-json\/wp\/v2\/tribe_events_cat?post=2166"}],"curies":[{"name":"wp","href":"https:\/\/api.w.org\/{rel}","templated":true}]}}

Bazar sustentável

<p>Os funcionários da unidade trarão itens/roupas que não usam mais de suas residências, e deixarão a disposição para doação interna e externa.</p>
