{"id":2168,"date":"2025-09-12T20:47:04","date_gmt":"2025-09-12T23:47:04","guid":{"rendered":"https:\/\/viradasustentavel.org.br\/sao-paulo\/eventos\/intervencao-sobre-saude-ambiental\/"},"modified":"2025-09-12T20:47:04","modified_gmt":"2025-09-12T23:47:04","slug":"intervencao-sobre-saude-ambiental","status":"publish","type":"tribe_events","link":"https:\/\/viradasustentavel.org.br\/sao-paulo\/eventos\/intervencao-sobre-saude-ambiental\/","title":{"rendered":"Interven\u00e7\u00e3o sobre Sa\u00fade Ambiental"},"content":{"rendered":"<p>O Agente de Promo\u00e7\u00e3o Ambiental da UBS far\u00e1 uma interven\u00e7\u00e3o junto aos usu\u00e1rios que aguardam na sala de espera sobre as intera\u00e7\u00f5es entre sa\u00fade e meio ambiente, a partir dois 6 eixos do PAVS.<\/p>\n","protected":false},"excerpt":{"rendered":"<p>O Agente de Promo\u00e7\u00e3o Ambiental da UBS far\u00e1 uma interven\u00e7\u00e3o junto aos usu\u00e1rios que aguardam na sala de espera sobre as intera\u00e7\u00f5es entre sa\u00fade e meio ambiente, a partir dois [&hellip;]<\/p>\n","protected":false},"author":2,"featured_media":0,"template":"","meta":{"_tribe_events_status":"","_tribe_events_status_reason":"","footnotes":""},"tags":[142],"tribe_events_cat":[109],"class_list":["post-2168","tribe_events","type-tribe_events","status-publish","hentry","tag-rampa-de-acesso","tribe_events_cat-intervencao","cat_intervencao"],"_links":{"self":[{"href":"https:\/\/viradasustentavel.org.br\/sao-paulo\/wp-json\/wp\/v2\/tribe_events\/2168","targetHints":{"allow":["GET"]}}],"collection":[{"href":"https:\/\/viradasustentavel.org.br\/sao-paulo\/wp-json\/wp\/v2\/tribe_events"}],"about":[{"href":"https:\/\/viradasustentavel.org.br\/sao-paulo\/wp-json\/wp\/v2\/types\/tribe_events"}],"author":[{"embeddable":true,"href":"https:\/\/viradasustentavel.org.br\/sao-paulo\/wp-json\/wp\/v2\/users\/2"}],"version-history":[{"count":0,"href":"https:\/\/viradasustentavel.org.br\/sao-paulo\/wp-json\/wp\/v2\/tribe_events\/2168\/revisions"}],"wp:attachment":[{"href":"https:\/\/viradasustentavel.org.br\/sao-paulo\/wp-json\/wp\/v2\/media?parent=2168"}],"wp:term":[{"taxonomy":"post_tag","embeddable":true,"href":"https:\/\/viradasustentavel.org.br\/sao-paulo\/wp-json\/wp\/v2\/tags?post=2168"},{"taxonomy":"tribe_events_cat","embeddable":true,"href":"https:\/\/viradasustentavel.org.br\/sao-paulo\/wp-json\/wp\/v2\/tribe_events_cat?post=2168"}],"curies":[{"name":"wp","href":"https:\/\/api.w.org\/{rel}","templated":true}]}}

Intervenção sobre Saúde Ambiental

<p>O Agente de Promoção Ambiental da UBS fará uma intervenção junto aos usuários que aguardam na sala de espera sobre as interações entre saúde e meio ambiente, a partir dois 6 eixos do PAVS.</p>

<p>O Agente de Promoção Ambiental da UBS fará uma intervenção junto aos usuários que aguardam na sala de espera sobre as interações entre saúde e meio ambiente, a partir dois [&hellip;]</p>
