{"id":2178,"date":"2025-09-12T20:49:19","date_gmt":"2025-09-12T23:49:19","guid":{"rendered":"https:\/\/viradasustentavel.org.br\/sao-paulo\/eventos\/exposicao-sustentavel\/"},"modified":"2025-09-12T20:49:19","modified_gmt":"2025-09-12T23:49:19","slug":"exposicao-sustentavel","status":"publish","type":"tribe_events","link":"https:\/\/viradasustentavel.org.br\/sao-paulo\/eventos\/exposicao-sustentavel\/","title":{"rendered":"Exposi\u00e7\u00e3o Sustent\u00e1vel"},"content":{"rendered":"<p>Exposi\u00e7\u00e3o composta por painel feito de material reaproveitado com \u00edcones dos ODS e exemplos de como aplic\u00e1-los no dia a dia, espa\u00e7o para mensagens e compromissos sustent\u00e1veis, mostra de objetos reciclados com informa\u00e7\u00f5es sobre sua origem e impacto ambiental, mural comparativo \u201cantes e depois\u201d de a\u00e7\u00f5es sustent\u00e1veis, mini-horta demonstrativa em recipientes reutilizados com dicas de cultivo e benef\u00edcios, al\u00e9m de cantinho interativo para que a comunidade sugira ideias sustent\u00e1veis para a UBS e o bairro, alcan\u00e7ando os ODS 3 \u2013 Sa\u00fade e Bem-Estar, 4 \u2013 Educa\u00e7\u00e3o de Qualidade, 6 \u2013 \u00c1gua Pot\u00e1vel e Saneamento, 11 \u2013 Cidades e Comunidades Sustent\u00e1veis, 12 \u2013 Consumo e Produ\u00e7\u00e3o Respons\u00e1veis e 15 \u2013 Vida Terrestre.<\/p>\n","protected":false},"excerpt":{"rendered":"<p>Exposi\u00e7\u00e3o composta por painel feito de material reaproveitado com \u00edcones dos ODS e exemplos de como aplic\u00e1-los no dia a dia, espa\u00e7o para mensagens e compromissos sustent\u00e1veis, mostra de objetos [&hellip;]<\/p>\n","protected":false},"author":2,"featured_media":0,"template":"","meta":{"_tribe_events_status":"","_tribe_events_status_reason":"","footnotes":""},"tags":[140,141],"tribe_events_cat":[135],"class_list":["post-2178","tribe_events","type-tribe_events","status-publish","hentry","tag-local-de-facil-acesso","tag-terreo-com-acessibilidade-ao-publico","tribe_events_cat-exposicao","cat_exposicao"],"_links":{"self":[{"href":"https:\/\/viradasustentavel.org.br\/sao-paulo\/wp-json\/wp\/v2\/tribe_events\/2178","targetHints":{"allow":["GET"]}}],"collection":[{"href":"https:\/\/viradasustentavel.org.br\/sao-paulo\/wp-json\/wp\/v2\/tribe_events"}],"about":[{"href":"https:\/\/viradasustentavel.org.br\/sao-paulo\/wp-json\/wp\/v2\/types\/tribe_events"}],"author":[{"embeddable":true,"href":"https:\/\/viradasustentavel.org.br\/sao-paulo\/wp-json\/wp\/v2\/users\/2"}],"version-history":[{"count":0,"href":"https:\/\/viradasustentavel.org.br\/sao-paulo\/wp-json\/wp\/v2\/tribe_events\/2178\/revisions"}],"wp:attachment":[{"href":"https:\/\/viradasustentavel.org.br\/sao-paulo\/wp-json\/wp\/v2\/media?parent=2178"}],"wp:term":[{"taxonomy":"post_tag","embeddable":true,"href":"https:\/\/viradasustentavel.org.br\/sao-paulo\/wp-json\/wp\/v2\/tags?post=2178"},{"taxonomy":"tribe_events_cat","embeddable":true,"href":"https:\/\/viradasustentavel.org.br\/sao-paulo\/wp-json\/wp\/v2\/tribe_events_cat?post=2178"}],"curies":[{"name":"wp","href":"https:\/\/api.w.org\/{rel}","templated":true}]}}

Exposição Sustentável

<p>Exposição composta por painel feito de material reaproveitado com ícones dos ODS e exemplos de como aplicá-los no dia a dia, espaço para mensagens e compromissos sustentáveis, mostra de objetos reciclados com informações sobre sua origem e impacto ambiental, mural comparativo “antes e depois” de ações sustentáveis, mini-horta demonstrativa em recipientes reutilizados com dicas de cultivo e benefícios, além de cantinho interativo para que a comunidade sugira ideias sustentáveis para a UBS e o bairro, alcançando os ODS 3 – Saúde e Bem-Estar, 4 – Educação de Qualidade, 6 – Água Potável e Saneamento, 11 – Cidades e Comunidades Sustentáveis, 12 – Consumo e Produção Responsáveis e 15 – Vida Terrestre.</p>

<p>Exposição composta por painel feito de material reaproveitado com ícones dos ODS e exemplos de como aplicá-los no dia a dia, espaço para mensagens e compromissos sustentáveis, mostra de objetos [&hellip;]</p>
