{"id":2181,"date":"2025-09-12T20:49:34","date_gmt":"2025-09-12T23:49:34","guid":{"rendered":"https:\/\/viradasustentavel.org.br\/sao-paulo\/eventos\/oficina-de-bioindicadores-urbanos-e-a-importancia-da-mata-atlantica\/"},"modified":"2025-09-12T20:49:34","modified_gmt":"2025-09-12T23:49:34","slug":"oficina-de-bioindicadores-urbanos-e-a-importancia-da-mata-atlantica","status":"publish","type":"tribe_events","link":"https:\/\/viradasustentavel.org.br\/sao-paulo\/eventos\/oficina-de-bioindicadores-urbanos-e-a-importancia-da-mata-atlantica\/","title":{"rendered":"Oficina de bioindicadores urbanos e a import\u00e2ncia da Mata Atl\u00e2ntica"},"content":{"rendered":"<p>Ser\u00e1 realizado com o grupo Lian Kung e demais usu\u00e1rios da Pra\u00e7a Mascarenhas de Moraes, uma oficina sobre a import\u00e2ncia dos bioindicadores do territ\u00f3rio com observa\u00e7\u00e3o no microsc\u00f3pio, trazendo de forma did\u00e1tica a aproxima\u00e7\u00e3o das quest\u00f5es socioambientais e sua rela\u00e7\u00e3o com o territ\u00f3rio. Tamb\u00e9m ser\u00e1 exposto fotografias da fauna e flora da Mata Atl\u00e2ntica, visando estimular e conversar sobre as a\u00e7\u00f5es de sustentabilidade que protegem essas esp\u00e9cies.<\/p>\n","protected":false},"excerpt":{"rendered":"<p>Ser\u00e1 realizado com o grupo Lian Kung e demais usu\u00e1rios da Pra\u00e7a Mascarenhas de Moraes, uma oficina sobre a import\u00e2ncia dos bioindicadores do territ\u00f3rio com observa\u00e7\u00e3o no microsc\u00f3pio, trazendo de [&hellip;]<\/p>\n","protected":false},"author":2,"featured_media":0,"template":"","meta":{"_tribe_events_status":"","_tribe_events_status_reason":"","footnotes":""},"tags":[153,152],"tribe_events_cat":[107],"class_list":["post-2181","tribe_events","type-tribe_events","status-publish","hentry","tag-local-acessivel-a-todos","tag-o-local-possui-rampa-de-acesso","tribe_events_cat-oficina","cat_oficina"],"_links":{"self":[{"href":"https:\/\/viradasustentavel.org.br\/sao-paulo\/wp-json\/wp\/v2\/tribe_events\/2181","targetHints":{"allow":["GET"]}}],"collection":[{"href":"https:\/\/viradasustentavel.org.br\/sao-paulo\/wp-json\/wp\/v2\/tribe_events"}],"about":[{"href":"https:\/\/viradasustentavel.org.br\/sao-paulo\/wp-json\/wp\/v2\/types\/tribe_events"}],"author":[{"embeddable":true,"href":"https:\/\/viradasustentavel.org.br\/sao-paulo\/wp-json\/wp\/v2\/users\/2"}],"version-history":[{"count":0,"href":"https:\/\/viradasustentavel.org.br\/sao-paulo\/wp-json\/wp\/v2\/tribe_events\/2181\/revisions"}],"wp:attachment":[{"href":"https:\/\/viradasustentavel.org.br\/sao-paulo\/wp-json\/wp\/v2\/media?parent=2181"}],"wp:term":[{"taxonomy":"post_tag","embeddable":true,"href":"https:\/\/viradasustentavel.org.br\/sao-paulo\/wp-json\/wp\/v2\/tags?post=2181"},{"taxonomy":"tribe_events_cat","embeddable":true,"href":"https:\/\/viradasustentavel.org.br\/sao-paulo\/wp-json\/wp\/v2\/tribe_events_cat?post=2181"}],"curies":[{"name":"wp","href":"https:\/\/api.w.org\/{rel}","templated":true}]}}

Oficina de bioindicadores urbanos e a importância da Mata Atlântica

<p>Será realizado com o grupo Lian Kung e demais usuários da Praça Mascarenhas de Moraes, uma oficina sobre a importância dos bioindicadores do território com observação no microscópio, trazendo de forma didática a aproximação das questões socioambientais e sua relação com o território. Também será exposto fotografias da fauna e flora da Mata Atlântica, visando estimular e conversar sobre as ações de sustentabilidade que protegem essas espécies.</p>

<p>Será realizado com o grupo Lian Kung e demais usuários da Praça Mascarenhas de Moraes, uma oficina sobre a importância dos bioindicadores do território com observação no microscópio, trazendo de [&hellip;]</p>
