{"id":2185,"date":"2025-09-12T20:49:49","date_gmt":"2025-09-12T23:49:49","guid":{"rendered":"https:\/\/viradasustentavel.org.br\/sao-paulo\/eventos\/plantio-simultaneo-dia-da-arvore-4\/"},"modified":"2025-09-12T20:49:49","modified_gmt":"2025-09-12T23:49:49","slug":"plantio-simultaneo-dia-da-arvore-4","status":"publish","type":"tribe_events","link":"https:\/\/viradasustentavel.org.br\/sao-paulo\/eventos\/plantio-simultaneo-dia-da-arvore-4\/","title":{"rendered":"Plantio Simult\u00e2neo \u2013 Dia da \u00c1rvore"},"content":{"rendered":"<p>Realiza\u00e7\u00e3o de plantio de uma muda de \u00e1rvore com crian\u00e7as e adolescentes na pra\u00e7a do parque linear feiti\u00e7o da vila com din\u00e2mica interativa sobre o dia da \u00e1rvore.<\/p>\n","protected":false},"excerpt":{"rendered":"<p>Realiza\u00e7\u00e3o de plantio de uma muda de \u00e1rvore com crian\u00e7as e adolescentes na pra\u00e7a do parque linear feiti\u00e7o da vila com din\u00e2mica interativa sobre o dia da \u00e1rvore.<\/p>\n","protected":false},"author":2,"featured_media":0,"template":"","meta":{"_tribe_events_status":"","_tribe_events_status_reason":"","footnotes":""},"tags":[142],"tribe_events_cat":[130],"class_list":["post-2185","tribe_events","type-tribe_events","status-publish","hentry","tag-rampa-de-acesso","tribe_events_cat-outros","cat_outros"],"_links":{"self":[{"href":"https:\/\/viradasustentavel.org.br\/sao-paulo\/wp-json\/wp\/v2\/tribe_events\/2185","targetHints":{"allow":["GET"]}}],"collection":[{"href":"https:\/\/viradasustentavel.org.br\/sao-paulo\/wp-json\/wp\/v2\/tribe_events"}],"about":[{"href":"https:\/\/viradasustentavel.org.br\/sao-paulo\/wp-json\/wp\/v2\/types\/tribe_events"}],"author":[{"embeddable":true,"href":"https:\/\/viradasustentavel.org.br\/sao-paulo\/wp-json\/wp\/v2\/users\/2"}],"version-history":[{"count":0,"href":"https:\/\/viradasustentavel.org.br\/sao-paulo\/wp-json\/wp\/v2\/tribe_events\/2185\/revisions"}],"wp:attachment":[{"href":"https:\/\/viradasustentavel.org.br\/sao-paulo\/wp-json\/wp\/v2\/media?parent=2185"}],"wp:term":[{"taxonomy":"post_tag","embeddable":true,"href":"https:\/\/viradasustentavel.org.br\/sao-paulo\/wp-json\/wp\/v2\/tags?post=2185"},{"taxonomy":"tribe_events_cat","embeddable":true,"href":"https:\/\/viradasustentavel.org.br\/sao-paulo\/wp-json\/wp\/v2\/tribe_events_cat?post=2185"}],"curies":[{"name":"wp","href":"https:\/\/api.w.org\/{rel}","templated":true}]}}

Plantio Simultâneo – Dia da Árvore

<p>Realização de plantio de uma muda de árvore com crianças e adolescentes na praça do parque linear feitiço da vila com dinâmica interativa sobre o dia da árvore.</p>
