{"id":2191,"date":"2025-09-12T20:50:05","date_gmt":"2025-09-12T23:50:05","guid":{"rendered":"https:\/\/viradasustentavel.org.br\/sao-paulo\/eventos\/mobilizacoes-comunitarias-e-intervencoes-urbanas\/"},"modified":"2025-09-12T20:50:05","modified_gmt":"2025-09-12T23:50:05","slug":"mobilizacoes-comunitarias-e-intervencoes-urbanas","status":"publish","type":"tribe_events","link":"https:\/\/viradasustentavel.org.br\/sao-paulo\/eventos\/mobilizacoes-comunitarias-e-intervencoes-urbanas\/","title":{"rendered":"Mobiliza\u00e7\u00f5es comunit\u00e1rias e interven\u00e7\u00f5es urbanas"},"content":{"rendered":"<p>A\u00e7\u00e3o de conscientiza\u00e7\u00e3o e fortalecimento, incentivando a participa\u00e7\u00e3o social, nesse processo de luta para abrir as portas do Parque Vila Ema, transformar esse espa\u00e7o p\u00fablico, com participa\u00e7\u00e3o ativa da comunidade no desenvolvimento do territ\u00f3rio. O local possui mais de 900 \u00e1rvores catalogadas, muitas nativas, avifauna composta de pelo menos 40 esp\u00e9cies de aves, uma nascente interna e outra que desemboca em um bueiro ao lado do terreno.<\/p>\n","protected":false},"excerpt":{"rendered":"<p>A\u00e7\u00e3o de conscientiza\u00e7\u00e3o e fortalecimento, incentivando a participa\u00e7\u00e3o social, nesse processo de luta para abrir as portas do Parque Vila Ema, transformar esse espa\u00e7o p\u00fablico, com participa\u00e7\u00e3o ativa da comunidade [&hellip;]<\/p>\n","protected":false},"author":2,"featured_media":0,"template":"","meta":{"_tribe_events_status":"","_tribe_events_status_reason":"","footnotes":""},"tags":[140,141],"tribe_events_cat":[155],"class_list":["post-2191","tribe_events","type-tribe_events","status-publish","hentry","tag-local-de-facil-acesso","tag-terreo-com-acessibilidade-ao-publico","tribe_events_cat-multidisciplinar","cat_multidisciplinar"],"_links":{"self":[{"href":"https:\/\/viradasustentavel.org.br\/sao-paulo\/wp-json\/wp\/v2\/tribe_events\/2191","targetHints":{"allow":["GET"]}}],"collection":[{"href":"https:\/\/viradasustentavel.org.br\/sao-paulo\/wp-json\/wp\/v2\/tribe_events"}],"about":[{"href":"https:\/\/viradasustentavel.org.br\/sao-paulo\/wp-json\/wp\/v2\/types\/tribe_events"}],"author":[{"embeddable":true,"href":"https:\/\/viradasustentavel.org.br\/sao-paulo\/wp-json\/wp\/v2\/users\/2"}],"version-history":[{"count":0,"href":"https:\/\/viradasustentavel.org.br\/sao-paulo\/wp-json\/wp\/v2\/tribe_events\/2191\/revisions"}],"wp:attachment":[{"href":"https:\/\/viradasustentavel.org.br\/sao-paulo\/wp-json\/wp\/v2\/media?parent=2191"}],"wp:term":[{"taxonomy":"post_tag","embeddable":true,"href":"https:\/\/viradasustentavel.org.br\/sao-paulo\/wp-json\/wp\/v2\/tags?post=2191"},{"taxonomy":"tribe_events_cat","embeddable":true,"href":"https:\/\/viradasustentavel.org.br\/sao-paulo\/wp-json\/wp\/v2\/tribe_events_cat?post=2191"}],"curies":[{"name":"wp","href":"https:\/\/api.w.org\/{rel}","templated":true}]}}

Mobilizações comunitárias e intervenções urbanas

<p>Ação de conscientização e fortalecimento, incentivando a participação social, nesse processo de luta para abrir as portas do Parque Vila Ema, transformar esse espaço público, com participação ativa da comunidade no desenvolvimento do território. O local possui mais de 900 árvores catalogadas, muitas nativas, avifauna composta de pelo menos 40 espécies de aves, uma nascente interna e outra que desemboca em um bueiro ao lado do terreno.</p>

<p>Ação de conscientização e fortalecimento, incentivando a participação social, nesse processo de luta para abrir as portas do Parque Vila Ema, transformar esse espaço público, com participação ativa da comunidade [&hellip;]</p>
