{"id":2192,"date":"2025-09-12T20:50:06","date_gmt":"2025-09-12T23:50:06","guid":{"rendered":"https:\/\/viradasustentavel.org.br\/sao-paulo\/eventos\/oficina-de-porta-retrato-com-materias-reciclaveis\/"},"modified":"2025-09-12T20:50:06","modified_gmt":"2025-09-12T23:50:06","slug":"oficina-de-porta-retrato-com-materias-reciclaveis","status":"publish","type":"tribe_events","link":"https:\/\/viradasustentavel.org.br\/sao-paulo\/eventos\/oficina-de-porta-retrato-com-materias-reciclaveis\/","title":{"rendered":"Oficina de Porta-Retrato com mat\u00e9rias Recicl\u00e1veis"},"content":{"rendered":"<p>Na Oficina iremos confeccionar porta retrato com papel\u00e3o e pintarem com tinta guache.<\/p>\n","protected":false},"excerpt":{"rendered":"<p>Na Oficina iremos confeccionar porta retrato com papel\u00e3o e pintarem com tinta guache.<\/p>\n","protected":false},"author":2,"featured_media":0,"template":"","meta":{"_tribe_events_status":"","_tribe_events_status_reason":"","footnotes":""},"tags":[146],"tribe_events_cat":[107],"class_list":["post-2192","tribe_events","type-tribe_events","status-publish","hentry","tag-n-a","tribe_events_cat-oficina","cat_oficina"],"_links":{"self":[{"href":"https:\/\/viradasustentavel.org.br\/sao-paulo\/wp-json\/wp\/v2\/tribe_events\/2192","targetHints":{"allow":["GET"]}}],"collection":[{"href":"https:\/\/viradasustentavel.org.br\/sao-paulo\/wp-json\/wp\/v2\/tribe_events"}],"about":[{"href":"https:\/\/viradasustentavel.org.br\/sao-paulo\/wp-json\/wp\/v2\/types\/tribe_events"}],"author":[{"embeddable":true,"href":"https:\/\/viradasustentavel.org.br\/sao-paulo\/wp-json\/wp\/v2\/users\/2"}],"version-history":[{"count":0,"href":"https:\/\/viradasustentavel.org.br\/sao-paulo\/wp-json\/wp\/v2\/tribe_events\/2192\/revisions"}],"wp:attachment":[{"href":"https:\/\/viradasustentavel.org.br\/sao-paulo\/wp-json\/wp\/v2\/media?parent=2192"}],"wp:term":[{"taxonomy":"post_tag","embeddable":true,"href":"https:\/\/viradasustentavel.org.br\/sao-paulo\/wp-json\/wp\/v2\/tags?post=2192"},{"taxonomy":"tribe_events_cat","embeddable":true,"href":"https:\/\/viradasustentavel.org.br\/sao-paulo\/wp-json\/wp\/v2\/tribe_events_cat?post=2192"}],"curies":[{"name":"wp","href":"https:\/\/api.w.org\/{rel}","templated":true}]}}

Oficina de Porta-Retrato com matérias Recicláveis

<p>Na Oficina iremos confeccionar porta retrato com papelão e pintarem com tinta guache.</p>
