{"id":2212,"date":"2025-09-12T20:51:19","date_gmt":"2025-09-12T23:51:19","guid":{"rendered":"https:\/\/viradasustentavel.org.br\/sao-paulo\/eventos\/acao-educativa-higienizacao-de-alimentos\/"},"modified":"2025-09-12T20:51:19","modified_gmt":"2025-09-12T23:51:19","slug":"acao-educativa-higienizacao-de-alimentos","status":"publish","type":"tribe_events","link":"https:\/\/viradasustentavel.org.br\/sao-paulo\/eventos\/acao-educativa-higienizacao-de-alimentos\/","title":{"rendered":"A\u00e7\u00e3o Educativa Higieniza\u00e7\u00e3o de Alimentos"},"content":{"rendered":"<p>A\u00e7\u00e3o Educativa na feira livre sobre import\u00e2ncia da higieniza\u00e7\u00e3o de alimentos, uso de hipoclorito e doen\u00e7as de veicula\u00e7\u00e3o h\u00eddrica.<\/p>\n","protected":false},"excerpt":{"rendered":"<p>A\u00e7\u00e3o Educativa na feira livre sobre import\u00e2ncia da higieniza\u00e7\u00e3o de alimentos, uso de hipoclorito e doen\u00e7as de veicula\u00e7\u00e3o h\u00eddrica.<\/p>\n","protected":false},"author":2,"featured_media":0,"template":"","meta":{"_tribe_events_status":"","_tribe_events_status_reason":"","footnotes":""},"tags":[],"tribe_events_cat":[155],"class_list":["post-2212","tribe_events","type-tribe_events","status-publish","hentry","tribe_events_cat-multidisciplinar","cat_multidisciplinar"],"_links":{"self":[{"href":"https:\/\/viradasustentavel.org.br\/sao-paulo\/wp-json\/wp\/v2\/tribe_events\/2212","targetHints":{"allow":["GET"]}}],"collection":[{"href":"https:\/\/viradasustentavel.org.br\/sao-paulo\/wp-json\/wp\/v2\/tribe_events"}],"about":[{"href":"https:\/\/viradasustentavel.org.br\/sao-paulo\/wp-json\/wp\/v2\/types\/tribe_events"}],"author":[{"embeddable":true,"href":"https:\/\/viradasustentavel.org.br\/sao-paulo\/wp-json\/wp\/v2\/users\/2"}],"version-history":[{"count":0,"href":"https:\/\/viradasustentavel.org.br\/sao-paulo\/wp-json\/wp\/v2\/tribe_events\/2212\/revisions"}],"wp:attachment":[{"href":"https:\/\/viradasustentavel.org.br\/sao-paulo\/wp-json\/wp\/v2\/media?parent=2212"}],"wp:term":[{"taxonomy":"post_tag","embeddable":true,"href":"https:\/\/viradasustentavel.org.br\/sao-paulo\/wp-json\/wp\/v2\/tags?post=2212"},{"taxonomy":"tribe_events_cat","embeddable":true,"href":"https:\/\/viradasustentavel.org.br\/sao-paulo\/wp-json\/wp\/v2\/tribe_events_cat?post=2212"}],"curies":[{"name":"wp","href":"https:\/\/api.w.org\/{rel}","templated":true}]}}

Ação Educativa Higienização de Alimentos

<p>Ação Educativa na feira livre sobre importância da higienização de alimentos, uso de hipoclorito e doenças de veiculação hídrica.</p>
