{"id":2219,"date":"2025-09-12T20:51:35","date_gmt":"2025-09-12T23:51:35","guid":{"rendered":"https:\/\/viradasustentavel.org.br\/sao-paulo\/eventos\/circuito-ambiental\/"},"modified":"2025-09-12T20:51:35","modified_gmt":"2025-09-12T23:51:35","slug":"circuito-ambiental","status":"publish","type":"tribe_events","link":"https:\/\/viradasustentavel.org.br\/sao-paulo\/eventos\/circuito-ambiental\/","title":{"rendered":"Circuito Ambiental"},"content":{"rendered":"<p>Ensinar de forma din\u00e2mica e pr\u00e1tica temas ligados \u00e0 preserva\u00e7\u00e3o ambiental, sa\u00fade e sustentabilidade.<\/p>\n","protected":false},"excerpt":{"rendered":"<p>Ensinar de forma din\u00e2mica e pr\u00e1tica temas ligados \u00e0 preserva\u00e7\u00e3o ambiental, sa\u00fade e sustentabilidade.<\/p>\n","protected":false},"author":2,"featured_media":0,"template":"","meta":{"_tribe_events_status":"","_tribe_events_status_reason":"","footnotes":""},"tags":[146],"tribe_events_cat":[130],"class_list":["post-2219","tribe_events","type-tribe_events","status-publish","hentry","tag-n-a","tribe_events_cat-outros","cat_outros"],"_links":{"self":[{"href":"https:\/\/viradasustentavel.org.br\/sao-paulo\/wp-json\/wp\/v2\/tribe_events\/2219","targetHints":{"allow":["GET"]}}],"collection":[{"href":"https:\/\/viradasustentavel.org.br\/sao-paulo\/wp-json\/wp\/v2\/tribe_events"}],"about":[{"href":"https:\/\/viradasustentavel.org.br\/sao-paulo\/wp-json\/wp\/v2\/types\/tribe_events"}],"author":[{"embeddable":true,"href":"https:\/\/viradasustentavel.org.br\/sao-paulo\/wp-json\/wp\/v2\/users\/2"}],"version-history":[{"count":0,"href":"https:\/\/viradasustentavel.org.br\/sao-paulo\/wp-json\/wp\/v2\/tribe_events\/2219\/revisions"}],"wp:attachment":[{"href":"https:\/\/viradasustentavel.org.br\/sao-paulo\/wp-json\/wp\/v2\/media?parent=2219"}],"wp:term":[{"taxonomy":"post_tag","embeddable":true,"href":"https:\/\/viradasustentavel.org.br\/sao-paulo\/wp-json\/wp\/v2\/tags?post=2219"},{"taxonomy":"tribe_events_cat","embeddable":true,"href":"https:\/\/viradasustentavel.org.br\/sao-paulo\/wp-json\/wp\/v2\/tribe_events_cat?post=2219"}],"curies":[{"name":"wp","href":"https:\/\/api.w.org\/{rel}","templated":true}]}}

<p>Ensinar de forma dinâmica e prática temas ligados à preservação ambiental, saúde e sustentabilidade.</p>
