{"id":2220,"date":"2025-09-12T20:51:49","date_gmt":"2025-09-12T23:51:49","guid":{"rendered":"https:\/\/viradasustentavel.org.br\/sao-paulo\/eventos\/oficina-de-instrumentos-musicais-com-reciclaveis\/"},"modified":"2025-09-12T20:51:49","modified_gmt":"2025-09-12T23:51:49","slug":"oficina-de-instrumentos-musicais-com-reciclaveis","status":"publish","type":"tribe_events","link":"https:\/\/viradasustentavel.org.br\/sao-paulo\/eventos\/oficina-de-instrumentos-musicais-com-reciclaveis\/","title":{"rendered":"Oficina de instrumentos musicais com recicl\u00e1veis"},"content":{"rendered":"<p>Ser\u00e1 realizada uma oficina de confec\u00e7\u00e3o de instrumentos musicais utilizando materiais recicl\u00e1veis, como tampinhas de garrafa, caixas de leite, latinhas, entre outros. Os participantes poder\u00e3o criar instrumentos como assalato e maracas. A atividade tem como objetivo estimular a criatividade e promover a conscientiza\u00e7\u00e3o ambiental, mostrando formas divertidas e educativas de reutilizar materiais e repensar o descarte.<\/p>\n","protected":false},"excerpt":{"rendered":"<p>Ser\u00e1 realizada uma oficina de confec\u00e7\u00e3o de instrumentos musicais utilizando materiais recicl\u00e1veis, como tampinhas de garrafa, caixas de leite, latinhas, entre outros. Os participantes poder\u00e3o criar instrumentos como assalato e [&hellip;]<\/p>\n","protected":false},"author":2,"featured_media":0,"template":"","meta":{"_tribe_events_status":"","_tribe_events_status_reason":"","footnotes":""},"tags":[157,156],"tribe_events_cat":[107],"class_list":["post-2220","tribe_events","type-tribe_events","status-publish","hentry","tag-alem-de-escadas-com-corrimaos-e-sinalizacao-visual-fita-amarela-para-auxiliar-na-identificacao-dos-degraus","tag-o-local-conta-com-elevador-acessivel-para-pessoas-com-mobilidade-reduzida","tribe_events_cat-oficina","cat_oficina"],"_links":{"self":[{"href":"https:\/\/viradasustentavel.org.br\/sao-paulo\/wp-json\/wp\/v2\/tribe_events\/2220","targetHints":{"allow":["GET"]}}],"collection":[{"href":"https:\/\/viradasustentavel.org.br\/sao-paulo\/wp-json\/wp\/v2\/tribe_events"}],"about":[{"href":"https:\/\/viradasustentavel.org.br\/sao-paulo\/wp-json\/wp\/v2\/types\/tribe_events"}],"author":[{"embeddable":true,"href":"https:\/\/viradasustentavel.org.br\/sao-paulo\/wp-json\/wp\/v2\/users\/2"}],"version-history":[{"count":0,"href":"https:\/\/viradasustentavel.org.br\/sao-paulo\/wp-json\/wp\/v2\/tribe_events\/2220\/revisions"}],"wp:attachment":[{"href":"https:\/\/viradasustentavel.org.br\/sao-paulo\/wp-json\/wp\/v2\/media?parent=2220"}],"wp:term":[{"taxonomy":"post_tag","embeddable":true,"href":"https:\/\/viradasustentavel.org.br\/sao-paulo\/wp-json\/wp\/v2\/tags?post=2220"},{"taxonomy":"tribe_events_cat","embeddable":true,"href":"https:\/\/viradasustentavel.org.br\/sao-paulo\/wp-json\/wp\/v2\/tribe_events_cat?post=2220"}],"curies":[{"name":"wp","href":"https:\/\/api.w.org\/{rel}","templated":true}]}}

Oficina de instrumentos musicais com recicláveis

<p>Será realizada uma oficina de confecção de instrumentos musicais utilizando materiais recicláveis, como tampinhas de garrafa, caixas de leite, latinhas, entre outros. Os participantes poderão criar instrumentos como assalato e maracas. A atividade tem como objetivo estimular a criatividade e promover a conscientização ambiental, mostrando formas divertidas e educativas de reutilizar materiais e repensar o descarte.</p>

<p>Será realizada uma oficina de confecção de instrumentos musicais utilizando materiais recicláveis, como tampinhas de garrafa, caixas de leite, latinhas, entre outros. Os participantes poderão criar instrumentos como assalato e [&hellip;]</p>
