{"id":2223,"date":"2025-09-12T20:51:51","date_gmt":"2025-09-12T23:51:51","guid":{"rendered":"https:\/\/viradasustentavel.org.br\/sao-paulo\/eventos\/oficina-vaso-garrafa-de-vidro\/"},"modified":"2025-09-12T20:51:51","modified_gmt":"2025-09-12T23:51:51","slug":"oficina-vaso-garrafa-de-vidro","status":"publish","type":"tribe_events","link":"https:\/\/viradasustentavel.org.br\/sao-paulo\/eventos\/oficina-vaso-garrafa-de-vidro\/","title":{"rendered":"Oficina \u2013 Vaso Garrafa de Vidro"},"content":{"rendered":"<p>Ser\u00e1 realizada uma oficina pr\u00e1tica de confec\u00e7\u00e3o de vasos utilizando garrafas de vidro, voltada ao grupo de idosos. Durante a atividade, ser\u00e1 abordada a import\u00e2ncia da reciclagem do vidro, seus benef\u00edcios ambientais e os cuidados necess\u00e1rios no descarte para evitar acidentes com coletores. Tamb\u00e9m ser\u00e1 apresentada uma palestra sobre o reaproveitamento do vidro como recurso sustent\u00e1vel.<\/p>\n","protected":false},"excerpt":{"rendered":"<p>Ser\u00e1 realizada uma oficina pr\u00e1tica de confec\u00e7\u00e3o de vasos utilizando garrafas de vidro, voltada ao grupo de idosos. Durante a atividade, ser\u00e1 abordada a import\u00e2ncia da reciclagem do vidro, seus [&hellip;]<\/p>\n","protected":false},"author":2,"featured_media":0,"template":"","meta":{"_tribe_events_status":"","_tribe_events_status_reason":"","footnotes":""},"tags":[159,158],"tribe_events_cat":[107],"class_list":["post-2223","tribe_events","type-tribe_events","status-publish","hentry","tag-considerando-a-faixa-etaria-e-as-condicoes-fisicas-dos-participantes","tag-o-local-esta-de-acordo-com-o-padrao-de-acessibilidade","tribe_events_cat-oficina","cat_oficina"],"_links":{"self":[{"href":"https:\/\/viradasustentavel.org.br\/sao-paulo\/wp-json\/wp\/v2\/tribe_events\/2223","targetHints":{"allow":["GET"]}}],"collection":[{"href":"https:\/\/viradasustentavel.org.br\/sao-paulo\/wp-json\/wp\/v2\/tribe_events"}],"about":[{"href":"https:\/\/viradasustentavel.org.br\/sao-paulo\/wp-json\/wp\/v2\/types\/tribe_events"}],"author":[{"embeddable":true,"href":"https:\/\/viradasustentavel.org.br\/sao-paulo\/wp-json\/wp\/v2\/users\/2"}],"version-history":[{"count":0,"href":"https:\/\/viradasustentavel.org.br\/sao-paulo\/wp-json\/wp\/v2\/tribe_events\/2223\/revisions"}],"wp:attachment":[{"href":"https:\/\/viradasustentavel.org.br\/sao-paulo\/wp-json\/wp\/v2\/media?parent=2223"}],"wp:term":[{"taxonomy":"post_tag","embeddable":true,"href":"https:\/\/viradasustentavel.org.br\/sao-paulo\/wp-json\/wp\/v2\/tags?post=2223"},{"taxonomy":"tribe_events_cat","embeddable":true,"href":"https:\/\/viradasustentavel.org.br\/sao-paulo\/wp-json\/wp\/v2\/tribe_events_cat?post=2223"}],"curies":[{"name":"wp","href":"https:\/\/api.w.org\/{rel}","templated":true}]}}

<p>Será realizada uma oficina prática de confecção de vasos utilizando garrafas de vidro, voltada ao grupo de idosos. Durante a atividade, será abordada a importância da reciclagem do vidro, seus benefícios ambientais e os cuidados necessários no descarte para evitar acidentes com coletores. Também será apresentada uma palestra sobre o reaproveitamento do vidro como recurso sustentável.</p>

<p>Será realizada uma oficina prática de confecção de vasos utilizando garrafas de vidro, voltada ao grupo de idosos. Durante a atividade, será abordada a importância da reciclagem do vidro, seus [&hellip;]</p>
