{"id":2236,"date":"2025-09-12T20:52:34","date_gmt":"2025-09-12T23:52:34","guid":{"rendered":"https:\/\/viradasustentavel.org.br\/sao-paulo\/eventos\/mesa-expositiva-sobre-residuos-e-distribuicao-de-sementes-de-girassol\/"},"modified":"2025-09-12T20:52:34","modified_gmt":"2025-09-12T23:52:34","slug":"mesa-expositiva-sobre-residuos-e-distribuicao-de-sementes-de-girassol","status":"publish","type":"tribe_events","link":"https:\/\/viradasustentavel.org.br\/sao-paulo\/eventos\/mesa-expositiva-sobre-residuos-e-distribuicao-de-sementes-de-girassol\/","title":{"rendered":"Mesa Expositiva sobre res\u00edduos e distribui\u00e7\u00e3o de sementes de girassol"},"content":{"rendered":"<p>Mesa e cavalete expositor com orienta\u00e7\u00f5es sobre coleta seletiva e distribui\u00e7\u00e3o de Sementes de Girassol.<\/p>\n","protected":false},"excerpt":{"rendered":"<p>Mesa e cavalete expositor com orienta\u00e7\u00f5es sobre coleta seletiva e distribui\u00e7\u00e3o de Sementes de Girassol.<\/p>\n","protected":false},"author":2,"featured_media":0,"template":"","meta":{"_tribe_events_status":"","_tribe_events_status_reason":"","footnotes":""},"tags":[146],"tribe_events_cat":[122],"class_list":["post-2236","tribe_events","type-tribe_events","status-publish","hentry","tag-n-a","tribe_events_cat-talks","cat_talks"],"_links":{"self":[{"href":"https:\/\/viradasustentavel.org.br\/sao-paulo\/wp-json\/wp\/v2\/tribe_events\/2236","targetHints":{"allow":["GET"]}}],"collection":[{"href":"https:\/\/viradasustentavel.org.br\/sao-paulo\/wp-json\/wp\/v2\/tribe_events"}],"about":[{"href":"https:\/\/viradasustentavel.org.br\/sao-paulo\/wp-json\/wp\/v2\/types\/tribe_events"}],"author":[{"embeddable":true,"href":"https:\/\/viradasustentavel.org.br\/sao-paulo\/wp-json\/wp\/v2\/users\/2"}],"version-history":[{"count":0,"href":"https:\/\/viradasustentavel.org.br\/sao-paulo\/wp-json\/wp\/v2\/tribe_events\/2236\/revisions"}],"wp:attachment":[{"href":"https:\/\/viradasustentavel.org.br\/sao-paulo\/wp-json\/wp\/v2\/media?parent=2236"}],"wp:term":[{"taxonomy":"post_tag","embeddable":true,"href":"https:\/\/viradasustentavel.org.br\/sao-paulo\/wp-json\/wp\/v2\/tags?post=2236"},{"taxonomy":"tribe_events_cat","embeddable":true,"href":"https:\/\/viradasustentavel.org.br\/sao-paulo\/wp-json\/wp\/v2\/tribe_events_cat?post=2236"}],"curies":[{"name":"wp","href":"https:\/\/api.w.org\/{rel}","templated":true}]}}

Mesa Expositiva sobre resíduos e distribuição de sementes de girassol

<p>Mesa e cavalete expositor com orientações sobre coleta seletiva e distribuição de Sementes de Girassol.</p>
